{"id":10947,"date":"2022-06-23T12:43:08","date_gmt":"2022-06-23T10:43:08","guid":{"rendered":"https:\/\/ultraviolet.work\/_commercelocal\/project\/conni-kaminski\/"},"modified":"2022-06-23T12:43:08","modified_gmt":"2022-06-23T10:43:08","slug":"conni-kaminski","status":"publish","type":"project","link":"https:\/\/ultraviolet.work\/_commercelocal\/project\/conni-kaminski\/","title":{"rendered":"Conni Kaminski"},"content":{"rendered":"<h2>Conni Kaminski<\/h2>\n<h5>V\u00eatements<\/h5>\n<h4>Rue du March\u00e9 au Charbon 102, 1000 Bruxelles<\/h4>\n<h6><a href=\"https:\/\/www.connikaminski.com\/?lang=fr\" target=\"_blank\" rel=\"noopener\">https:\/\/www.connikaminski.com\/?lang=fr<\/a><\/h6>\n<p>Conni Kaminsky est une marque \u00e9thique et durable de v\u00eatements f\u00e9minins 100 % fabriqu\u00e9s en Belgique. D\u2019\u00e9l\u00e9gants drap\u00e9s asym\u00e9triques et d\u00e9construits font la part belle aux contrastes et \u00e0 l\u2019upcycling. Les mati\u00e8res sont naturelles et de qualit\u00e9 sup\u00e9rieure. \u00c0 l\u2019atelier et la boutique vient s\u2019ajouter un e-shop o\u00f9 l\u2019on peut d\u00e9couvrir l\u2019univers chic et d\u00e9cal\u00e9 de la marque.<\/p>\n","protected":false},"excerpt":{"rendered":"<p>Conni Kaminski V\u00eatements Rue du March\u00e9 au Charbon 102, 1000 Bruxelles https:\/\/www.connikaminski.com\/?lang=fr Conni Kaminsky est une marque \u00e9thique et durable de v\u00eatements f\u00e9minins 100 % fabriqu\u00e9s en Belgique. D\u2019\u00e9l\u00e9gants drap\u00e9s asym\u00e9triques et d\u00e9construits font la part belle aux contrastes et \u00e0 l\u2019upcycling. Les mati\u00e8res sont naturelles et de qualit\u00e9 sup\u00e9rieure. \u00c0 l\u2019atelier et la boutique [&hellip;]<\/p>\n","protected":false},"author":5,"featured_media":12488,"comment_status":"closed","ping_status":"closed","template":"","meta":{"_et_pb_use_builder":"","_et_pb_old_content":"","_et_gb_content_width":"","inline_featured_image":false,"footnotes":""},"project_category":[544],"project_tag":[],"wf_project_folders":[386],"class_list":["post-10947","project","type-project","status-publish","has-post-thumbnail","hentry","project_category-vetements"],"yoast_head":"<!-- This site is optimized with the Yoast SEO plugin v27.5 - https:\/\/yoast.com\/product\/yoast-seo-wordpress\/ -->\n<title>Conni Kaminski - Le commerce local \u00e0 Bruxelles<\/title>\n<meta name=\"robots\" content=\"noindex, follow\" \/>\n<meta property=\"og:locale\" content=\"fr_FR\" \/>\n<meta property=\"og:type\" content=\"article\" \/>\n<meta property=\"og:title\" content=\"Conni Kaminski - Le commerce local \u00e0 Bruxelles\" \/>\n<meta property=\"og:description\" content=\"Conni Kaminski V\u00eatements Rue du March\u00e9 au Charbon 102, 1000 Bruxelles https:\/\/www.connikaminski.com\/?lang=fr Conni Kaminsky est une marque \u00e9thique et durable de v\u00eatements f\u00e9minins 100 % fabriqu\u00e9s en Belgique. D\u2019\u00e9l\u00e9gants drap\u00e9s asym\u00e9triques et d\u00e9construits font la part belle aux contrastes et \u00e0 l\u2019upcycling. Les mati\u00e8res sont naturelles et de qualit\u00e9 sup\u00e9rieure. \u00c0 l\u2019atelier et la boutique [&hellip;]\" \/>\n<meta property=\"og:url\" content=\"https:\/\/ultraviolet.work\/_commercelocal\/project\/conni-kaminski\/\" \/>\n<meta property=\"og:site_name\" content=\"Le commerce local \u00e0 Bruxelles\" \/>\n<meta property=\"article:publisher\" content=\"https:\/\/www.facebook.com\/ishopinbrussels\/\" \/>\n<meta property=\"og:image\" content=\"https:\/\/ultraviolet.work\/_commercelocal\/wp-content\/uploads\/2022\/06\/conni-kaminski-800.jpeg\" \/>\n\t<meta property=\"og:image:width\" content=\"2000\" \/>\n\t<meta property=\"og:image:height\" content=\"2000\" \/>\n\t<meta property=\"og:image:type\" content=\"image\/jpeg\" \/>\n<meta name=\"twitter:card\" content=\"summary_large_image\" \/>\n<script type=\"application\/ld+json\" class=\"yoast-schema-graph\">{\"@context\":\"https:\\\/\\\/schema.org\",\"@graph\":[{\"@type\":\"WebPage\",\"@id\":\"https:\\\/\\\/ultraviolet.work\\\/_commercelocal\\\/project\\\/conni-kaminski\\\/\",\"url\":\"https:\\\/\\\/ultraviolet.work\\\/_commercelocal\\\/project\\\/conni-kaminski\\\/\",\"name\":\"Conni Kaminski - Le commerce local \u00e0 Bruxelles\",\"isPartOf\":{\"@id\":\"https:\\\/\\\/ultraviolet.work\\\/_commercelocal\\\/#website\"},\"primaryImageOfPage\":{\"@id\":\"https:\\\/\\\/ultraviolet.work\\\/_commercelocal\\\/project\\\/conni-kaminski\\\/#primaryimage\"},\"image\":{\"@id\":\"https:\\\/\\\/ultraviolet.work\\\/_commercelocal\\\/project\\\/conni-kaminski\\\/#primaryimage\"},\"thumbnailUrl\":\"https:\\\/\\\/ultraviolet.work\\\/_commercelocal\\\/wp-content\\\/uploads\\\/2022\\\/06\\\/conni-kaminski-800.jpeg\",\"datePublished\":\"2022-06-23T10:43:08+00:00\",\"breadcrumb\":{\"@id\":\"https:\\\/\\\/ultraviolet.work\\\/_commercelocal\\\/project\\\/conni-kaminski\\\/#breadcrumb\"},\"inLanguage\":\"fr-FR\",\"potentialAction\":[{\"@type\":\"ReadAction\",\"target\":[\"https:\\\/\\\/ultraviolet.work\\\/_commercelocal\\\/project\\\/conni-kaminski\\\/\"]}]},{\"@type\":\"ImageObject\",\"inLanguage\":\"fr-FR\",\"@id\":\"https:\\\/\\\/ultraviolet.work\\\/_commercelocal\\\/project\\\/conni-kaminski\\\/#primaryimage\",\"url\":\"https:\\\/\\\/ultraviolet.work\\\/_commercelocal\\\/wp-content\\\/uploads\\\/2022\\\/06\\\/conni-kaminski-800.jpeg\",\"contentUrl\":\"https:\\\/\\\/ultraviolet.work\\\/_commercelocal\\\/wp-content\\\/uploads\\\/2022\\\/06\\\/conni-kaminski-800.jpeg\",\"width\":2000,\"height\":2000},{\"@type\":\"BreadcrumbList\",\"@id\":\"https:\\\/\\\/ultraviolet.work\\\/_commercelocal\\\/project\\\/conni-kaminski\\\/#breadcrumb\",\"itemListElement\":[{\"@type\":\"ListItem\",\"position\":1,\"name\":\"Accueil\",\"item\":\"https:\\\/\\\/ultraviolet.work\\\/_commercelocal\\\/\"},{\"@type\":\"ListItem\",\"position\":2,\"name\":\"Projets\",\"item\":\"https:\\\/\\\/ultraviolet.work\\\/_commercelocal\\\/project\\\/\"},{\"@type\":\"ListItem\",\"position\":3,\"name\":\"Conni Kaminski\"}]},{\"@type\":\"WebSite\",\"@id\":\"https:\\\/\\\/ultraviolet.work\\\/_commercelocal\\\/#website\",\"url\":\"https:\\\/\\\/ultraviolet.work\\\/_commercelocal\\\/\",\"name\":\"Le commerce local \u00e0 Bruxelles\",\"description\":\"\",\"publisher\":{\"@id\":\"https:\\\/\\\/ultraviolet.work\\\/_commercelocal\\\/#organization\"},\"potentialAction\":[{\"@type\":\"SearchAction\",\"target\":{\"@type\":\"EntryPoint\",\"urlTemplate\":\"https:\\\/\\\/ultraviolet.work\\\/_commercelocal\\\/?s={search_term_string}\"},\"query-input\":{\"@type\":\"PropertyValueSpecification\",\"valueRequired\":true,\"valueName\":\"search_term_string\"}}],\"inLanguage\":\"fr-FR\"},{\"@type\":\"Organization\",\"@id\":\"https:\\\/\\\/ultraviolet.work\\\/_commercelocal\\\/#organization\",\"name\":\"Le commerce local \u00e0 Bruxelles - I shop in Brussels\",\"url\":\"https:\\\/\\\/ultraviolet.work\\\/_commercelocal\\\/\",\"logo\":{\"@type\":\"ImageObject\",\"inLanguage\":\"fr-FR\",\"@id\":\"https:\\\/\\\/ultraviolet.work\\\/_commercelocal\\\/#\\\/schema\\\/logo\\\/image\\\/\",\"url\":\"https:\\\/\\\/ultraviolet.work\\\/_commercelocal\\\/wp-content\\\/uploads\\\/2020\\\/11\\\/IShopBrussels_w400.png\",\"contentUrl\":\"https:\\\/\\\/ultraviolet.work\\\/_commercelocal\\\/wp-content\\\/uploads\\\/2020\\\/11\\\/IShopBrussels_w400.png\",\"width\":400,\"height\":200,\"caption\":\"Le commerce local \u00e0 Bruxelles - I shop in Brussels\"},\"image\":{\"@id\":\"https:\\\/\\\/ultraviolet.work\\\/_commercelocal\\\/#\\\/schema\\\/logo\\\/image\\\/\"},\"sameAs\":[\"https:\\\/\\\/www.facebook.com\\\/ishopinbrussels\\\/\"]}]}<\/script>\n<!-- \/ Yoast SEO plugin. -->","yoast_head_json":{"title":"Conni Kaminski - Le commerce local \u00e0 Bruxelles","robots":{"index":"noindex","follow":"follow"},"og_locale":"fr_FR","og_type":"article","og_title":"Conni Kaminski - Le commerce local \u00e0 Bruxelles","og_description":"Conni Kaminski V\u00eatements Rue du March\u00e9 au Charbon 102, 1000 Bruxelles https:\/\/www.connikaminski.com\/?lang=fr Conni Kaminsky est une marque \u00e9thique et durable de v\u00eatements f\u00e9minins 100 % fabriqu\u00e9s en Belgique. D\u2019\u00e9l\u00e9gants drap\u00e9s asym\u00e9triques et d\u00e9construits font la part belle aux contrastes et \u00e0 l\u2019upcycling. Les mati\u00e8res sont naturelles et de qualit\u00e9 sup\u00e9rieure. \u00c0 l\u2019atelier et la boutique [&hellip;]","og_url":"https:\/\/ultraviolet.work\/_commercelocal\/project\/conni-kaminski\/","og_site_name":"Le commerce local \u00e0 Bruxelles","article_publisher":"https:\/\/www.facebook.com\/ishopinbrussels\/","og_image":[{"width":2000,"height":2000,"url":"https:\/\/ultraviolet.work\/_commercelocal\/wp-content\/uploads\/2022\/06\/conni-kaminski-800.jpeg","type":"image\/jpeg"}],"twitter_card":"summary_large_image","schema":{"@context":"https:\/\/schema.org","@graph":[{"@type":"WebPage","@id":"https:\/\/ultraviolet.work\/_commercelocal\/project\/conni-kaminski\/","url":"https:\/\/ultraviolet.work\/_commercelocal\/project\/conni-kaminski\/","name":"Conni Kaminski - Le commerce local \u00e0 Bruxelles","isPartOf":{"@id":"https:\/\/ultraviolet.work\/_commercelocal\/#website"},"primaryImageOfPage":{"@id":"https:\/\/ultraviolet.work\/_commercelocal\/project\/conni-kaminski\/#primaryimage"},"image":{"@id":"https:\/\/ultraviolet.work\/_commercelocal\/project\/conni-kaminski\/#primaryimage"},"thumbnailUrl":"https:\/\/ultraviolet.work\/_commercelocal\/wp-content\/uploads\/2022\/06\/conni-kaminski-800.jpeg","datePublished":"2022-06-23T10:43:08+00:00","breadcrumb":{"@id":"https:\/\/ultraviolet.work\/_commercelocal\/project\/conni-kaminski\/#breadcrumb"},"inLanguage":"fr-FR","potentialAction":[{"@type":"ReadAction","target":["https:\/\/ultraviolet.work\/_commercelocal\/project\/conni-kaminski\/"]}]},{"@type":"ImageObject","inLanguage":"fr-FR","@id":"https:\/\/ultraviolet.work\/_commercelocal\/project\/conni-kaminski\/#primaryimage","url":"https:\/\/ultraviolet.work\/_commercelocal\/wp-content\/uploads\/2022\/06\/conni-kaminski-800.jpeg","contentUrl":"https:\/\/ultraviolet.work\/_commercelocal\/wp-content\/uploads\/2022\/06\/conni-kaminski-800.jpeg","width":2000,"height":2000},{"@type":"BreadcrumbList","@id":"https:\/\/ultraviolet.work\/_commercelocal\/project\/conni-kaminski\/#breadcrumb","itemListElement":[{"@type":"ListItem","position":1,"name":"Accueil","item":"https:\/\/ultraviolet.work\/_commercelocal\/"},{"@type":"ListItem","position":2,"name":"Projets","item":"https:\/\/ultraviolet.work\/_commercelocal\/project\/"},{"@type":"ListItem","position":3,"name":"Conni Kaminski"}]},{"@type":"WebSite","@id":"https:\/\/ultraviolet.work\/_commercelocal\/#website","url":"https:\/\/ultraviolet.work\/_commercelocal\/","name":"Le commerce local \u00e0 Bruxelles","description":"","publisher":{"@id":"https:\/\/ultraviolet.work\/_commercelocal\/#organization"},"potentialAction":[{"@type":"SearchAction","target":{"@type":"EntryPoint","urlTemplate":"https:\/\/ultraviolet.work\/_commercelocal\/?s={search_term_string}"},"query-input":{"@type":"PropertyValueSpecification","valueRequired":true,"valueName":"search_term_string"}}],"inLanguage":"fr-FR"},{"@type":"Organization","@id":"https:\/\/ultraviolet.work\/_commercelocal\/#organization","name":"Le commerce local \u00e0 Bruxelles - I shop in Brussels","url":"https:\/\/ultraviolet.work\/_commercelocal\/","logo":{"@type":"ImageObject","inLanguage":"fr-FR","@id":"https:\/\/ultraviolet.work\/_commercelocal\/#\/schema\/logo\/image\/","url":"https:\/\/ultraviolet.work\/_commercelocal\/wp-content\/uploads\/2020\/11\/IShopBrussels_w400.png","contentUrl":"https:\/\/ultraviolet.work\/_commercelocal\/wp-content\/uploads\/2020\/11\/IShopBrussels_w400.png","width":400,"height":200,"caption":"Le commerce local \u00e0 Bruxelles - I shop in Brussels"},"image":{"@id":"https:\/\/ultraviolet.work\/_commercelocal\/#\/schema\/logo\/image\/"},"sameAs":["https:\/\/www.facebook.com\/ishopinbrussels\/"]}]}},"_links":{"self":[{"href":"https:\/\/ultraviolet.work\/_commercelocal\/wp-json\/wp\/v2\/project\/10947","targetHints":{"allow":["GET"]}}],"collection":[{"href":"https:\/\/ultraviolet.work\/_commercelocal\/wp-json\/wp\/v2\/project"}],"about":[{"href":"https:\/\/ultraviolet.work\/_commercelocal\/wp-json\/wp\/v2\/types\/project"}],"author":[{"embeddable":true,"href":"https:\/\/ultraviolet.work\/_commercelocal\/wp-json\/wp\/v2\/users\/5"}],"replies":[{"embeddable":true,"href":"https:\/\/ultraviolet.work\/_commercelocal\/wp-json\/wp\/v2\/comments?post=10947"}],"version-history":[{"count":0,"href":"https:\/\/ultraviolet.work\/_commercelocal\/wp-json\/wp\/v2\/project\/10947\/revisions"}],"wp:featuredmedia":[{"embeddable":true,"href":"https:\/\/ultraviolet.work\/_commercelocal\/wp-json\/wp\/v2\/media\/12488"}],"wp:attachment":[{"href":"https:\/\/ultraviolet.work\/_commercelocal\/wp-json\/wp\/v2\/media?parent=10947"}],"wp:term":[{"taxonomy":"project_category","embeddable":true,"href":"https:\/\/ultraviolet.work\/_commercelocal\/wp-json\/wp\/v2\/project_category?post=10947"},{"taxonomy":"project_tag","embeddable":true,"href":"https:\/\/ultraviolet.work\/_commercelocal\/wp-json\/wp\/v2\/project_tag?post=10947"},{"taxonomy":"wf_project_folders","embeddable":true,"href":"https:\/\/ultraviolet.work\/_commercelocal\/wp-json\/wp\/v2\/wf_project_folders?post=10947"}],"curies":[{"name":"wp","href":"https:\/\/api.w.org\/{rel}","templated":true}]}}

<h2>Conni Kaminski</h2>
<h5>Vêtements</h5>
<h4>Rue du Marché au Charbon 102, 1000 Bruxelles</h4>
<h6><a href="https://www.connikaminski.com/?lang=fr" target="_blank" rel="noopener">https://www.connikaminski.com/?lang=fr</a></h6>
<p>Conni Kaminsky est une marque éthique et durable de vêtements féminins 100 % fabriqués en Belgique. D’élégants drapés asymétriques et déconstruits font la part belle aux contrastes et à l’upcycling. Les matières sont naturelles et de qualité supérieure. À l’atelier et la boutique vient s’ajouter un e-shop où l’on peut découvrir l’univers chic et décalé de la marque.</p>

<p>Conni Kaminski Vêtements Rue du Marché au Charbon 102, 1000 Bruxelles https://www.connikaminski.com/?lang=fr Conni Kaminsky est une marque éthique et durable de vêtements féminins 100 % fabriqués en Belgique. D’élégants drapés asymétriques et déconstruits font la part belle aux contrastes et à l’upcycling. Les matières sont naturelles et de qualité supérieure. À l’atelier et la boutique [&hellip;]</p>

<!-- This site is optimized with the Yoast SEO plugin v27.5 - https://yoast.com/product/yoast-seo-wordpress/ -->
<title>Conni Kaminski - Le commerce local à Bruxelles</title>
<meta name="robots" content="noindex, follow" />
<meta property="og:locale" content="fr_FR" />
<meta property="og:type" content="article" />
<meta property="og:title" content="Conni Kaminski - Le commerce local à Bruxelles" />
<meta property="og:description" content="Conni Kaminski Vêtements Rue du Marché au Charbon 102, 1000 Bruxelles https://www.connikaminski.com/?lang=fr Conni Kaminsky est une marque éthique et durable de vêtements féminins 100 % fabriqués en Belgique. D’élégants drapés asymétriques et déconstruits font la part belle aux contrastes et à l’upcycling. Les matières sont naturelles et de qualité supérieure. À l’atelier et la boutique [&hellip;]" />
<meta property="og:url" content="https://ultraviolet.work/_commercelocal/project/conni-kaminski/" />
<meta property="og:site_name" content="Le commerce local à Bruxelles" />
<meta property="article:publisher" content="https://www.facebook.com/ishopinbrussels/" />
<meta property="og:image" content="https://ultraviolet.work/_commercelocal/wp-content/uploads/2022/06/conni-kaminski-800.jpeg" />
	<meta property="og:image:width" content="2000" />
	<meta property="og:image:height" content="2000" />
	<meta property="og:image:type" content="image/jpeg" />
<meta name="twitter:card" content="summary_large_image" />
<script type="application/ld+json" class="yoast-schema-graph">{"@context":"https:\/\/schema.org","@graph":[{"@type":"WebPage","@id":"https:\/\/ultraviolet.work\/_commercelocal\/project\/conni-kaminski\/","url":"https:\/\/ultraviolet.work\/_commercelocal\/project\/conni-kaminski\/","name":"Conni Kaminski - Le commerce local à Bruxelles","isPartOf":{"@id":"https:\/\/ultraviolet.work\/_commercelocal\/#website"},"primaryImageOfPage":{"@id":"https:\/\/ultraviolet.work\/_commercelocal\/project\/conni-kaminski\/#primaryimage"},"image":{"@id":"https:\/\/ultraviolet.work\/_commercelocal\/project\/conni-kaminski\/#primaryimage"},"thumbnailUrl":"https:\/\/ultraviolet.work\/_commercelocal\/wp-content\/uploads\/2022\/06\/conni-kaminski-800.jpeg","datePublished":"2022-06-23T10:43:08+00:00","breadcrumb":{"@id":"https:\/\/ultraviolet.work\/_commercelocal\/project\/conni-kaminski\/#breadcrumb"},"inLanguage":"fr-FR","potentialAction":[{"@type":"ReadAction","target":["https:\/\/ultraviolet.work\/_commercelocal\/project\/conni-kaminski\/"]}]},{"@type":"ImageObject","inLanguage":"fr-FR","@id":"https:\/\/ultraviolet.work\/_commercelocal\/project\/conni-kaminski\/#primaryimage","url":"https:\/\/ultraviolet.work\/_commercelocal\/wp-content\/uploads\/2022\/06\/conni-kaminski-800.jpeg","contentUrl":"https:\/\/ultraviolet.work\/_commercelocal\/wp-content\/uploads\/2022\/06\/conni-kaminski-800.jpeg","width":2000,"height":2000},{"@type":"BreadcrumbList","@id":"https:\/\/ultraviolet.work\/_commercelocal\/project\/conni-kaminski\/#breadcrumb","itemListElement":[{"@type":"ListItem","position":1,"name":"Accueil","item":"https:\/\/ultraviolet.work\/_commercelocal\/"},{"@type":"ListItem","position":2,"name":"Projets","item":"https:\/\/ultraviolet.work\/_commercelocal\/project\/"},{"@type":"ListItem","position":3,"name":"Conni Kaminski"}]},{"@type":"WebSite","@id":"https:\/\/ultraviolet.work\/_commercelocal\/#website","url":"https:\/\/ultraviolet.work\/_commercelocal\/","name":"Le commerce local à Bruxelles","description":"","publisher":{"@id":"https:\/\/ultraviolet.work\/_commercelocal\/#organization"},"potentialAction":[{"@type":"SearchAction","target":{"@type":"EntryPoint","urlTemplate":"https:\/\/ultraviolet.work\/_commercelocal\/?s={search_term_string}"},"query-input":{"@type":"PropertyValueSpecification","valueRequired":true,"valueName":"search_term_string"}}],"inLanguage":"fr-FR"},{"@type":"Organization","@id":"https:\/\/ultraviolet.work\/_commercelocal\/#organization","name":"Le commerce local à Bruxelles - I shop in Brussels","url":"https:\/\/ultraviolet.work\/_commercelocal\/","logo":{"@type":"ImageObject","inLanguage":"fr-FR","@id":"https:\/\/ultraviolet.work\/_commercelocal\/#\/schema\/logo\/image\/","url":"https:\/\/ultraviolet.work\/_commercelocal\/wp-content\/uploads\/2020\/11\/IShopBrussels_w400.png","contentUrl":"https:\/\/ultraviolet.work\/_commercelocal\/wp-content\/uploads\/2020\/11\/IShopBrussels_w400.png","width":400,"height":200,"caption":"Le commerce local à Bruxelles - I shop in Brussels"},"image":{"@id":"https:\/\/ultraviolet.work\/_commercelocal\/#\/schema\/logo\/image\/"},"sameAs":["https:\/\/www.facebook.com\/ishopinbrussels\/"]}]}</script>
<!-- / Yoast SEO plugin. -->

Conni Kaminski - Le commerce local à Bruxelles

Conni Kaminski Vêtements Rue du Marché au Charbon 102, 1000 Bruxelles https://www.connikaminski.com/?lang=fr Conni Kaminsky est une marque éthique et durable de vêtements féminins 100 % fabriqués en Belgique. D’élégants drapés asymétriques et déconstruits font la part belle aux contrastes et à l’upcycling. Les matières sont naturelles et de qualité supérieure. À l’atelier et la boutique [&hellip;]

Le commerce local à Bruxelles

Le commerce local à Bruxelles - I shop in Brussels
