{"id":11078,"date":"2022-06-23T12:47:28","date_gmt":"2022-06-23T10:47:28","guid":{"rendered":"https:\/\/ultraviolet.work\/_commercelocal\/project\/herards-opticien\/"},"modified":"2022-06-23T12:47:28","modified_gmt":"2022-06-23T10:47:28","slug":"herards-opticien","status":"publish","type":"project","link":"https:\/\/ultraviolet.work\/_commercelocal\/project\/herards-opticien\/","title":{"rendered":"Herard&rsquo;S Opticien"},"content":{"rendered":"<h2>Herard&rsquo;S Opticien<\/h2>\n<h5>Commerce sp\u00e9cialis\u00e9<\/h5>\n<h4>Rue de Namur, 79, 1000 Bruxelles<\/h4>\n<h6><a href=\"https:\/\/www.herards.com\/\" target=\"_blank\" rel=\"noopener\">https:\/\/www.herards.com\/<\/a><\/h6>\n<p>La boutique cr\u00e9\u00e9e par Xavier Herard propose une s\u00e9lection de pr\u00e8s de 1000\u00a0paires de lunettes, tous styles confondus. Des marques de qualit\u00e9, parmi les cr\u00e9ateurs et designers de r\u00e9f\u00e9rence, telle que la griffe US r\u00e9tro-chic Barton Perreira. Et le choix des meilleurs verriers, garanties d\u2019une vision parfaite.<\/p>\n","protected":false},"excerpt":{"rendered":"<p>Herard&rsquo;S Opticien Commerce sp\u00e9cialis\u00e9 Rue de Namur, 79, 1000 Bruxelles https:\/\/www.herards.com\/ La boutique cr\u00e9\u00e9e par Xavier Herard propose une s\u00e9lection de pr\u00e8s de 1000\u00a0paires de lunettes, tous styles confondus. Des marques de qualit\u00e9, parmi les cr\u00e9ateurs et designers de r\u00e9f\u00e9rence, telle que la griffe US r\u00e9tro-chic Barton Perreira. Et le choix des meilleurs verriers, garanties [&hellip;]<\/p>\n","protected":false},"author":5,"featured_media":12513,"comment_status":"closed","ping_status":"closed","template":"","meta":{"_et_pb_use_builder":"","_et_pb_old_content":"","_et_gb_content_width":"","inline_featured_image":false,"footnotes":""},"project_category":[558],"project_tag":[],"wf_project_folders":[386],"class_list":["post-11078","project","type-project","status-publish","has-post-thumbnail","hentry","project_category-commerce-specialise"],"yoast_head":"<!-- This site is optimized with the Yoast SEO plugin v27.5 - https:\/\/yoast.com\/product\/yoast-seo-wordpress\/ -->\n<title>Herard&#039;S Opticien - Le commerce local \u00e0 Bruxelles<\/title>\n<meta name=\"robots\" content=\"noindex, follow\" \/>\n<meta property=\"og:locale\" content=\"fr_FR\" \/>\n<meta property=\"og:type\" content=\"article\" \/>\n<meta property=\"og:title\" content=\"Herard&#039;S Opticien - Le commerce local \u00e0 Bruxelles\" \/>\n<meta property=\"og:description\" content=\"Herard&rsquo;S Opticien Commerce sp\u00e9cialis\u00e9 Rue de Namur, 79, 1000 Bruxelles https:\/\/www.herards.com\/ La boutique cr\u00e9\u00e9e par Xavier Herard propose une s\u00e9lection de pr\u00e8s de 1000\u00a0paires de lunettes, tous styles confondus. Des marques de qualit\u00e9, parmi les cr\u00e9ateurs et designers de r\u00e9f\u00e9rence, telle que la griffe US r\u00e9tro-chic Barton Perreira. Et le choix des meilleurs verriers, garanties [&hellip;]\" \/>\n<meta property=\"og:url\" content=\"https:\/\/ultraviolet.work\/_commercelocal\/project\/herards-opticien\/\" \/>\n<meta property=\"og:site_name\" content=\"Le commerce local \u00e0 Bruxelles\" \/>\n<meta property=\"article:publisher\" content=\"https:\/\/www.facebook.com\/ishopinbrussels\/\" \/>\n<meta property=\"og:image\" content=\"https:\/\/ultraviolet.work\/_commercelocal\/wp-content\/uploads\/2022\/06\/herard-s-2-800.jpg\" \/>\n\t<meta property=\"og:image:width\" content=\"2000\" \/>\n\t<meta property=\"og:image:height\" content=\"1333\" \/>\n\t<meta property=\"og:image:type\" content=\"image\/jpeg\" \/>\n<meta name=\"twitter:card\" content=\"summary_large_image\" \/>\n<script type=\"application\/ld+json\" class=\"yoast-schema-graph\">{\"@context\":\"https:\\\/\\\/schema.org\",\"@graph\":[{\"@type\":\"WebPage\",\"@id\":\"https:\\\/\\\/ultraviolet.work\\\/_commercelocal\\\/project\\\/herards-opticien\\\/\",\"url\":\"https:\\\/\\\/ultraviolet.work\\\/_commercelocal\\\/project\\\/herards-opticien\\\/\",\"name\":\"Herard'S Opticien - Le commerce local \u00e0 Bruxelles\",\"isPartOf\":{\"@id\":\"https:\\\/\\\/ultraviolet.work\\\/_commercelocal\\\/#website\"},\"primaryImageOfPage\":{\"@id\":\"https:\\\/\\\/ultraviolet.work\\\/_commercelocal\\\/project\\\/herards-opticien\\\/#primaryimage\"},\"image\":{\"@id\":\"https:\\\/\\\/ultraviolet.work\\\/_commercelocal\\\/project\\\/herards-opticien\\\/#primaryimage\"},\"thumbnailUrl\":\"https:\\\/\\\/ultraviolet.work\\\/_commercelocal\\\/wp-content\\\/uploads\\\/2022\\\/06\\\/herard-s-2-800.jpg\",\"datePublished\":\"2022-06-23T10:47:28+00:00\",\"breadcrumb\":{\"@id\":\"https:\\\/\\\/ultraviolet.work\\\/_commercelocal\\\/project\\\/herards-opticien\\\/#breadcrumb\"},\"inLanguage\":\"fr-FR\",\"potentialAction\":[{\"@type\":\"ReadAction\",\"target\":[\"https:\\\/\\\/ultraviolet.work\\\/_commercelocal\\\/project\\\/herards-opticien\\\/\"]}]},{\"@type\":\"ImageObject\",\"inLanguage\":\"fr-FR\",\"@id\":\"https:\\\/\\\/ultraviolet.work\\\/_commercelocal\\\/project\\\/herards-opticien\\\/#primaryimage\",\"url\":\"https:\\\/\\\/ultraviolet.work\\\/_commercelocal\\\/wp-content\\\/uploads\\\/2022\\\/06\\\/herard-s-2-800.jpg\",\"contentUrl\":\"https:\\\/\\\/ultraviolet.work\\\/_commercelocal\\\/wp-content\\\/uploads\\\/2022\\\/06\\\/herard-s-2-800.jpg\",\"width\":2000,\"height\":1333},{\"@type\":\"BreadcrumbList\",\"@id\":\"https:\\\/\\\/ultraviolet.work\\\/_commercelocal\\\/project\\\/herards-opticien\\\/#breadcrumb\",\"itemListElement\":[{\"@type\":\"ListItem\",\"position\":1,\"name\":\"Accueil\",\"item\":\"https:\\\/\\\/ultraviolet.work\\\/_commercelocal\\\/\"},{\"@type\":\"ListItem\",\"position\":2,\"name\":\"Projets\",\"item\":\"https:\\\/\\\/ultraviolet.work\\\/_commercelocal\\\/project\\\/\"},{\"@type\":\"ListItem\",\"position\":3,\"name\":\"Herard&rsquo;S Opticien\"}]},{\"@type\":\"WebSite\",\"@id\":\"https:\\\/\\\/ultraviolet.work\\\/_commercelocal\\\/#website\",\"url\":\"https:\\\/\\\/ultraviolet.work\\\/_commercelocal\\\/\",\"name\":\"Le commerce local \u00e0 Bruxelles\",\"description\":\"\",\"publisher\":{\"@id\":\"https:\\\/\\\/ultraviolet.work\\\/_commercelocal\\\/#organization\"},\"potentialAction\":[{\"@type\":\"SearchAction\",\"target\":{\"@type\":\"EntryPoint\",\"urlTemplate\":\"https:\\\/\\\/ultraviolet.work\\\/_commercelocal\\\/?s={search_term_string}\"},\"query-input\":{\"@type\":\"PropertyValueSpecification\",\"valueRequired\":true,\"valueName\":\"search_term_string\"}}],\"inLanguage\":\"fr-FR\"},{\"@type\":\"Organization\",\"@id\":\"https:\\\/\\\/ultraviolet.work\\\/_commercelocal\\\/#organization\",\"name\":\"Le commerce local \u00e0 Bruxelles - I shop in Brussels\",\"url\":\"https:\\\/\\\/ultraviolet.work\\\/_commercelocal\\\/\",\"logo\":{\"@type\":\"ImageObject\",\"inLanguage\":\"fr-FR\",\"@id\":\"https:\\\/\\\/ultraviolet.work\\\/_commercelocal\\\/#\\\/schema\\\/logo\\\/image\\\/\",\"url\":\"https:\\\/\\\/ultraviolet.work\\\/_commercelocal\\\/wp-content\\\/uploads\\\/2020\\\/11\\\/IShopBrussels_w400.png\",\"contentUrl\":\"https:\\\/\\\/ultraviolet.work\\\/_commercelocal\\\/wp-content\\\/uploads\\\/2020\\\/11\\\/IShopBrussels_w400.png\",\"width\":400,\"height\":200,\"caption\":\"Le commerce local \u00e0 Bruxelles - I shop in Brussels\"},\"image\":{\"@id\":\"https:\\\/\\\/ultraviolet.work\\\/_commercelocal\\\/#\\\/schema\\\/logo\\\/image\\\/\"},\"sameAs\":[\"https:\\\/\\\/www.facebook.com\\\/ishopinbrussels\\\/\"]}]}<\/script>\n<!-- \/ Yoast SEO plugin. -->","yoast_head_json":{"title":"Herard'S Opticien - Le commerce local \u00e0 Bruxelles","robots":{"index":"noindex","follow":"follow"},"og_locale":"fr_FR","og_type":"article","og_title":"Herard'S Opticien - Le commerce local \u00e0 Bruxelles","og_description":"Herard&rsquo;S Opticien Commerce sp\u00e9cialis\u00e9 Rue de Namur, 79, 1000 Bruxelles https:\/\/www.herards.com\/ La boutique cr\u00e9\u00e9e par Xavier Herard propose une s\u00e9lection de pr\u00e8s de 1000\u00a0paires de lunettes, tous styles confondus. Des marques de qualit\u00e9, parmi les cr\u00e9ateurs et designers de r\u00e9f\u00e9rence, telle que la griffe US r\u00e9tro-chic Barton Perreira. Et le choix des meilleurs verriers, garanties [&hellip;]","og_url":"https:\/\/ultraviolet.work\/_commercelocal\/project\/herards-opticien\/","og_site_name":"Le commerce local \u00e0 Bruxelles","article_publisher":"https:\/\/www.facebook.com\/ishopinbrussels\/","og_image":[{"width":2000,"height":1333,"url":"https:\/\/ultraviolet.work\/_commercelocal\/wp-content\/uploads\/2022\/06\/herard-s-2-800.jpg","type":"image\/jpeg"}],"twitter_card":"summary_large_image","schema":{"@context":"https:\/\/schema.org","@graph":[{"@type":"WebPage","@id":"https:\/\/ultraviolet.work\/_commercelocal\/project\/herards-opticien\/","url":"https:\/\/ultraviolet.work\/_commercelocal\/project\/herards-opticien\/","name":"Herard'S Opticien - Le commerce local \u00e0 Bruxelles","isPartOf":{"@id":"https:\/\/ultraviolet.work\/_commercelocal\/#website"},"primaryImageOfPage":{"@id":"https:\/\/ultraviolet.work\/_commercelocal\/project\/herards-opticien\/#primaryimage"},"image":{"@id":"https:\/\/ultraviolet.work\/_commercelocal\/project\/herards-opticien\/#primaryimage"},"thumbnailUrl":"https:\/\/ultraviolet.work\/_commercelocal\/wp-content\/uploads\/2022\/06\/herard-s-2-800.jpg","datePublished":"2022-06-23T10:47:28+00:00","breadcrumb":{"@id":"https:\/\/ultraviolet.work\/_commercelocal\/project\/herards-opticien\/#breadcrumb"},"inLanguage":"fr-FR","potentialAction":[{"@type":"ReadAction","target":["https:\/\/ultraviolet.work\/_commercelocal\/project\/herards-opticien\/"]}]},{"@type":"ImageObject","inLanguage":"fr-FR","@id":"https:\/\/ultraviolet.work\/_commercelocal\/project\/herards-opticien\/#primaryimage","url":"https:\/\/ultraviolet.work\/_commercelocal\/wp-content\/uploads\/2022\/06\/herard-s-2-800.jpg","contentUrl":"https:\/\/ultraviolet.work\/_commercelocal\/wp-content\/uploads\/2022\/06\/herard-s-2-800.jpg","width":2000,"height":1333},{"@type":"BreadcrumbList","@id":"https:\/\/ultraviolet.work\/_commercelocal\/project\/herards-opticien\/#breadcrumb","itemListElement":[{"@type":"ListItem","position":1,"name":"Accueil","item":"https:\/\/ultraviolet.work\/_commercelocal\/"},{"@type":"ListItem","position":2,"name":"Projets","item":"https:\/\/ultraviolet.work\/_commercelocal\/project\/"},{"@type":"ListItem","position":3,"name":"Herard&rsquo;S Opticien"}]},{"@type":"WebSite","@id":"https:\/\/ultraviolet.work\/_commercelocal\/#website","url":"https:\/\/ultraviolet.work\/_commercelocal\/","name":"Le commerce local \u00e0 Bruxelles","description":"","publisher":{"@id":"https:\/\/ultraviolet.work\/_commercelocal\/#organization"},"potentialAction":[{"@type":"SearchAction","target":{"@type":"EntryPoint","urlTemplate":"https:\/\/ultraviolet.work\/_commercelocal\/?s={search_term_string}"},"query-input":{"@type":"PropertyValueSpecification","valueRequired":true,"valueName":"search_term_string"}}],"inLanguage":"fr-FR"},{"@type":"Organization","@id":"https:\/\/ultraviolet.work\/_commercelocal\/#organization","name":"Le commerce local \u00e0 Bruxelles - I shop in Brussels","url":"https:\/\/ultraviolet.work\/_commercelocal\/","logo":{"@type":"ImageObject","inLanguage":"fr-FR","@id":"https:\/\/ultraviolet.work\/_commercelocal\/#\/schema\/logo\/image\/","url":"https:\/\/ultraviolet.work\/_commercelocal\/wp-content\/uploads\/2020\/11\/IShopBrussels_w400.png","contentUrl":"https:\/\/ultraviolet.work\/_commercelocal\/wp-content\/uploads\/2020\/11\/IShopBrussels_w400.png","width":400,"height":200,"caption":"Le commerce local \u00e0 Bruxelles - I shop in Brussels"},"image":{"@id":"https:\/\/ultraviolet.work\/_commercelocal\/#\/schema\/logo\/image\/"},"sameAs":["https:\/\/www.facebook.com\/ishopinbrussels\/"]}]}},"_links":{"self":[{"href":"https:\/\/ultraviolet.work\/_commercelocal\/wp-json\/wp\/v2\/project\/11078","targetHints":{"allow":["GET"]}}],"collection":[{"href":"https:\/\/ultraviolet.work\/_commercelocal\/wp-json\/wp\/v2\/project"}],"about":[{"href":"https:\/\/ultraviolet.work\/_commercelocal\/wp-json\/wp\/v2\/types\/project"}],"author":[{"embeddable":true,"href":"https:\/\/ultraviolet.work\/_commercelocal\/wp-json\/wp\/v2\/users\/5"}],"replies":[{"embeddable":true,"href":"https:\/\/ultraviolet.work\/_commercelocal\/wp-json\/wp\/v2\/comments?post=11078"}],"version-history":[{"count":0,"href":"https:\/\/ultraviolet.work\/_commercelocal\/wp-json\/wp\/v2\/project\/11078\/revisions"}],"wp:featuredmedia":[{"embeddable":true,"href":"https:\/\/ultraviolet.work\/_commercelocal\/wp-json\/wp\/v2\/media\/12513"}],"wp:attachment":[{"href":"https:\/\/ultraviolet.work\/_commercelocal\/wp-json\/wp\/v2\/media?parent=11078"}],"wp:term":[{"taxonomy":"project_category","embeddable":true,"href":"https:\/\/ultraviolet.work\/_commercelocal\/wp-json\/wp\/v2\/project_category?post=11078"},{"taxonomy":"project_tag","embeddable":true,"href":"https:\/\/ultraviolet.work\/_commercelocal\/wp-json\/wp\/v2\/project_tag?post=11078"},{"taxonomy":"wf_project_folders","embeddable":true,"href":"https:\/\/ultraviolet.work\/_commercelocal\/wp-json\/wp\/v2\/wf_project_folders?post=11078"}],"curies":[{"name":"wp","href":"https:\/\/api.w.org\/{rel}","templated":true}]}}

<h2>Herard&rsquo;S Opticien</h2>
<h5>Commerce spécialisé</h5>
<h4>Rue de Namur, 79, 1000 Bruxelles</h4>
<h6><a href="https://www.herards.com/" target="_blank" rel="noopener">https://www.herards.com/</a></h6>
<p>La boutique créée par Xavier Herard propose une sélection de près de 1000 paires de lunettes, tous styles confondus. Des marques de qualité, parmi les créateurs et designers de référence, telle que la griffe US rétro-chic Barton Perreira. Et le choix des meilleurs verriers, garanties d’une vision parfaite.</p>

<p>Herard&rsquo;S Opticien Commerce spécialisé Rue de Namur, 79, 1000 Bruxelles https://www.herards.com/ La boutique créée par Xavier Herard propose une sélection de près de 1000 paires de lunettes, tous styles confondus. Des marques de qualité, parmi les créateurs et designers de référence, telle que la griffe US rétro-chic Barton Perreira. Et le choix des meilleurs verriers, garanties [&hellip;]</p>

<!-- This site is optimized with the Yoast SEO plugin v27.5 - https://yoast.com/product/yoast-seo-wordpress/ -->
<title>Herard&#039;S Opticien - Le commerce local à Bruxelles</title>
<meta name="robots" content="noindex, follow" />
<meta property="og:locale" content="fr_FR" />
<meta property="og:type" content="article" />
<meta property="og:title" content="Herard&#039;S Opticien - Le commerce local à Bruxelles" />
<meta property="og:description" content="Herard&rsquo;S Opticien Commerce spécialisé Rue de Namur, 79, 1000 Bruxelles https://www.herards.com/ La boutique créée par Xavier Herard propose une sélection de près de 1000 paires de lunettes, tous styles confondus. Des marques de qualité, parmi les créateurs et designers de référence, telle que la griffe US rétro-chic Barton Perreira. Et le choix des meilleurs verriers, garanties [&hellip;]" />
<meta property="og:url" content="https://ultraviolet.work/_commercelocal/project/herards-opticien/" />
<meta property="og:site_name" content="Le commerce local à Bruxelles" />
<meta property="article:publisher" content="https://www.facebook.com/ishopinbrussels/" />
<meta property="og:image" content="https://ultraviolet.work/_commercelocal/wp-content/uploads/2022/06/herard-s-2-800.jpg" />
	<meta property="og:image:width" content="2000" />
	<meta property="og:image:height" content="1333" />
	<meta property="og:image:type" content="image/jpeg" />
<meta name="twitter:card" content="summary_large_image" />
<script type="application/ld+json" class="yoast-schema-graph">{"@context":"https:\/\/schema.org","@graph":[{"@type":"WebPage","@id":"https:\/\/ultraviolet.work\/_commercelocal\/project\/herards-opticien\/","url":"https:\/\/ultraviolet.work\/_commercelocal\/project\/herards-opticien\/","name":"Herard'S Opticien - Le commerce local à Bruxelles","isPartOf":{"@id":"https:\/\/ultraviolet.work\/_commercelocal\/#website"},"primaryImageOfPage":{"@id":"https:\/\/ultraviolet.work\/_commercelocal\/project\/herards-opticien\/#primaryimage"},"image":{"@id":"https:\/\/ultraviolet.work\/_commercelocal\/project\/herards-opticien\/#primaryimage"},"thumbnailUrl":"https:\/\/ultraviolet.work\/_commercelocal\/wp-content\/uploads\/2022\/06\/herard-s-2-800.jpg","datePublished":"2022-06-23T10:47:28+00:00","breadcrumb":{"@id":"https:\/\/ultraviolet.work\/_commercelocal\/project\/herards-opticien\/#breadcrumb"},"inLanguage":"fr-FR","potentialAction":[{"@type":"ReadAction","target":["https:\/\/ultraviolet.work\/_commercelocal\/project\/herards-opticien\/"]}]},{"@type":"ImageObject","inLanguage":"fr-FR","@id":"https:\/\/ultraviolet.work\/_commercelocal\/project\/herards-opticien\/#primaryimage","url":"https:\/\/ultraviolet.work\/_commercelocal\/wp-content\/uploads\/2022\/06\/herard-s-2-800.jpg","contentUrl":"https:\/\/ultraviolet.work\/_commercelocal\/wp-content\/uploads\/2022\/06\/herard-s-2-800.jpg","width":2000,"height":1333},{"@type":"BreadcrumbList","@id":"https:\/\/ultraviolet.work\/_commercelocal\/project\/herards-opticien\/#breadcrumb","itemListElement":[{"@type":"ListItem","position":1,"name":"Accueil","item":"https:\/\/ultraviolet.work\/_commercelocal\/"},{"@type":"ListItem","position":2,"name":"Projets","item":"https:\/\/ultraviolet.work\/_commercelocal\/project\/"},{"@type":"ListItem","position":3,"name":"Herard&rsquo;S Opticien"}]},{"@type":"WebSite","@id":"https:\/\/ultraviolet.work\/_commercelocal\/#website","url":"https:\/\/ultraviolet.work\/_commercelocal\/","name":"Le commerce local à Bruxelles","description":"","publisher":{"@id":"https:\/\/ultraviolet.work\/_commercelocal\/#organization"},"potentialAction":[{"@type":"SearchAction","target":{"@type":"EntryPoint","urlTemplate":"https:\/\/ultraviolet.work\/_commercelocal\/?s={search_term_string}"},"query-input":{"@type":"PropertyValueSpecification","valueRequired":true,"valueName":"search_term_string"}}],"inLanguage":"fr-FR"},{"@type":"Organization","@id":"https:\/\/ultraviolet.work\/_commercelocal\/#organization","name":"Le commerce local à Bruxelles - I shop in Brussels","url":"https:\/\/ultraviolet.work\/_commercelocal\/","logo":{"@type":"ImageObject","inLanguage":"fr-FR","@id":"https:\/\/ultraviolet.work\/_commercelocal\/#\/schema\/logo\/image\/","url":"https:\/\/ultraviolet.work\/_commercelocal\/wp-content\/uploads\/2020\/11\/IShopBrussels_w400.png","contentUrl":"https:\/\/ultraviolet.work\/_commercelocal\/wp-content\/uploads\/2020\/11\/IShopBrussels_w400.png","width":400,"height":200,"caption":"Le commerce local à Bruxelles - I shop in Brussels"},"image":{"@id":"https:\/\/ultraviolet.work\/_commercelocal\/#\/schema\/logo\/image\/"},"sameAs":["https:\/\/www.facebook.com\/ishopinbrussels\/"]}]}</script>
<!-- / Yoast SEO plugin. -->

Herard'S Opticien - Le commerce local à Bruxelles

Herard&rsquo;S Opticien Commerce spécialisé Rue de Namur, 79, 1000 Bruxelles https://www.herards.com/ La boutique créée par Xavier Herard propose une sélection de près de 1000 paires de lunettes, tous styles confondus. Des marques de qualité, parmi les créateurs et designers de référence, telle que la griffe US rétro-chic Barton Perreira. Et le choix des meilleurs verriers, garanties [&hellip;]

Le commerce local à Bruxelles

Le commerce local à Bruxelles - I shop in Brussels
