{"id":11115,"date":"2022-06-23T12:48:33","date_gmt":"2022-06-23T10:48:33","guid":{"rendered":"https:\/\/ultraviolet.work\/_commercelocal\/project\/lami-de-claire-fontaine\/"},"modified":"2022-06-23T12:48:33","modified_gmt":"2022-06-23T10:48:33","slug":"lami-de-claire-fontaine","status":"publish","type":"project","link":"https:\/\/ultraviolet.work\/_commercelocal\/project\/lami-de-claire-fontaine\/","title":{"rendered":"L\u2019Ami de Claire Fontaine"},"content":{"rendered":"<h2>L\u2019Ami de Claire Fontaine<\/h2>\n<h5>Alimentation<\/h5>\n<h4>Rue Ernest Allard 3, 1000 Bruxelles\u00a0<\/h4>\n<h6><a href=\"https:\/\/www.lamideclairefontaine.be\/\" target=\"_blank\" rel=\"noopener\">https:\/\/www.lamideclairefontaine.be\/<\/a><\/h6>\n<p>Institution du Sablon depuis 35\u00a0ans, l\u2019\u00e9picerie fine \u00ab L\u2019Ami de Claire Fontaine \u00bb propose des produits du terroir belge, ainsi que des \u00e9pices et condiments du monde entier. Dans un d\u00e9cor unique et d\u00e9cal\u00e9, aiguisez votre palais aventurier et laissez le fin gourmet en vous s\u2019exprimer.<\/p>\n","protected":false},"excerpt":{"rendered":"<p>L\u2019Ami de Claire Fontaine Alimentation Rue Ernest Allard 3, 1000 Bruxelles\u00a0 https:\/\/www.lamideclairefontaine.be\/ Institution du Sablon depuis 35\u00a0ans, l\u2019\u00e9picerie fine \u00ab L\u2019Ami de Claire Fontaine \u00bb propose des produits du terroir belge, ainsi que des \u00e9pices et condiments du monde entier. Dans un d\u00e9cor unique et d\u00e9cal\u00e9, aiguisez votre palais aventurier et laissez le fin gourmet [&hellip;]<\/p>\n","protected":false},"author":5,"featured_media":12527,"comment_status":"closed","ping_status":"closed","template":"","meta":{"_et_pb_use_builder":"","_et_pb_old_content":"","_et_gb_content_width":"","inline_featured_image":false,"footnotes":""},"project_category":[562],"project_tag":[],"wf_project_folders":[386],"class_list":["post-11115","project","type-project","status-publish","has-post-thumbnail","hentry","project_category-alimentation"],"yoast_head":"<!-- This site is optimized with the Yoast SEO plugin v27.5 - https:\/\/yoast.com\/product\/yoast-seo-wordpress\/ -->\n<title>L\u2019Ami de Claire Fontaine - Le commerce local \u00e0 Bruxelles<\/title>\n<meta name=\"robots\" content=\"noindex, follow\" \/>\n<meta property=\"og:locale\" content=\"fr_FR\" \/>\n<meta property=\"og:type\" content=\"article\" \/>\n<meta property=\"og:title\" content=\"L\u2019Ami de Claire Fontaine - Le commerce local \u00e0 Bruxelles\" \/>\n<meta property=\"og:description\" content=\"L\u2019Ami de Claire Fontaine Alimentation Rue Ernest Allard 3, 1000 Bruxelles\u00a0 https:\/\/www.lamideclairefontaine.be\/ Institution du Sablon depuis 35\u00a0ans, l\u2019\u00e9picerie fine \u00ab L\u2019Ami de Claire Fontaine \u00bb propose des produits du terroir belge, ainsi que des \u00e9pices et condiments du monde entier. Dans un d\u00e9cor unique et d\u00e9cal\u00e9, aiguisez votre palais aventurier et laissez le fin gourmet [&hellip;]\" \/>\n<meta property=\"og:url\" content=\"https:\/\/ultraviolet.work\/_commercelocal\/project\/lami-de-claire-fontaine\/\" \/>\n<meta property=\"og:site_name\" content=\"Le commerce local \u00e0 Bruxelles\" \/>\n<meta property=\"article:publisher\" content=\"https:\/\/www.facebook.com\/ishopinbrussels\/\" \/>\n<meta property=\"og:image\" content=\"https:\/\/ultraviolet.work\/_commercelocal\/wp-content\/uploads\/2022\/06\/l-ami-de-claire-fontaine-800.jpg\" \/>\n\t<meta property=\"og:image:width\" content=\"2000\" \/>\n\t<meta property=\"og:image:height\" content=\"1500\" \/>\n\t<meta property=\"og:image:type\" content=\"image\/jpeg\" \/>\n<meta name=\"twitter:card\" content=\"summary_large_image\" \/>\n<script type=\"application\/ld+json\" class=\"yoast-schema-graph\">{\"@context\":\"https:\\\/\\\/schema.org\",\"@graph\":[{\"@type\":\"WebPage\",\"@id\":\"https:\\\/\\\/ultraviolet.work\\\/_commercelocal\\\/project\\\/lami-de-claire-fontaine\\\/\",\"url\":\"https:\\\/\\\/ultraviolet.work\\\/_commercelocal\\\/project\\\/lami-de-claire-fontaine\\\/\",\"name\":\"L\u2019Ami de Claire Fontaine - Le commerce local \u00e0 Bruxelles\",\"isPartOf\":{\"@id\":\"https:\\\/\\\/ultraviolet.work\\\/_commercelocal\\\/#website\"},\"primaryImageOfPage\":{\"@id\":\"https:\\\/\\\/ultraviolet.work\\\/_commercelocal\\\/project\\\/lami-de-claire-fontaine\\\/#primaryimage\"},\"image\":{\"@id\":\"https:\\\/\\\/ultraviolet.work\\\/_commercelocal\\\/project\\\/lami-de-claire-fontaine\\\/#primaryimage\"},\"thumbnailUrl\":\"https:\\\/\\\/ultraviolet.work\\\/_commercelocal\\\/wp-content\\\/uploads\\\/2022\\\/06\\\/l-ami-de-claire-fontaine-800.jpg\",\"datePublished\":\"2022-06-23T10:48:33+00:00\",\"breadcrumb\":{\"@id\":\"https:\\\/\\\/ultraviolet.work\\\/_commercelocal\\\/project\\\/lami-de-claire-fontaine\\\/#breadcrumb\"},\"inLanguage\":\"fr-FR\",\"potentialAction\":[{\"@type\":\"ReadAction\",\"target\":[\"https:\\\/\\\/ultraviolet.work\\\/_commercelocal\\\/project\\\/lami-de-claire-fontaine\\\/\"]}]},{\"@type\":\"ImageObject\",\"inLanguage\":\"fr-FR\",\"@id\":\"https:\\\/\\\/ultraviolet.work\\\/_commercelocal\\\/project\\\/lami-de-claire-fontaine\\\/#primaryimage\",\"url\":\"https:\\\/\\\/ultraviolet.work\\\/_commercelocal\\\/wp-content\\\/uploads\\\/2022\\\/06\\\/l-ami-de-claire-fontaine-800.jpg\",\"contentUrl\":\"https:\\\/\\\/ultraviolet.work\\\/_commercelocal\\\/wp-content\\\/uploads\\\/2022\\\/06\\\/l-ami-de-claire-fontaine-800.jpg\",\"width\":2000,\"height\":1500},{\"@type\":\"BreadcrumbList\",\"@id\":\"https:\\\/\\\/ultraviolet.work\\\/_commercelocal\\\/project\\\/lami-de-claire-fontaine\\\/#breadcrumb\",\"itemListElement\":[{\"@type\":\"ListItem\",\"position\":1,\"name\":\"Accueil\",\"item\":\"https:\\\/\\\/ultraviolet.work\\\/_commercelocal\\\/\"},{\"@type\":\"ListItem\",\"position\":2,\"name\":\"Projets\",\"item\":\"https:\\\/\\\/ultraviolet.work\\\/_commercelocal\\\/project\\\/\"},{\"@type\":\"ListItem\",\"position\":3,\"name\":\"L\u2019Ami de Claire Fontaine\"}]},{\"@type\":\"WebSite\",\"@id\":\"https:\\\/\\\/ultraviolet.work\\\/_commercelocal\\\/#website\",\"url\":\"https:\\\/\\\/ultraviolet.work\\\/_commercelocal\\\/\",\"name\":\"Le commerce local \u00e0 Bruxelles\",\"description\":\"\",\"publisher\":{\"@id\":\"https:\\\/\\\/ultraviolet.work\\\/_commercelocal\\\/#organization\"},\"potentialAction\":[{\"@type\":\"SearchAction\",\"target\":{\"@type\":\"EntryPoint\",\"urlTemplate\":\"https:\\\/\\\/ultraviolet.work\\\/_commercelocal\\\/?s={search_term_string}\"},\"query-input\":{\"@type\":\"PropertyValueSpecification\",\"valueRequired\":true,\"valueName\":\"search_term_string\"}}],\"inLanguage\":\"fr-FR\"},{\"@type\":\"Organization\",\"@id\":\"https:\\\/\\\/ultraviolet.work\\\/_commercelocal\\\/#organization\",\"name\":\"Le commerce local \u00e0 Bruxelles - I shop in Brussels\",\"url\":\"https:\\\/\\\/ultraviolet.work\\\/_commercelocal\\\/\",\"logo\":{\"@type\":\"ImageObject\",\"inLanguage\":\"fr-FR\",\"@id\":\"https:\\\/\\\/ultraviolet.work\\\/_commercelocal\\\/#\\\/schema\\\/logo\\\/image\\\/\",\"url\":\"https:\\\/\\\/ultraviolet.work\\\/_commercelocal\\\/wp-content\\\/uploads\\\/2020\\\/11\\\/IShopBrussels_w400.png\",\"contentUrl\":\"https:\\\/\\\/ultraviolet.work\\\/_commercelocal\\\/wp-content\\\/uploads\\\/2020\\\/11\\\/IShopBrussels_w400.png\",\"width\":400,\"height\":200,\"caption\":\"Le commerce local \u00e0 Bruxelles - I shop in Brussels\"},\"image\":{\"@id\":\"https:\\\/\\\/ultraviolet.work\\\/_commercelocal\\\/#\\\/schema\\\/logo\\\/image\\\/\"},\"sameAs\":[\"https:\\\/\\\/www.facebook.com\\\/ishopinbrussels\\\/\"]}]}<\/script>\n<!-- \/ Yoast SEO plugin. -->","yoast_head_json":{"title":"L\u2019Ami de Claire Fontaine - Le commerce local \u00e0 Bruxelles","robots":{"index":"noindex","follow":"follow"},"og_locale":"fr_FR","og_type":"article","og_title":"L\u2019Ami de Claire Fontaine - Le commerce local \u00e0 Bruxelles","og_description":"L\u2019Ami de Claire Fontaine Alimentation Rue Ernest Allard 3, 1000 Bruxelles\u00a0 https:\/\/www.lamideclairefontaine.be\/ Institution du Sablon depuis 35\u00a0ans, l\u2019\u00e9picerie fine \u00ab L\u2019Ami de Claire Fontaine \u00bb propose des produits du terroir belge, ainsi que des \u00e9pices et condiments du monde entier. Dans un d\u00e9cor unique et d\u00e9cal\u00e9, aiguisez votre palais aventurier et laissez le fin gourmet [&hellip;]","og_url":"https:\/\/ultraviolet.work\/_commercelocal\/project\/lami-de-claire-fontaine\/","og_site_name":"Le commerce local \u00e0 Bruxelles","article_publisher":"https:\/\/www.facebook.com\/ishopinbrussels\/","og_image":[{"width":2000,"height":1500,"url":"https:\/\/ultraviolet.work\/_commercelocal\/wp-content\/uploads\/2022\/06\/l-ami-de-claire-fontaine-800.jpg","type":"image\/jpeg"}],"twitter_card":"summary_large_image","schema":{"@context":"https:\/\/schema.org","@graph":[{"@type":"WebPage","@id":"https:\/\/ultraviolet.work\/_commercelocal\/project\/lami-de-claire-fontaine\/","url":"https:\/\/ultraviolet.work\/_commercelocal\/project\/lami-de-claire-fontaine\/","name":"L\u2019Ami de Claire Fontaine - Le commerce local \u00e0 Bruxelles","isPartOf":{"@id":"https:\/\/ultraviolet.work\/_commercelocal\/#website"},"primaryImageOfPage":{"@id":"https:\/\/ultraviolet.work\/_commercelocal\/project\/lami-de-claire-fontaine\/#primaryimage"},"image":{"@id":"https:\/\/ultraviolet.work\/_commercelocal\/project\/lami-de-claire-fontaine\/#primaryimage"},"thumbnailUrl":"https:\/\/ultraviolet.work\/_commercelocal\/wp-content\/uploads\/2022\/06\/l-ami-de-claire-fontaine-800.jpg","datePublished":"2022-06-23T10:48:33+00:00","breadcrumb":{"@id":"https:\/\/ultraviolet.work\/_commercelocal\/project\/lami-de-claire-fontaine\/#breadcrumb"},"inLanguage":"fr-FR","potentialAction":[{"@type":"ReadAction","target":["https:\/\/ultraviolet.work\/_commercelocal\/project\/lami-de-claire-fontaine\/"]}]},{"@type":"ImageObject","inLanguage":"fr-FR","@id":"https:\/\/ultraviolet.work\/_commercelocal\/project\/lami-de-claire-fontaine\/#primaryimage","url":"https:\/\/ultraviolet.work\/_commercelocal\/wp-content\/uploads\/2022\/06\/l-ami-de-claire-fontaine-800.jpg","contentUrl":"https:\/\/ultraviolet.work\/_commercelocal\/wp-content\/uploads\/2022\/06\/l-ami-de-claire-fontaine-800.jpg","width":2000,"height":1500},{"@type":"BreadcrumbList","@id":"https:\/\/ultraviolet.work\/_commercelocal\/project\/lami-de-claire-fontaine\/#breadcrumb","itemListElement":[{"@type":"ListItem","position":1,"name":"Accueil","item":"https:\/\/ultraviolet.work\/_commercelocal\/"},{"@type":"ListItem","position":2,"name":"Projets","item":"https:\/\/ultraviolet.work\/_commercelocal\/project\/"},{"@type":"ListItem","position":3,"name":"L\u2019Ami de Claire Fontaine"}]},{"@type":"WebSite","@id":"https:\/\/ultraviolet.work\/_commercelocal\/#website","url":"https:\/\/ultraviolet.work\/_commercelocal\/","name":"Le commerce local \u00e0 Bruxelles","description":"","publisher":{"@id":"https:\/\/ultraviolet.work\/_commercelocal\/#organization"},"potentialAction":[{"@type":"SearchAction","target":{"@type":"EntryPoint","urlTemplate":"https:\/\/ultraviolet.work\/_commercelocal\/?s={search_term_string}"},"query-input":{"@type":"PropertyValueSpecification","valueRequired":true,"valueName":"search_term_string"}}],"inLanguage":"fr-FR"},{"@type":"Organization","@id":"https:\/\/ultraviolet.work\/_commercelocal\/#organization","name":"Le commerce local \u00e0 Bruxelles - I shop in Brussels","url":"https:\/\/ultraviolet.work\/_commercelocal\/","logo":{"@type":"ImageObject","inLanguage":"fr-FR","@id":"https:\/\/ultraviolet.work\/_commercelocal\/#\/schema\/logo\/image\/","url":"https:\/\/ultraviolet.work\/_commercelocal\/wp-content\/uploads\/2020\/11\/IShopBrussels_w400.png","contentUrl":"https:\/\/ultraviolet.work\/_commercelocal\/wp-content\/uploads\/2020\/11\/IShopBrussels_w400.png","width":400,"height":200,"caption":"Le commerce local \u00e0 Bruxelles - I shop in Brussels"},"image":{"@id":"https:\/\/ultraviolet.work\/_commercelocal\/#\/schema\/logo\/image\/"},"sameAs":["https:\/\/www.facebook.com\/ishopinbrussels\/"]}]}},"_links":{"self":[{"href":"https:\/\/ultraviolet.work\/_commercelocal\/wp-json\/wp\/v2\/project\/11115","targetHints":{"allow":["GET"]}}],"collection":[{"href":"https:\/\/ultraviolet.work\/_commercelocal\/wp-json\/wp\/v2\/project"}],"about":[{"href":"https:\/\/ultraviolet.work\/_commercelocal\/wp-json\/wp\/v2\/types\/project"}],"author":[{"embeddable":true,"href":"https:\/\/ultraviolet.work\/_commercelocal\/wp-json\/wp\/v2\/users\/5"}],"replies":[{"embeddable":true,"href":"https:\/\/ultraviolet.work\/_commercelocal\/wp-json\/wp\/v2\/comments?post=11115"}],"version-history":[{"count":0,"href":"https:\/\/ultraviolet.work\/_commercelocal\/wp-json\/wp\/v2\/project\/11115\/revisions"}],"wp:featuredmedia":[{"embeddable":true,"href":"https:\/\/ultraviolet.work\/_commercelocal\/wp-json\/wp\/v2\/media\/12527"}],"wp:attachment":[{"href":"https:\/\/ultraviolet.work\/_commercelocal\/wp-json\/wp\/v2\/media?parent=11115"}],"wp:term":[{"taxonomy":"project_category","embeddable":true,"href":"https:\/\/ultraviolet.work\/_commercelocal\/wp-json\/wp\/v2\/project_category?post=11115"},{"taxonomy":"project_tag","embeddable":true,"href":"https:\/\/ultraviolet.work\/_commercelocal\/wp-json\/wp\/v2\/project_tag?post=11115"},{"taxonomy":"wf_project_folders","embeddable":true,"href":"https:\/\/ultraviolet.work\/_commercelocal\/wp-json\/wp\/v2\/wf_project_folders?post=11115"}],"curies":[{"name":"wp","href":"https:\/\/api.w.org\/{rel}","templated":true}]}}

<h2>L’Ami de Claire Fontaine</h2>
<h5>Alimentation</h5>
<h4>Rue Ernest Allard 3, 1000 Bruxelles </h4>
<h6><a href="https://www.lamideclairefontaine.be/" target="_blank" rel="noopener">https://www.lamideclairefontaine.be/</a></h6>
<p>Institution du Sablon depuis 35 ans, l’épicerie fine « L’Ami de Claire Fontaine » propose des produits du terroir belge, ainsi que des épices et condiments du monde entier. Dans un décor unique et décalé, aiguisez votre palais aventurier et laissez le fin gourmet en vous s’exprimer.</p>

<p>L’Ami de Claire Fontaine Alimentation Rue Ernest Allard 3, 1000 Bruxelles  https://www.lamideclairefontaine.be/ Institution du Sablon depuis 35 ans, l’épicerie fine « L’Ami de Claire Fontaine » propose des produits du terroir belge, ainsi que des épices et condiments du monde entier. Dans un décor unique et décalé, aiguisez votre palais aventurier et laissez le fin gourmet [&hellip;]</p>

<!-- This site is optimized with the Yoast SEO plugin v27.5 - https://yoast.com/product/yoast-seo-wordpress/ -->
<title>L’Ami de Claire Fontaine - Le commerce local à Bruxelles</title>
<meta name="robots" content="noindex, follow" />
<meta property="og:locale" content="fr_FR" />
<meta property="og:type" content="article" />
<meta property="og:title" content="L’Ami de Claire Fontaine - Le commerce local à Bruxelles" />
<meta property="og:description" content="L’Ami de Claire Fontaine Alimentation Rue Ernest Allard 3, 1000 Bruxelles  https://www.lamideclairefontaine.be/ Institution du Sablon depuis 35 ans, l’épicerie fine « L’Ami de Claire Fontaine » propose des produits du terroir belge, ainsi que des épices et condiments du monde entier. Dans un décor unique et décalé, aiguisez votre palais aventurier et laissez le fin gourmet [&hellip;]" />
<meta property="og:url" content="https://ultraviolet.work/_commercelocal/project/lami-de-claire-fontaine/" />
<meta property="og:site_name" content="Le commerce local à Bruxelles" />
<meta property="article:publisher" content="https://www.facebook.com/ishopinbrussels/" />
<meta property="og:image" content="https://ultraviolet.work/_commercelocal/wp-content/uploads/2022/06/l-ami-de-claire-fontaine-800.jpg" />
	<meta property="og:image:width" content="2000" />
	<meta property="og:image:height" content="1500" />
	<meta property="og:image:type" content="image/jpeg" />
<meta name="twitter:card" content="summary_large_image" />
<script type="application/ld+json" class="yoast-schema-graph">{"@context":"https:\/\/schema.org","@graph":[{"@type":"WebPage","@id":"https:\/\/ultraviolet.work\/_commercelocal\/project\/lami-de-claire-fontaine\/","url":"https:\/\/ultraviolet.work\/_commercelocal\/project\/lami-de-claire-fontaine\/","name":"L’Ami de Claire Fontaine - Le commerce local à Bruxelles","isPartOf":{"@id":"https:\/\/ultraviolet.work\/_commercelocal\/#website"},"primaryImageOfPage":{"@id":"https:\/\/ultraviolet.work\/_commercelocal\/project\/lami-de-claire-fontaine\/#primaryimage"},"image":{"@id":"https:\/\/ultraviolet.work\/_commercelocal\/project\/lami-de-claire-fontaine\/#primaryimage"},"thumbnailUrl":"https:\/\/ultraviolet.work\/_commercelocal\/wp-content\/uploads\/2022\/06\/l-ami-de-claire-fontaine-800.jpg","datePublished":"2022-06-23T10:48:33+00:00","breadcrumb":{"@id":"https:\/\/ultraviolet.work\/_commercelocal\/project\/lami-de-claire-fontaine\/#breadcrumb"},"inLanguage":"fr-FR","potentialAction":[{"@type":"ReadAction","target":["https:\/\/ultraviolet.work\/_commercelocal\/project\/lami-de-claire-fontaine\/"]}]},{"@type":"ImageObject","inLanguage":"fr-FR","@id":"https:\/\/ultraviolet.work\/_commercelocal\/project\/lami-de-claire-fontaine\/#primaryimage","url":"https:\/\/ultraviolet.work\/_commercelocal\/wp-content\/uploads\/2022\/06\/l-ami-de-claire-fontaine-800.jpg","contentUrl":"https:\/\/ultraviolet.work\/_commercelocal\/wp-content\/uploads\/2022\/06\/l-ami-de-claire-fontaine-800.jpg","width":2000,"height":1500},{"@type":"BreadcrumbList","@id":"https:\/\/ultraviolet.work\/_commercelocal\/project\/lami-de-claire-fontaine\/#breadcrumb","itemListElement":[{"@type":"ListItem","position":1,"name":"Accueil","item":"https:\/\/ultraviolet.work\/_commercelocal\/"},{"@type":"ListItem","position":2,"name":"Projets","item":"https:\/\/ultraviolet.work\/_commercelocal\/project\/"},{"@type":"ListItem","position":3,"name":"L’Ami de Claire Fontaine"}]},{"@type":"WebSite","@id":"https:\/\/ultraviolet.work\/_commercelocal\/#website","url":"https:\/\/ultraviolet.work\/_commercelocal\/","name":"Le commerce local à Bruxelles","description":"","publisher":{"@id":"https:\/\/ultraviolet.work\/_commercelocal\/#organization"},"potentialAction":[{"@type":"SearchAction","target":{"@type":"EntryPoint","urlTemplate":"https:\/\/ultraviolet.work\/_commercelocal\/?s={search_term_string}"},"query-input":{"@type":"PropertyValueSpecification","valueRequired":true,"valueName":"search_term_string"}}],"inLanguage":"fr-FR"},{"@type":"Organization","@id":"https:\/\/ultraviolet.work\/_commercelocal\/#organization","name":"Le commerce local à Bruxelles - I shop in Brussels","url":"https:\/\/ultraviolet.work\/_commercelocal\/","logo":{"@type":"ImageObject","inLanguage":"fr-FR","@id":"https:\/\/ultraviolet.work\/_commercelocal\/#\/schema\/logo\/image\/","url":"https:\/\/ultraviolet.work\/_commercelocal\/wp-content\/uploads\/2020\/11\/IShopBrussels_w400.png","contentUrl":"https:\/\/ultraviolet.work\/_commercelocal\/wp-content\/uploads\/2020\/11\/IShopBrussels_w400.png","width":400,"height":200,"caption":"Le commerce local à Bruxelles - I shop in Brussels"},"image":{"@id":"https:\/\/ultraviolet.work\/_commercelocal\/#\/schema\/logo\/image\/"},"sameAs":["https:\/\/www.facebook.com\/ishopinbrussels\/"]}]}</script>
<!-- / Yoast SEO plugin. -->

L’Ami de Claire Fontaine - Le commerce local à Bruxelles

L’Ami de Claire Fontaine Alimentation Rue Ernest Allard 3, 1000 Bruxelles  https://www.lamideclairefontaine.be/ Institution du Sablon depuis 35 ans, l’épicerie fine « L’Ami de Claire Fontaine » propose des produits du terroir belge, ainsi que des épices et condiments du monde entier. Dans un décor unique et décalé, aiguisez votre palais aventurier et laissez le fin gourmet [&hellip;]

Le commerce local à Bruxelles

Le commerce local à Bruxelles - I shop in Brussels
