{"id":12778,"date":"2022-06-23T12:45:58","date_gmt":"2022-06-23T10:45:58","guid":{"rendered":"https:\/\/ultraviolet.work\/_commercelocal\/project\/het-ivoren-aapje\/"},"modified":"2022-06-23T12:45:58","modified_gmt":"2022-06-23T10:45:58","slug":"het-ivoren-aapje","status":"publish","type":"project","link":"https:\/\/ultraviolet.work\/_commercelocal\/project\/het-ivoren-aapje\/","title":{"rendered":"Het Ivoren Aapje"},"content":{"rendered":"<h2>Het Ivoren Aapje<\/h2>\n<h5>Librairie<\/h5>\n<h4>Place du B\u00e9guinage, 4, 1000 Bruxelles<\/h4>\n<h6><a href=\"https:\/\/www.facebook.com\/Het-Ivoren-Aapje-219918368056852\/\" target=\"_blank\" rel=\"noopener\">https:\/\/www.facebook.com\/Het-Ivoren-Aapje-219918368056852\/<\/a><\/h6>\n<p>Baptis\u00e9e d\u2019apr\u00e8s le roman d\u2019Herman Teirlinck sur Bruxelles, Het Ivoren Aapje est une librairie sp\u00e9cialis\u00e9e en litt\u00e9rature (en n\u00e9erlandais, fran\u00e7ais, anglais, allemand, italien, espagnol et russe), histoire, philosophie et sciences humaines, g\u00e9r\u00e9e par l\u2019historien flamand Frederik Deflo.<\/p>\n","protected":false},"excerpt":{"rendered":"<p>Het Ivoren Aapje Librairie Place du B\u00e9guinage, 4, 1000 Bruxelles https:\/\/www.facebook.com\/Het-Ivoren-Aapje-219918368056852\/ Baptis\u00e9e d\u2019apr\u00e8s le roman d\u2019Herman Teirlinck sur Bruxelles, Het Ivoren Aapje est une librairie sp\u00e9cialis\u00e9e en litt\u00e9rature (en n\u00e9erlandais, fran\u00e7ais, anglais, allemand, italien, espagnol et russe), histoire, philosophie et sciences humaines, g\u00e9r\u00e9e par l\u2019historien flamand Frederik Deflo.<\/p>\n","protected":false},"author":5,"featured_media":12520,"comment_status":"closed","ping_status":"closed","template":"","meta":{"_et_pb_use_builder":"","_et_pb_old_content":"","_et_gb_content_width":"","inline_featured_image":false,"footnotes":""},"project_category":[550],"project_tag":[],"wf_project_folders":[386],"class_list":["post-12778","project","type-project","status-publish","has-post-thumbnail","hentry","project_category-librairie"],"yoast_head":"<!-- This site is optimized with the Yoast SEO plugin v27.5 - https:\/\/yoast.com\/product\/yoast-seo-wordpress\/ -->\n<title>Het Ivoren Aapje - Le commerce local \u00e0 Bruxelles<\/title>\n<meta name=\"robots\" content=\"noindex, follow\" \/>\n<meta property=\"og:locale\" content=\"fr_FR\" \/>\n<meta property=\"og:type\" content=\"article\" \/>\n<meta property=\"og:title\" content=\"Het Ivoren Aapje - Le commerce local \u00e0 Bruxelles\" \/>\n<meta property=\"og:description\" content=\"Het Ivoren Aapje Librairie Place du B\u00e9guinage, 4, 1000 Bruxelles https:\/\/www.facebook.com\/Het-Ivoren-Aapje-219918368056852\/ Baptis\u00e9e d\u2019apr\u00e8s le roman d\u2019Herman Teirlinck sur Bruxelles, Het Ivoren Aapje est une librairie sp\u00e9cialis\u00e9e en litt\u00e9rature (en n\u00e9erlandais, fran\u00e7ais, anglais, allemand, italien, espagnol et russe), histoire, philosophie et sciences humaines, g\u00e9r\u00e9e par l\u2019historien flamand Frederik Deflo.\" \/>\n<meta property=\"og:url\" content=\"https:\/\/ultraviolet.work\/_commercelocal\/project\/het-ivoren-aapje\/\" \/>\n<meta property=\"og:site_name\" content=\"Le commerce local \u00e0 Bruxelles\" \/>\n<meta property=\"article:publisher\" content=\"https:\/\/www.facebook.com\/ishopinbrussels\/\" \/>\n<meta property=\"og:image\" content=\"https:\/\/ultraviolet.work\/_commercelocal\/wp-content\/uploads\/2022\/06\/ivooren-aapje-web-800.jpg\" \/>\n\t<meta property=\"og:image:width\" content=\"2000\" \/>\n\t<meta property=\"og:image:height\" content=\"1500\" \/>\n\t<meta property=\"og:image:type\" content=\"image\/jpeg\" \/>\n<meta name=\"twitter:card\" content=\"summary_large_image\" \/>\n<script type=\"application\/ld+json\" class=\"yoast-schema-graph\">{\"@context\":\"https:\\\/\\\/schema.org\",\"@graph\":[{\"@type\":\"WebPage\",\"@id\":\"https:\\\/\\\/ultraviolet.work\\\/_commercelocal\\\/project\\\/het-ivoren-aapje\\\/\",\"url\":\"https:\\\/\\\/ultraviolet.work\\\/_commercelocal\\\/project\\\/het-ivoren-aapje\\\/\",\"name\":\"Het Ivoren Aapje - Le commerce local \u00e0 Bruxelles\",\"isPartOf\":{\"@id\":\"https:\\\/\\\/ultraviolet.work\\\/_commercelocal\\\/#website\"},\"primaryImageOfPage\":{\"@id\":\"https:\\\/\\\/ultraviolet.work\\\/_commercelocal\\\/project\\\/het-ivoren-aapje\\\/#primaryimage\"},\"image\":{\"@id\":\"https:\\\/\\\/ultraviolet.work\\\/_commercelocal\\\/project\\\/het-ivoren-aapje\\\/#primaryimage\"},\"thumbnailUrl\":\"https:\\\/\\\/ultraviolet.work\\\/_commercelocal\\\/wp-content\\\/uploads\\\/2022\\\/06\\\/ivooren-aapje-web-800.jpg\",\"datePublished\":\"2022-06-23T10:45:58+00:00\",\"breadcrumb\":{\"@id\":\"https:\\\/\\\/ultraviolet.work\\\/_commercelocal\\\/project\\\/het-ivoren-aapje\\\/#breadcrumb\"},\"inLanguage\":\"fr-FR\",\"potentialAction\":[{\"@type\":\"ReadAction\",\"target\":[\"https:\\\/\\\/ultraviolet.work\\\/_commercelocal\\\/project\\\/het-ivoren-aapje\\\/\"]}]},{\"@type\":\"ImageObject\",\"inLanguage\":\"fr-FR\",\"@id\":\"https:\\\/\\\/ultraviolet.work\\\/_commercelocal\\\/project\\\/het-ivoren-aapje\\\/#primaryimage\",\"url\":\"https:\\\/\\\/ultraviolet.work\\\/_commercelocal\\\/wp-content\\\/uploads\\\/2022\\\/06\\\/ivooren-aapje-web-800.jpg\",\"contentUrl\":\"https:\\\/\\\/ultraviolet.work\\\/_commercelocal\\\/wp-content\\\/uploads\\\/2022\\\/06\\\/ivooren-aapje-web-800.jpg\",\"width\":2000,\"height\":1500},{\"@type\":\"BreadcrumbList\",\"@id\":\"https:\\\/\\\/ultraviolet.work\\\/_commercelocal\\\/project\\\/het-ivoren-aapje\\\/#breadcrumb\",\"itemListElement\":[{\"@type\":\"ListItem\",\"position\":1,\"name\":\"Accueil\",\"item\":\"https:\\\/\\\/ultraviolet.work\\\/_commercelocal\\\/\"},{\"@type\":\"ListItem\",\"position\":2,\"name\":\"Projets\",\"item\":\"https:\\\/\\\/ultraviolet.work\\\/_commercelocal\\\/project\\\/\"},{\"@type\":\"ListItem\",\"position\":3,\"name\":\"Het Ivoren Aapje\"}]},{\"@type\":\"WebSite\",\"@id\":\"https:\\\/\\\/ultraviolet.work\\\/_commercelocal\\\/#website\",\"url\":\"https:\\\/\\\/ultraviolet.work\\\/_commercelocal\\\/\",\"name\":\"Le commerce local \u00e0 Bruxelles\",\"description\":\"\",\"publisher\":{\"@id\":\"https:\\\/\\\/ultraviolet.work\\\/_commercelocal\\\/#organization\"},\"potentialAction\":[{\"@type\":\"SearchAction\",\"target\":{\"@type\":\"EntryPoint\",\"urlTemplate\":\"https:\\\/\\\/ultraviolet.work\\\/_commercelocal\\\/?s={search_term_string}\"},\"query-input\":{\"@type\":\"PropertyValueSpecification\",\"valueRequired\":true,\"valueName\":\"search_term_string\"}}],\"inLanguage\":\"fr-FR\"},{\"@type\":\"Organization\",\"@id\":\"https:\\\/\\\/ultraviolet.work\\\/_commercelocal\\\/#organization\",\"name\":\"Le commerce local \u00e0 Bruxelles - I shop in Brussels\",\"url\":\"https:\\\/\\\/ultraviolet.work\\\/_commercelocal\\\/\",\"logo\":{\"@type\":\"ImageObject\",\"inLanguage\":\"fr-FR\",\"@id\":\"https:\\\/\\\/ultraviolet.work\\\/_commercelocal\\\/#\\\/schema\\\/logo\\\/image\\\/\",\"url\":\"https:\\\/\\\/ultraviolet.work\\\/_commercelocal\\\/wp-content\\\/uploads\\\/2020\\\/11\\\/IShopBrussels_w400.png\",\"contentUrl\":\"https:\\\/\\\/ultraviolet.work\\\/_commercelocal\\\/wp-content\\\/uploads\\\/2020\\\/11\\\/IShopBrussels_w400.png\",\"width\":400,\"height\":200,\"caption\":\"Le commerce local \u00e0 Bruxelles - I shop in Brussels\"},\"image\":{\"@id\":\"https:\\\/\\\/ultraviolet.work\\\/_commercelocal\\\/#\\\/schema\\\/logo\\\/image\\\/\"},\"sameAs\":[\"https:\\\/\\\/www.facebook.com\\\/ishopinbrussels\\\/\"]}]}<\/script>\n<!-- \/ Yoast SEO plugin. -->","yoast_head_json":{"title":"Het Ivoren Aapje - Le commerce local \u00e0 Bruxelles","robots":{"index":"noindex","follow":"follow"},"og_locale":"fr_FR","og_type":"article","og_title":"Het Ivoren Aapje - Le commerce local \u00e0 Bruxelles","og_description":"Het Ivoren Aapje Librairie Place du B\u00e9guinage, 4, 1000 Bruxelles https:\/\/www.facebook.com\/Het-Ivoren-Aapje-219918368056852\/ Baptis\u00e9e d\u2019apr\u00e8s le roman d\u2019Herman Teirlinck sur Bruxelles, Het Ivoren Aapje est une librairie sp\u00e9cialis\u00e9e en litt\u00e9rature (en n\u00e9erlandais, fran\u00e7ais, anglais, allemand, italien, espagnol et russe), histoire, philosophie et sciences humaines, g\u00e9r\u00e9e par l\u2019historien flamand Frederik Deflo.","og_url":"https:\/\/ultraviolet.work\/_commercelocal\/project\/het-ivoren-aapje\/","og_site_name":"Le commerce local \u00e0 Bruxelles","article_publisher":"https:\/\/www.facebook.com\/ishopinbrussels\/","og_image":[{"width":2000,"height":1500,"url":"https:\/\/ultraviolet.work\/_commercelocal\/wp-content\/uploads\/2022\/06\/ivooren-aapje-web-800.jpg","type":"image\/jpeg"}],"twitter_card":"summary_large_image","schema":{"@context":"https:\/\/schema.org","@graph":[{"@type":"WebPage","@id":"https:\/\/ultraviolet.work\/_commercelocal\/project\/het-ivoren-aapje\/","url":"https:\/\/ultraviolet.work\/_commercelocal\/project\/het-ivoren-aapje\/","name":"Het Ivoren Aapje - Le commerce local \u00e0 Bruxelles","isPartOf":{"@id":"https:\/\/ultraviolet.work\/_commercelocal\/#website"},"primaryImageOfPage":{"@id":"https:\/\/ultraviolet.work\/_commercelocal\/project\/het-ivoren-aapje\/#primaryimage"},"image":{"@id":"https:\/\/ultraviolet.work\/_commercelocal\/project\/het-ivoren-aapje\/#primaryimage"},"thumbnailUrl":"https:\/\/ultraviolet.work\/_commercelocal\/wp-content\/uploads\/2022\/06\/ivooren-aapje-web-800.jpg","datePublished":"2022-06-23T10:45:58+00:00","breadcrumb":{"@id":"https:\/\/ultraviolet.work\/_commercelocal\/project\/het-ivoren-aapje\/#breadcrumb"},"inLanguage":"fr-FR","potentialAction":[{"@type":"ReadAction","target":["https:\/\/ultraviolet.work\/_commercelocal\/project\/het-ivoren-aapje\/"]}]},{"@type":"ImageObject","inLanguage":"fr-FR","@id":"https:\/\/ultraviolet.work\/_commercelocal\/project\/het-ivoren-aapje\/#primaryimage","url":"https:\/\/ultraviolet.work\/_commercelocal\/wp-content\/uploads\/2022\/06\/ivooren-aapje-web-800.jpg","contentUrl":"https:\/\/ultraviolet.work\/_commercelocal\/wp-content\/uploads\/2022\/06\/ivooren-aapje-web-800.jpg","width":2000,"height":1500},{"@type":"BreadcrumbList","@id":"https:\/\/ultraviolet.work\/_commercelocal\/project\/het-ivoren-aapje\/#breadcrumb","itemListElement":[{"@type":"ListItem","position":1,"name":"Accueil","item":"https:\/\/ultraviolet.work\/_commercelocal\/"},{"@type":"ListItem","position":2,"name":"Projets","item":"https:\/\/ultraviolet.work\/_commercelocal\/project\/"},{"@type":"ListItem","position":3,"name":"Het Ivoren Aapje"}]},{"@type":"WebSite","@id":"https:\/\/ultraviolet.work\/_commercelocal\/#website","url":"https:\/\/ultraviolet.work\/_commercelocal\/","name":"Le commerce local \u00e0 Bruxelles","description":"","publisher":{"@id":"https:\/\/ultraviolet.work\/_commercelocal\/#organization"},"potentialAction":[{"@type":"SearchAction","target":{"@type":"EntryPoint","urlTemplate":"https:\/\/ultraviolet.work\/_commercelocal\/?s={search_term_string}"},"query-input":{"@type":"PropertyValueSpecification","valueRequired":true,"valueName":"search_term_string"}}],"inLanguage":"fr-FR"},{"@type":"Organization","@id":"https:\/\/ultraviolet.work\/_commercelocal\/#organization","name":"Le commerce local \u00e0 Bruxelles - I shop in Brussels","url":"https:\/\/ultraviolet.work\/_commercelocal\/","logo":{"@type":"ImageObject","inLanguage":"fr-FR","@id":"https:\/\/ultraviolet.work\/_commercelocal\/#\/schema\/logo\/image\/","url":"https:\/\/ultraviolet.work\/_commercelocal\/wp-content\/uploads\/2020\/11\/IShopBrussels_w400.png","contentUrl":"https:\/\/ultraviolet.work\/_commercelocal\/wp-content\/uploads\/2020\/11\/IShopBrussels_w400.png","width":400,"height":200,"caption":"Le commerce local \u00e0 Bruxelles - I shop in Brussels"},"image":{"@id":"https:\/\/ultraviolet.work\/_commercelocal\/#\/schema\/logo\/image\/"},"sameAs":["https:\/\/www.facebook.com\/ishopinbrussels\/"]}]}},"_links":{"self":[{"href":"https:\/\/ultraviolet.work\/_commercelocal\/wp-json\/wp\/v2\/project\/12778","targetHints":{"allow":["GET"]}}],"collection":[{"href":"https:\/\/ultraviolet.work\/_commercelocal\/wp-json\/wp\/v2\/project"}],"about":[{"href":"https:\/\/ultraviolet.work\/_commercelocal\/wp-json\/wp\/v2\/types\/project"}],"author":[{"embeddable":true,"href":"https:\/\/ultraviolet.work\/_commercelocal\/wp-json\/wp\/v2\/users\/5"}],"replies":[{"embeddable":true,"href":"https:\/\/ultraviolet.work\/_commercelocal\/wp-json\/wp\/v2\/comments?post=12778"}],"version-history":[{"count":0,"href":"https:\/\/ultraviolet.work\/_commercelocal\/wp-json\/wp\/v2\/project\/12778\/revisions"}],"wp:featuredmedia":[{"embeddable":true,"href":"https:\/\/ultraviolet.work\/_commercelocal\/wp-json\/wp\/v2\/media\/12520"}],"wp:attachment":[{"href":"https:\/\/ultraviolet.work\/_commercelocal\/wp-json\/wp\/v2\/media?parent=12778"}],"wp:term":[{"taxonomy":"project_category","embeddable":true,"href":"https:\/\/ultraviolet.work\/_commercelocal\/wp-json\/wp\/v2\/project_category?post=12778"},{"taxonomy":"project_tag","embeddable":true,"href":"https:\/\/ultraviolet.work\/_commercelocal\/wp-json\/wp\/v2\/project_tag?post=12778"},{"taxonomy":"wf_project_folders","embeddable":true,"href":"https:\/\/ultraviolet.work\/_commercelocal\/wp-json\/wp\/v2\/wf_project_folders?post=12778"}],"curies":[{"name":"wp","href":"https:\/\/api.w.org\/{rel}","templated":true}]}}

<h2>Het Ivoren Aapje</h2>
<h5>Librairie</h5>
<h4>Place du Béguinage, 4, 1000 Bruxelles</h4>
<h6><a href="https://www.facebook.com/Het-Ivoren-Aapje-219918368056852/" target="_blank" rel="noopener">https://www.facebook.com/Het-Ivoren-Aapje-219918368056852/</a></h6>
<p>Baptisée d’après le roman d’Herman Teirlinck sur Bruxelles, Het Ivoren Aapje est une librairie spécialisée en littérature (en néerlandais, français, anglais, allemand, italien, espagnol et russe), histoire, philosophie et sciences humaines, gérée par l’historien flamand Frederik Deflo.</p>

<p>Het Ivoren Aapje Librairie Place du Béguinage, 4, 1000 Bruxelles https://www.facebook.com/Het-Ivoren-Aapje-219918368056852/ Baptisée d’après le roman d’Herman Teirlinck sur Bruxelles, Het Ivoren Aapje est une librairie spécialisée en littérature (en néerlandais, français, anglais, allemand, italien, espagnol et russe), histoire, philosophie et sciences humaines, gérée par l’historien flamand Frederik Deflo.</p>

<!-- This site is optimized with the Yoast SEO plugin v27.5 - https://yoast.com/product/yoast-seo-wordpress/ -->
<title>Het Ivoren Aapje - Le commerce local à Bruxelles</title>
<meta name="robots" content="noindex, follow" />
<meta property="og:locale" content="fr_FR" />
<meta property="og:type" content="article" />
<meta property="og:title" content="Het Ivoren Aapje - Le commerce local à Bruxelles" />
<meta property="og:description" content="Het Ivoren Aapje Librairie Place du Béguinage, 4, 1000 Bruxelles https://www.facebook.com/Het-Ivoren-Aapje-219918368056852/ Baptisée d’après le roman d’Herman Teirlinck sur Bruxelles, Het Ivoren Aapje est une librairie spécialisée en littérature (en néerlandais, français, anglais, allemand, italien, espagnol et russe), histoire, philosophie et sciences humaines, gérée par l’historien flamand Frederik Deflo." />
<meta property="og:url" content="https://ultraviolet.work/_commercelocal/project/het-ivoren-aapje/" />
<meta property="og:site_name" content="Le commerce local à Bruxelles" />
<meta property="article:publisher" content="https://www.facebook.com/ishopinbrussels/" />
<meta property="og:image" content="https://ultraviolet.work/_commercelocal/wp-content/uploads/2022/06/ivooren-aapje-web-800.jpg" />
	<meta property="og:image:width" content="2000" />
	<meta property="og:image:height" content="1500" />
	<meta property="og:image:type" content="image/jpeg" />
<meta name="twitter:card" content="summary_large_image" />
<script type="application/ld+json" class="yoast-schema-graph">{"@context":"https:\/\/schema.org","@graph":[{"@type":"WebPage","@id":"https:\/\/ultraviolet.work\/_commercelocal\/project\/het-ivoren-aapje\/","url":"https:\/\/ultraviolet.work\/_commercelocal\/project\/het-ivoren-aapje\/","name":"Het Ivoren Aapje - Le commerce local à Bruxelles","isPartOf":{"@id":"https:\/\/ultraviolet.work\/_commercelocal\/#website"},"primaryImageOfPage":{"@id":"https:\/\/ultraviolet.work\/_commercelocal\/project\/het-ivoren-aapje\/#primaryimage"},"image":{"@id":"https:\/\/ultraviolet.work\/_commercelocal\/project\/het-ivoren-aapje\/#primaryimage"},"thumbnailUrl":"https:\/\/ultraviolet.work\/_commercelocal\/wp-content\/uploads\/2022\/06\/ivooren-aapje-web-800.jpg","datePublished":"2022-06-23T10:45:58+00:00","breadcrumb":{"@id":"https:\/\/ultraviolet.work\/_commercelocal\/project\/het-ivoren-aapje\/#breadcrumb"},"inLanguage":"fr-FR","potentialAction":[{"@type":"ReadAction","target":["https:\/\/ultraviolet.work\/_commercelocal\/project\/het-ivoren-aapje\/"]}]},{"@type":"ImageObject","inLanguage":"fr-FR","@id":"https:\/\/ultraviolet.work\/_commercelocal\/project\/het-ivoren-aapje\/#primaryimage","url":"https:\/\/ultraviolet.work\/_commercelocal\/wp-content\/uploads\/2022\/06\/ivooren-aapje-web-800.jpg","contentUrl":"https:\/\/ultraviolet.work\/_commercelocal\/wp-content\/uploads\/2022\/06\/ivooren-aapje-web-800.jpg","width":2000,"height":1500},{"@type":"BreadcrumbList","@id":"https:\/\/ultraviolet.work\/_commercelocal\/project\/het-ivoren-aapje\/#breadcrumb","itemListElement":[{"@type":"ListItem","position":1,"name":"Accueil","item":"https:\/\/ultraviolet.work\/_commercelocal\/"},{"@type":"ListItem","position":2,"name":"Projets","item":"https:\/\/ultraviolet.work\/_commercelocal\/project\/"},{"@type":"ListItem","position":3,"name":"Het Ivoren Aapje"}]},{"@type":"WebSite","@id":"https:\/\/ultraviolet.work\/_commercelocal\/#website","url":"https:\/\/ultraviolet.work\/_commercelocal\/","name":"Le commerce local à Bruxelles","description":"","publisher":{"@id":"https:\/\/ultraviolet.work\/_commercelocal\/#organization"},"potentialAction":[{"@type":"SearchAction","target":{"@type":"EntryPoint","urlTemplate":"https:\/\/ultraviolet.work\/_commercelocal\/?s={search_term_string}"},"query-input":{"@type":"PropertyValueSpecification","valueRequired":true,"valueName":"search_term_string"}}],"inLanguage":"fr-FR"},{"@type":"Organization","@id":"https:\/\/ultraviolet.work\/_commercelocal\/#organization","name":"Le commerce local à Bruxelles - I shop in Brussels","url":"https:\/\/ultraviolet.work\/_commercelocal\/","logo":{"@type":"ImageObject","inLanguage":"fr-FR","@id":"https:\/\/ultraviolet.work\/_commercelocal\/#\/schema\/logo\/image\/","url":"https:\/\/ultraviolet.work\/_commercelocal\/wp-content\/uploads\/2020\/11\/IShopBrussels_w400.png","contentUrl":"https:\/\/ultraviolet.work\/_commercelocal\/wp-content\/uploads\/2020\/11\/IShopBrussels_w400.png","width":400,"height":200,"caption":"Le commerce local à Bruxelles - I shop in Brussels"},"image":{"@id":"https:\/\/ultraviolet.work\/_commercelocal\/#\/schema\/logo\/image\/"},"sameAs":["https:\/\/www.facebook.com\/ishopinbrussels\/"]}]}</script>
<!-- / Yoast SEO plugin. -->

Het Ivoren Aapje - Le commerce local à Bruxelles

Het Ivoren Aapje Librairie Place du Béguinage, 4, 1000 Bruxelles https://www.facebook.com/Het-Ivoren-Aapje-219918368056852/ Baptisée d’après le roman d’Herman Teirlinck sur Bruxelles, Het Ivoren Aapje est une librairie spécialisée en littérature (en néerlandais, français, anglais, allemand, italien, espagnol et russe), histoire, philosophie et sciences humaines, gérée par l’historien flamand Frederik Deflo.

Le commerce local à Bruxelles

Le commerce local à Bruxelles - I shop in Brussels
