{"id":16025,"date":"2022-10-14T09:36:56","date_gmt":"2022-10-14T07:36:56","guid":{"rendered":"https:\/\/ultraviolet.work\/_commercelocal\/project\/valerie-berckmans-3\/"},"modified":"2022-10-14T09:36:56","modified_gmt":"2022-10-14T07:36:56","slug":"valerie-berckmans-3","status":"publish","type":"project","link":"https:\/\/ultraviolet.work\/_commercelocal\/project\/valerie-berckmans-3\/","title":{"rendered":"Val\u00e9rie Berckmans"},"content":{"rendered":"<h2>Val\u00e9rie Berckmans<\/h2>\n<h5>V\u00eatements<\/h5>\n<h4>Rue Van Artevelde 8, 1000 Bruxelles <\/h4>\n<h5>Label : Qualit\u00e9 &#038; Savoir-faire<\/h5>\n<h6><a href=\"http:\/\/www.valerieberckmans.be\/\" target=\"_blank\" rel=\"noopener\">http:\/\/www.valerieberckmans.be\/<\/a><\/h6>\n<p>Dans sa boutique-atelier, Val\u00e9rie Berckmans cr\u00e9e et vend du pr\u00eat-\u00e0-porter f\u00e9minin depuis 2006. En collaboration avec Th\u00e9o Auqui\u00e8re, sa marque graphique et minimaliste c\u00e9l\u00e8bre une f\u00e9minit\u00e9 \u00e9th\u00e9r\u00e9e et une cr\u00e9ation circulaire. Chaque v\u00eatement est fabriqu\u00e9 dans un esprit d\u2019upcycling et de slow fashion. Ses collections sont exclusivement produites en Belgique et en France afin de saluer le savoir-faire local et de r\u00e9duire son empreinte \u00e9cologique.<\/p>\n","protected":false},"excerpt":{"rendered":"<p>Val\u00e9rie Berckmans V\u00eatements Rue Van Artevelde 8, 1000 Bruxelles Label : Qualit\u00e9 &#038; Savoir-faire http:\/\/www.valerieberckmans.be\/ Dans sa boutique-atelier, Val\u00e9rie Berckmans cr\u00e9e et vend du pr\u00eat-\u00e0-porter f\u00e9minin depuis 2006. En collaboration avec Th\u00e9o Auqui\u00e8re, sa marque graphique et minimaliste c\u00e9l\u00e8bre une f\u00e9minit\u00e9 \u00e9th\u00e9r\u00e9e et une cr\u00e9ation circulaire. Chaque v\u00eatement est fabriqu\u00e9 dans un esprit d\u2019upcycling et [&hellip;]<\/p>\n","protected":false},"author":5,"featured_media":15482,"comment_status":"closed","ping_status":"closed","template":"","meta":{"_et_pb_use_builder":"","_et_pb_old_content":"","_et_gb_content_width":"","inline_featured_image":false,"footnotes":""},"project_category":[1168],"project_tag":[1166],"wf_project_folders":[1224],"class_list":["post-16025","project","type-project","status-publish","has-post-thumbnail","hentry","project_category-dansaert","project_tag-vetements"],"yoast_head":"<!-- This site is optimized with the Yoast SEO plugin v27.5 - https:\/\/yoast.com\/product\/yoast-seo-wordpress\/ -->\n<title>Val\u00e9rie Berckmans - Le commerce local \u00e0 Bruxelles<\/title>\n<meta name=\"robots\" content=\"noindex, follow\" \/>\n<meta property=\"og:locale\" content=\"fr_FR\" \/>\n<meta property=\"og:type\" content=\"article\" \/>\n<meta property=\"og:title\" content=\"Val\u00e9rie Berckmans - Le commerce local \u00e0 Bruxelles\" \/>\n<meta property=\"og:description\" content=\"Val\u00e9rie Berckmans V\u00eatements Rue Van Artevelde 8, 1000 Bruxelles Label : Qualit\u00e9 &#038; Savoir-faire http:\/\/www.valerieberckmans.be\/ Dans sa boutique-atelier, Val\u00e9rie Berckmans cr\u00e9e et vend du pr\u00eat-\u00e0-porter f\u00e9minin depuis 2006. En collaboration avec Th\u00e9o Auqui\u00e8re, sa marque graphique et minimaliste c\u00e9l\u00e8bre une f\u00e9minit\u00e9 \u00e9th\u00e9r\u00e9e et une cr\u00e9ation circulaire. Chaque v\u00eatement est fabriqu\u00e9 dans un esprit d\u2019upcycling et [&hellip;]\" \/>\n<meta property=\"og:url\" content=\"https:\/\/ultraviolet.work\/_commercelocal\/project\/valerie-berckmans-3\/\" \/>\n<meta property=\"og:site_name\" content=\"Le commerce local \u00e0 Bruxelles\" \/>\n<meta property=\"article:publisher\" content=\"https:\/\/www.facebook.com\/ishopinbrussels\/\" \/>\n<meta property=\"og:image\" content=\"https:\/\/ultraviolet.work\/_commercelocal\/wp-content\/uploads\/2022\/10\/valerie-berckmans-1400.jpg\" \/>\n\t<meta property=\"og:image:width\" content=\"1400\" \/>\n\t<meta property=\"og:image:height\" content=\"1608\" \/>\n\t<meta property=\"og:image:type\" content=\"image\/jpeg\" \/>\n<meta name=\"twitter:card\" content=\"summary_large_image\" \/>\n<script type=\"application\/ld+json\" class=\"yoast-schema-graph\">{\"@context\":\"https:\\\/\\\/schema.org\",\"@graph\":[{\"@type\":\"WebPage\",\"@id\":\"https:\\\/\\\/ultraviolet.work\\\/_commercelocal\\\/project\\\/valerie-berckmans-3\\\/\",\"url\":\"https:\\\/\\\/ultraviolet.work\\\/_commercelocal\\\/project\\\/valerie-berckmans-3\\\/\",\"name\":\"Val\u00e9rie Berckmans - Le commerce local \u00e0 Bruxelles\",\"isPartOf\":{\"@id\":\"https:\\\/\\\/ultraviolet.work\\\/_commercelocal\\\/#website\"},\"primaryImageOfPage\":{\"@id\":\"https:\\\/\\\/ultraviolet.work\\\/_commercelocal\\\/project\\\/valerie-berckmans-3\\\/#primaryimage\"},\"image\":{\"@id\":\"https:\\\/\\\/ultraviolet.work\\\/_commercelocal\\\/project\\\/valerie-berckmans-3\\\/#primaryimage\"},\"thumbnailUrl\":\"https:\\\/\\\/ultraviolet.work\\\/_commercelocal\\\/wp-content\\\/uploads\\\/2022\\\/10\\\/valerie-berckmans-1400.jpg\",\"datePublished\":\"2022-10-14T07:36:56+00:00\",\"breadcrumb\":{\"@id\":\"https:\\\/\\\/ultraviolet.work\\\/_commercelocal\\\/project\\\/valerie-berckmans-3\\\/#breadcrumb\"},\"inLanguage\":\"fr-FR\",\"potentialAction\":[{\"@type\":\"ReadAction\",\"target\":[\"https:\\\/\\\/ultraviolet.work\\\/_commercelocal\\\/project\\\/valerie-berckmans-3\\\/\"]}]},{\"@type\":\"ImageObject\",\"inLanguage\":\"fr-FR\",\"@id\":\"https:\\\/\\\/ultraviolet.work\\\/_commercelocal\\\/project\\\/valerie-berckmans-3\\\/#primaryimage\",\"url\":\"https:\\\/\\\/ultraviolet.work\\\/_commercelocal\\\/wp-content\\\/uploads\\\/2022\\\/10\\\/valerie-berckmans-1400.jpg\",\"contentUrl\":\"https:\\\/\\\/ultraviolet.work\\\/_commercelocal\\\/wp-content\\\/uploads\\\/2022\\\/10\\\/valerie-berckmans-1400.jpg\",\"width\":1400,\"height\":1608},{\"@type\":\"BreadcrumbList\",\"@id\":\"https:\\\/\\\/ultraviolet.work\\\/_commercelocal\\\/project\\\/valerie-berckmans-3\\\/#breadcrumb\",\"itemListElement\":[{\"@type\":\"ListItem\",\"position\":1,\"name\":\"Accueil\",\"item\":\"https:\\\/\\\/ultraviolet.work\\\/_commercelocal\\\/\"},{\"@type\":\"ListItem\",\"position\":2,\"name\":\"Projets\",\"item\":\"https:\\\/\\\/ultraviolet.work\\\/_commercelocal\\\/project\\\/\"},{\"@type\":\"ListItem\",\"position\":3,\"name\":\"Val\u00e9rie Berckmans\"}]},{\"@type\":\"WebSite\",\"@id\":\"https:\\\/\\\/ultraviolet.work\\\/_commercelocal\\\/#website\",\"url\":\"https:\\\/\\\/ultraviolet.work\\\/_commercelocal\\\/\",\"name\":\"Le commerce local \u00e0 Bruxelles\",\"description\":\"\",\"publisher\":{\"@id\":\"https:\\\/\\\/ultraviolet.work\\\/_commercelocal\\\/#organization\"},\"potentialAction\":[{\"@type\":\"SearchAction\",\"target\":{\"@type\":\"EntryPoint\",\"urlTemplate\":\"https:\\\/\\\/ultraviolet.work\\\/_commercelocal\\\/?s={search_term_string}\"},\"query-input\":{\"@type\":\"PropertyValueSpecification\",\"valueRequired\":true,\"valueName\":\"search_term_string\"}}],\"inLanguage\":\"fr-FR\"},{\"@type\":\"Organization\",\"@id\":\"https:\\\/\\\/ultraviolet.work\\\/_commercelocal\\\/#organization\",\"name\":\"Le commerce local \u00e0 Bruxelles - I shop in Brussels\",\"url\":\"https:\\\/\\\/ultraviolet.work\\\/_commercelocal\\\/\",\"logo\":{\"@type\":\"ImageObject\",\"inLanguage\":\"fr-FR\",\"@id\":\"https:\\\/\\\/ultraviolet.work\\\/_commercelocal\\\/#\\\/schema\\\/logo\\\/image\\\/\",\"url\":\"https:\\\/\\\/ultraviolet.work\\\/_commercelocal\\\/wp-content\\\/uploads\\\/2020\\\/11\\\/IShopBrussels_w400.png\",\"contentUrl\":\"https:\\\/\\\/ultraviolet.work\\\/_commercelocal\\\/wp-content\\\/uploads\\\/2020\\\/11\\\/IShopBrussels_w400.png\",\"width\":400,\"height\":200,\"caption\":\"Le commerce local \u00e0 Bruxelles - I shop in Brussels\"},\"image\":{\"@id\":\"https:\\\/\\\/ultraviolet.work\\\/_commercelocal\\\/#\\\/schema\\\/logo\\\/image\\\/\"},\"sameAs\":[\"https:\\\/\\\/www.facebook.com\\\/ishopinbrussels\\\/\"]}]}<\/script>\n<!-- \/ Yoast SEO plugin. -->","yoast_head_json":{"title":"Val\u00e9rie Berckmans - Le commerce local \u00e0 Bruxelles","robots":{"index":"noindex","follow":"follow"},"og_locale":"fr_FR","og_type":"article","og_title":"Val\u00e9rie Berckmans - Le commerce local \u00e0 Bruxelles","og_description":"Val\u00e9rie Berckmans V\u00eatements Rue Van Artevelde 8, 1000 Bruxelles Label : Qualit\u00e9 &#038; Savoir-faire http:\/\/www.valerieberckmans.be\/ Dans sa boutique-atelier, Val\u00e9rie Berckmans cr\u00e9e et vend du pr\u00eat-\u00e0-porter f\u00e9minin depuis 2006. En collaboration avec Th\u00e9o Auqui\u00e8re, sa marque graphique et minimaliste c\u00e9l\u00e8bre une f\u00e9minit\u00e9 \u00e9th\u00e9r\u00e9e et une cr\u00e9ation circulaire. Chaque v\u00eatement est fabriqu\u00e9 dans un esprit d\u2019upcycling et [&hellip;]","og_url":"https:\/\/ultraviolet.work\/_commercelocal\/project\/valerie-berckmans-3\/","og_site_name":"Le commerce local \u00e0 Bruxelles","article_publisher":"https:\/\/www.facebook.com\/ishopinbrussels\/","og_image":[{"width":1400,"height":1608,"url":"https:\/\/ultraviolet.work\/_commercelocal\/wp-content\/uploads\/2022\/10\/valerie-berckmans-1400.jpg","type":"image\/jpeg"}],"twitter_card":"summary_large_image","schema":{"@context":"https:\/\/schema.org","@graph":[{"@type":"WebPage","@id":"https:\/\/ultraviolet.work\/_commercelocal\/project\/valerie-berckmans-3\/","url":"https:\/\/ultraviolet.work\/_commercelocal\/project\/valerie-berckmans-3\/","name":"Val\u00e9rie Berckmans - Le commerce local \u00e0 Bruxelles","isPartOf":{"@id":"https:\/\/ultraviolet.work\/_commercelocal\/#website"},"primaryImageOfPage":{"@id":"https:\/\/ultraviolet.work\/_commercelocal\/project\/valerie-berckmans-3\/#primaryimage"},"image":{"@id":"https:\/\/ultraviolet.work\/_commercelocal\/project\/valerie-berckmans-3\/#primaryimage"},"thumbnailUrl":"https:\/\/ultraviolet.work\/_commercelocal\/wp-content\/uploads\/2022\/10\/valerie-berckmans-1400.jpg","datePublished":"2022-10-14T07:36:56+00:00","breadcrumb":{"@id":"https:\/\/ultraviolet.work\/_commercelocal\/project\/valerie-berckmans-3\/#breadcrumb"},"inLanguage":"fr-FR","potentialAction":[{"@type":"ReadAction","target":["https:\/\/ultraviolet.work\/_commercelocal\/project\/valerie-berckmans-3\/"]}]},{"@type":"ImageObject","inLanguage":"fr-FR","@id":"https:\/\/ultraviolet.work\/_commercelocal\/project\/valerie-berckmans-3\/#primaryimage","url":"https:\/\/ultraviolet.work\/_commercelocal\/wp-content\/uploads\/2022\/10\/valerie-berckmans-1400.jpg","contentUrl":"https:\/\/ultraviolet.work\/_commercelocal\/wp-content\/uploads\/2022\/10\/valerie-berckmans-1400.jpg","width":1400,"height":1608},{"@type":"BreadcrumbList","@id":"https:\/\/ultraviolet.work\/_commercelocal\/project\/valerie-berckmans-3\/#breadcrumb","itemListElement":[{"@type":"ListItem","position":1,"name":"Accueil","item":"https:\/\/ultraviolet.work\/_commercelocal\/"},{"@type":"ListItem","position":2,"name":"Projets","item":"https:\/\/ultraviolet.work\/_commercelocal\/project\/"},{"@type":"ListItem","position":3,"name":"Val\u00e9rie Berckmans"}]},{"@type":"WebSite","@id":"https:\/\/ultraviolet.work\/_commercelocal\/#website","url":"https:\/\/ultraviolet.work\/_commercelocal\/","name":"Le commerce local \u00e0 Bruxelles","description":"","publisher":{"@id":"https:\/\/ultraviolet.work\/_commercelocal\/#organization"},"potentialAction":[{"@type":"SearchAction","target":{"@type":"EntryPoint","urlTemplate":"https:\/\/ultraviolet.work\/_commercelocal\/?s={search_term_string}"},"query-input":{"@type":"PropertyValueSpecification","valueRequired":true,"valueName":"search_term_string"}}],"inLanguage":"fr-FR"},{"@type":"Organization","@id":"https:\/\/ultraviolet.work\/_commercelocal\/#organization","name":"Le commerce local \u00e0 Bruxelles - I shop in Brussels","url":"https:\/\/ultraviolet.work\/_commercelocal\/","logo":{"@type":"ImageObject","inLanguage":"fr-FR","@id":"https:\/\/ultraviolet.work\/_commercelocal\/#\/schema\/logo\/image\/","url":"https:\/\/ultraviolet.work\/_commercelocal\/wp-content\/uploads\/2020\/11\/IShopBrussels_w400.png","contentUrl":"https:\/\/ultraviolet.work\/_commercelocal\/wp-content\/uploads\/2020\/11\/IShopBrussels_w400.png","width":400,"height":200,"caption":"Le commerce local \u00e0 Bruxelles - I shop in Brussels"},"image":{"@id":"https:\/\/ultraviolet.work\/_commercelocal\/#\/schema\/logo\/image\/"},"sameAs":["https:\/\/www.facebook.com\/ishopinbrussels\/"]}]}},"_links":{"self":[{"href":"https:\/\/ultraviolet.work\/_commercelocal\/wp-json\/wp\/v2\/project\/16025","targetHints":{"allow":["GET"]}}],"collection":[{"href":"https:\/\/ultraviolet.work\/_commercelocal\/wp-json\/wp\/v2\/project"}],"about":[{"href":"https:\/\/ultraviolet.work\/_commercelocal\/wp-json\/wp\/v2\/types\/project"}],"author":[{"embeddable":true,"href":"https:\/\/ultraviolet.work\/_commercelocal\/wp-json\/wp\/v2\/users\/5"}],"replies":[{"embeddable":true,"href":"https:\/\/ultraviolet.work\/_commercelocal\/wp-json\/wp\/v2\/comments?post=16025"}],"version-history":[{"count":0,"href":"https:\/\/ultraviolet.work\/_commercelocal\/wp-json\/wp\/v2\/project\/16025\/revisions"}],"wp:featuredmedia":[{"embeddable":true,"href":"https:\/\/ultraviolet.work\/_commercelocal\/wp-json\/wp\/v2\/media\/15482"}],"wp:attachment":[{"href":"https:\/\/ultraviolet.work\/_commercelocal\/wp-json\/wp\/v2\/media?parent=16025"}],"wp:term":[{"taxonomy":"project_category","embeddable":true,"href":"https:\/\/ultraviolet.work\/_commercelocal\/wp-json\/wp\/v2\/project_category?post=16025"},{"taxonomy":"project_tag","embeddable":true,"href":"https:\/\/ultraviolet.work\/_commercelocal\/wp-json\/wp\/v2\/project_tag?post=16025"},{"taxonomy":"wf_project_folders","embeddable":true,"href":"https:\/\/ultraviolet.work\/_commercelocal\/wp-json\/wp\/v2\/wf_project_folders?post=16025"}],"curies":[{"name":"wp","href":"https:\/\/api.w.org\/{rel}","templated":true}]}}

Valérie Berckmans

<h2>Valérie Berckmans</h2>
<h5>Vêtements</h5>
<h4>Rue Van Artevelde 8, 1000 Bruxelles </h4>
<h5>Label : Qualité &#038; Savoir-faire</h5>
<h6><a href="http://www.valerieberckmans.be/" target="_blank" rel="noopener">http://www.valerieberckmans.be/</a></h6>
<p>Dans sa boutique-atelier, Valérie Berckmans crée et vend du prêt-à-porter féminin depuis 2006. En collaboration avec Théo Auquière, sa marque graphique et minimaliste célèbre une féminité éthérée et une création circulaire. Chaque vêtement est fabriqué dans un esprit d’upcycling et de slow fashion. Ses collections sont exclusivement produites en Belgique et en France afin de saluer le savoir-faire local et de réduire son empreinte écologique.</p>

<p>Valérie Berckmans Vêtements Rue Van Artevelde 8, 1000 Bruxelles Label : Qualité &#038; Savoir-faire http://www.valerieberckmans.be/ Dans sa boutique-atelier, Valérie Berckmans crée et vend du prêt-à-porter féminin depuis 2006. En collaboration avec Théo Auquière, sa marque graphique et minimaliste célèbre une féminité éthérée et une création circulaire. Chaque vêtement est fabriqué dans un esprit d’upcycling et [&hellip;]</p>

<!-- This site is optimized with the Yoast SEO plugin v27.5 - https://yoast.com/product/yoast-seo-wordpress/ -->
<title>Valérie Berckmans - Le commerce local à Bruxelles</title>
<meta name="robots" content="noindex, follow" />
<meta property="og:locale" content="fr_FR" />
<meta property="og:type" content="article" />
<meta property="og:title" content="Valérie Berckmans - Le commerce local à Bruxelles" />
<meta property="og:description" content="Valérie Berckmans Vêtements Rue Van Artevelde 8, 1000 Bruxelles Label : Qualité &#038; Savoir-faire http://www.valerieberckmans.be/ Dans sa boutique-atelier, Valérie Berckmans crée et vend du prêt-à-porter féminin depuis 2006. En collaboration avec Théo Auquière, sa marque graphique et minimaliste célèbre une féminité éthérée et une création circulaire. Chaque vêtement est fabriqué dans un esprit d’upcycling et [&hellip;]" />
<meta property="og:url" content="https://ultraviolet.work/_commercelocal/project/valerie-berckmans-3/" />
<meta property="og:site_name" content="Le commerce local à Bruxelles" />
<meta property="article:publisher" content="https://www.facebook.com/ishopinbrussels/" />
<meta property="og:image" content="https://ultraviolet.work/_commercelocal/wp-content/uploads/2022/10/valerie-berckmans-1400.jpg" />
	<meta property="og:image:width" content="1400" />
	<meta property="og:image:height" content="1608" />
	<meta property="og:image:type" content="image/jpeg" />
<meta name="twitter:card" content="summary_large_image" />
<script type="application/ld+json" class="yoast-schema-graph">{"@context":"https:\/\/schema.org","@graph":[{"@type":"WebPage","@id":"https:\/\/ultraviolet.work\/_commercelocal\/project\/valerie-berckmans-3\/","url":"https:\/\/ultraviolet.work\/_commercelocal\/project\/valerie-berckmans-3\/","name":"Valérie Berckmans - Le commerce local à Bruxelles","isPartOf":{"@id":"https:\/\/ultraviolet.work\/_commercelocal\/#website"},"primaryImageOfPage":{"@id":"https:\/\/ultraviolet.work\/_commercelocal\/project\/valerie-berckmans-3\/#primaryimage"},"image":{"@id":"https:\/\/ultraviolet.work\/_commercelocal\/project\/valerie-berckmans-3\/#primaryimage"},"thumbnailUrl":"https:\/\/ultraviolet.work\/_commercelocal\/wp-content\/uploads\/2022\/10\/valerie-berckmans-1400.jpg","datePublished":"2022-10-14T07:36:56+00:00","breadcrumb":{"@id":"https:\/\/ultraviolet.work\/_commercelocal\/project\/valerie-berckmans-3\/#breadcrumb"},"inLanguage":"fr-FR","potentialAction":[{"@type":"ReadAction","target":["https:\/\/ultraviolet.work\/_commercelocal\/project\/valerie-berckmans-3\/"]}]},{"@type":"ImageObject","inLanguage":"fr-FR","@id":"https:\/\/ultraviolet.work\/_commercelocal\/project\/valerie-berckmans-3\/#primaryimage","url":"https:\/\/ultraviolet.work\/_commercelocal\/wp-content\/uploads\/2022\/10\/valerie-berckmans-1400.jpg","contentUrl":"https:\/\/ultraviolet.work\/_commercelocal\/wp-content\/uploads\/2022\/10\/valerie-berckmans-1400.jpg","width":1400,"height":1608},{"@type":"BreadcrumbList","@id":"https:\/\/ultraviolet.work\/_commercelocal\/project\/valerie-berckmans-3\/#breadcrumb","itemListElement":[{"@type":"ListItem","position":1,"name":"Accueil","item":"https:\/\/ultraviolet.work\/_commercelocal\/"},{"@type":"ListItem","position":2,"name":"Projets","item":"https:\/\/ultraviolet.work\/_commercelocal\/project\/"},{"@type":"ListItem","position":3,"name":"Valérie Berckmans"}]},{"@type":"WebSite","@id":"https:\/\/ultraviolet.work\/_commercelocal\/#website","url":"https:\/\/ultraviolet.work\/_commercelocal\/","name":"Le commerce local à Bruxelles","description":"","publisher":{"@id":"https:\/\/ultraviolet.work\/_commercelocal\/#organization"},"potentialAction":[{"@type":"SearchAction","target":{"@type":"EntryPoint","urlTemplate":"https:\/\/ultraviolet.work\/_commercelocal\/?s={search_term_string}"},"query-input":{"@type":"PropertyValueSpecification","valueRequired":true,"valueName":"search_term_string"}}],"inLanguage":"fr-FR"},{"@type":"Organization","@id":"https:\/\/ultraviolet.work\/_commercelocal\/#organization","name":"Le commerce local à Bruxelles - I shop in Brussels","url":"https:\/\/ultraviolet.work\/_commercelocal\/","logo":{"@type":"ImageObject","inLanguage":"fr-FR","@id":"https:\/\/ultraviolet.work\/_commercelocal\/#\/schema\/logo\/image\/","url":"https:\/\/ultraviolet.work\/_commercelocal\/wp-content\/uploads\/2020\/11\/IShopBrussels_w400.png","contentUrl":"https:\/\/ultraviolet.work\/_commercelocal\/wp-content\/uploads\/2020\/11\/IShopBrussels_w400.png","width":400,"height":200,"caption":"Le commerce local à Bruxelles - I shop in Brussels"},"image":{"@id":"https:\/\/ultraviolet.work\/_commercelocal\/#\/schema\/logo\/image\/"},"sameAs":["https:\/\/www.facebook.com\/ishopinbrussels\/"]}]}</script>
<!-- / Yoast SEO plugin. -->

Valérie Berckmans - Le commerce local à Bruxelles

Valérie Berckmans Vêtements Rue Van Artevelde 8, 1000 Bruxelles Label : Qualité &#038; Savoir-faire http://www.valerieberckmans.be/ Dans sa boutique-atelier, Valérie Berckmans crée et vend du prêt-à-porter féminin depuis 2006. En collaboration avec Théo Auquière, sa marque graphique et minimaliste célèbre une féminité éthérée et une création circulaire. Chaque vêtement est fabriqué dans un esprit d’upcycling et [&hellip;]

Le commerce local à Bruxelles

Le commerce local à Bruxelles - I shop in Brussels
