{"id":16070,"date":"2022-10-14T09:39:31","date_gmt":"2022-10-14T07:39:31","guid":{"rendered":"https:\/\/ultraviolet.work\/_commercelocal\/project\/128-rue-blaes-3\/"},"modified":"2022-10-14T09:39:31","modified_gmt":"2022-10-14T07:39:31","slug":"128-rue-blaes-3","status":"publish","type":"project","link":"https:\/\/ultraviolet.work\/_commercelocal\/project\/128-rue-blaes-3\/","title":{"rendered":"128 Rue Blaes"},"content":{"rendered":"<h2>128 Rue Blaes<\/h2>\n<h5>V\u00eatements<\/h5>\n<h4>Rue Blaes 128, 1000 Bruxelles <\/h4>\n<h5>Label : Qualit\u00e9 &#038; Savoir-faire<\/h5>\n<h6><a href=\"https:\/\/128rueblaes.myshopify.com\/password\" target=\"_blank\" rel=\"noopener\">https:\/\/128rueblaes.myshopify.com\/password<\/a><\/h6>\n<p>\u00c9thique et durable, 128 Rue Blaes propose des textiles et accessoires de qualit\u00e9, dans une optique de slow fashion et d\u2019\u00e9coconsommation. Cr\u00e9ateurs belges et \u00e9trangers sont mis \u00e0 l\u2019honneur, dans un cadre o\u00f9 simplicit\u00e9 rime avec \u00e9coresponsabilit\u00e9. Des pi\u00e8ces belles et intemporelles qui agr\u00e9menteront votre dressing sans l\u2019encombrer.<\/p>\n","protected":false},"excerpt":{"rendered":"<p>128 Rue Blaes V\u00eatements Rue Blaes 128, 1000 Bruxelles Label : Qualit\u00e9 &#038; Savoir-faire https:\/\/128rueblaes.myshopify.com\/password \u00c9thique et durable, 128 Rue Blaes propose des textiles et accessoires de qualit\u00e9, dans une optique de slow fashion et d\u2019\u00e9coconsommation. Cr\u00e9ateurs belges et \u00e9trangers sont mis \u00e0 l\u2019honneur, dans un cadre o\u00f9 simplicit\u00e9 rime avec \u00e9coresponsabilit\u00e9. Des pi\u00e8ces belles [&hellip;]<\/p>\n","protected":false},"author":5,"featured_media":14979,"comment_status":"closed","ping_status":"closed","template":"","meta":{"_et_pb_use_builder":"","_et_pb_old_content":"","_et_gb_content_width":"","inline_featured_image":false,"footnotes":""},"project_category":[1186],"project_tag":[1166],"wf_project_folders":[1224],"class_list":["post-16070","project","type-project","status-publish","has-post-thumbnail","hentry","project_category-marolles","project_tag-vetements"],"yoast_head":"<!-- This site is optimized with the Yoast SEO plugin v27.5 - https:\/\/yoast.com\/product\/yoast-seo-wordpress\/ -->\n<title>128 Rue Blaes - Le commerce local \u00e0 Bruxelles<\/title>\n<meta name=\"robots\" content=\"noindex, follow\" \/>\n<meta property=\"og:locale\" content=\"fr_FR\" \/>\n<meta property=\"og:type\" content=\"article\" \/>\n<meta property=\"og:title\" content=\"128 Rue Blaes - Le commerce local \u00e0 Bruxelles\" \/>\n<meta property=\"og:description\" content=\"128 Rue Blaes V\u00eatements Rue Blaes 128, 1000 Bruxelles Label : Qualit\u00e9 &#038; Savoir-faire https:\/\/128rueblaes.myshopify.com\/password \u00c9thique et durable, 128 Rue Blaes propose des textiles et accessoires de qualit\u00e9, dans une optique de slow fashion et d\u2019\u00e9coconsommation. Cr\u00e9ateurs belges et \u00e9trangers sont mis \u00e0 l\u2019honneur, dans un cadre o\u00f9 simplicit\u00e9 rime avec \u00e9coresponsabilit\u00e9. Des pi\u00e8ces belles [&hellip;]\" \/>\n<meta property=\"og:url\" content=\"https:\/\/ultraviolet.work\/_commercelocal\/project\/128-rue-blaes-3\/\" \/>\n<meta property=\"og:site_name\" content=\"Le commerce local \u00e0 Bruxelles\" \/>\n<meta property=\"article:publisher\" content=\"https:\/\/www.facebook.com\/ishopinbrussels\/\" \/>\n<meta property=\"og:image\" content=\"https:\/\/ultraviolet.work\/_commercelocal\/wp-content\/uploads\/2022\/10\/128-rue-blaes-1400.jpg\" \/>\n\t<meta property=\"og:image:width\" content=\"1400\" \/>\n\t<meta property=\"og:image:height\" content=\"933\" \/>\n\t<meta property=\"og:image:type\" content=\"image\/jpeg\" \/>\n<meta name=\"twitter:card\" content=\"summary_large_image\" \/>\n<script type=\"application\/ld+json\" class=\"yoast-schema-graph\">{\"@context\":\"https:\\\/\\\/schema.org\",\"@graph\":[{\"@type\":\"WebPage\",\"@id\":\"https:\\\/\\\/ultraviolet.work\\\/_commercelocal\\\/project\\\/128-rue-blaes-3\\\/\",\"url\":\"https:\\\/\\\/ultraviolet.work\\\/_commercelocal\\\/project\\\/128-rue-blaes-3\\\/\",\"name\":\"128 Rue Blaes - Le commerce local \u00e0 Bruxelles\",\"isPartOf\":{\"@id\":\"https:\\\/\\\/ultraviolet.work\\\/_commercelocal\\\/#website\"},\"primaryImageOfPage\":{\"@id\":\"https:\\\/\\\/ultraviolet.work\\\/_commercelocal\\\/project\\\/128-rue-blaes-3\\\/#primaryimage\"},\"image\":{\"@id\":\"https:\\\/\\\/ultraviolet.work\\\/_commercelocal\\\/project\\\/128-rue-blaes-3\\\/#primaryimage\"},\"thumbnailUrl\":\"https:\\\/\\\/ultraviolet.work\\\/_commercelocal\\\/wp-content\\\/uploads\\\/2022\\\/10\\\/128-rue-blaes-1400.jpg\",\"datePublished\":\"2022-10-14T07:39:31+00:00\",\"breadcrumb\":{\"@id\":\"https:\\\/\\\/ultraviolet.work\\\/_commercelocal\\\/project\\\/128-rue-blaes-3\\\/#breadcrumb\"},\"inLanguage\":\"fr-FR\",\"potentialAction\":[{\"@type\":\"ReadAction\",\"target\":[\"https:\\\/\\\/ultraviolet.work\\\/_commercelocal\\\/project\\\/128-rue-blaes-3\\\/\"]}]},{\"@type\":\"ImageObject\",\"inLanguage\":\"fr-FR\",\"@id\":\"https:\\\/\\\/ultraviolet.work\\\/_commercelocal\\\/project\\\/128-rue-blaes-3\\\/#primaryimage\",\"url\":\"https:\\\/\\\/ultraviolet.work\\\/_commercelocal\\\/wp-content\\\/uploads\\\/2022\\\/10\\\/128-rue-blaes-1400.jpg\",\"contentUrl\":\"https:\\\/\\\/ultraviolet.work\\\/_commercelocal\\\/wp-content\\\/uploads\\\/2022\\\/10\\\/128-rue-blaes-1400.jpg\",\"width\":1400,\"height\":933},{\"@type\":\"BreadcrumbList\",\"@id\":\"https:\\\/\\\/ultraviolet.work\\\/_commercelocal\\\/project\\\/128-rue-blaes-3\\\/#breadcrumb\",\"itemListElement\":[{\"@type\":\"ListItem\",\"position\":1,\"name\":\"Accueil\",\"item\":\"https:\\\/\\\/ultraviolet.work\\\/_commercelocal\\\/\"},{\"@type\":\"ListItem\",\"position\":2,\"name\":\"Projets\",\"item\":\"https:\\\/\\\/ultraviolet.work\\\/_commercelocal\\\/project\\\/\"},{\"@type\":\"ListItem\",\"position\":3,\"name\":\"128 Rue Blaes\"}]},{\"@type\":\"WebSite\",\"@id\":\"https:\\\/\\\/ultraviolet.work\\\/_commercelocal\\\/#website\",\"url\":\"https:\\\/\\\/ultraviolet.work\\\/_commercelocal\\\/\",\"name\":\"Le commerce local \u00e0 Bruxelles\",\"description\":\"\",\"publisher\":{\"@id\":\"https:\\\/\\\/ultraviolet.work\\\/_commercelocal\\\/#organization\"},\"potentialAction\":[{\"@type\":\"SearchAction\",\"target\":{\"@type\":\"EntryPoint\",\"urlTemplate\":\"https:\\\/\\\/ultraviolet.work\\\/_commercelocal\\\/?s={search_term_string}\"},\"query-input\":{\"@type\":\"PropertyValueSpecification\",\"valueRequired\":true,\"valueName\":\"search_term_string\"}}],\"inLanguage\":\"fr-FR\"},{\"@type\":\"Organization\",\"@id\":\"https:\\\/\\\/ultraviolet.work\\\/_commercelocal\\\/#organization\",\"name\":\"Le commerce local \u00e0 Bruxelles - I shop in Brussels\",\"url\":\"https:\\\/\\\/ultraviolet.work\\\/_commercelocal\\\/\",\"logo\":{\"@type\":\"ImageObject\",\"inLanguage\":\"fr-FR\",\"@id\":\"https:\\\/\\\/ultraviolet.work\\\/_commercelocal\\\/#\\\/schema\\\/logo\\\/image\\\/\",\"url\":\"https:\\\/\\\/ultraviolet.work\\\/_commercelocal\\\/wp-content\\\/uploads\\\/2020\\\/11\\\/IShopBrussels_w400.png\",\"contentUrl\":\"https:\\\/\\\/ultraviolet.work\\\/_commercelocal\\\/wp-content\\\/uploads\\\/2020\\\/11\\\/IShopBrussels_w400.png\",\"width\":400,\"height\":200,\"caption\":\"Le commerce local \u00e0 Bruxelles - I shop in Brussels\"},\"image\":{\"@id\":\"https:\\\/\\\/ultraviolet.work\\\/_commercelocal\\\/#\\\/schema\\\/logo\\\/image\\\/\"},\"sameAs\":[\"https:\\\/\\\/www.facebook.com\\\/ishopinbrussels\\\/\"]}]}<\/script>\n<!-- \/ Yoast SEO plugin. -->","yoast_head_json":{"title":"128 Rue Blaes - Le commerce local \u00e0 Bruxelles","robots":{"index":"noindex","follow":"follow"},"og_locale":"fr_FR","og_type":"article","og_title":"128 Rue Blaes - Le commerce local \u00e0 Bruxelles","og_description":"128 Rue Blaes V\u00eatements Rue Blaes 128, 1000 Bruxelles Label : Qualit\u00e9 &#038; Savoir-faire https:\/\/128rueblaes.myshopify.com\/password \u00c9thique et durable, 128 Rue Blaes propose des textiles et accessoires de qualit\u00e9, dans une optique de slow fashion et d\u2019\u00e9coconsommation. Cr\u00e9ateurs belges et \u00e9trangers sont mis \u00e0 l\u2019honneur, dans un cadre o\u00f9 simplicit\u00e9 rime avec \u00e9coresponsabilit\u00e9. Des pi\u00e8ces belles [&hellip;]","og_url":"https:\/\/ultraviolet.work\/_commercelocal\/project\/128-rue-blaes-3\/","og_site_name":"Le commerce local \u00e0 Bruxelles","article_publisher":"https:\/\/www.facebook.com\/ishopinbrussels\/","og_image":[{"width":1400,"height":933,"url":"https:\/\/ultraviolet.work\/_commercelocal\/wp-content\/uploads\/2022\/10\/128-rue-blaes-1400.jpg","type":"image\/jpeg"}],"twitter_card":"summary_large_image","schema":{"@context":"https:\/\/schema.org","@graph":[{"@type":"WebPage","@id":"https:\/\/ultraviolet.work\/_commercelocal\/project\/128-rue-blaes-3\/","url":"https:\/\/ultraviolet.work\/_commercelocal\/project\/128-rue-blaes-3\/","name":"128 Rue Blaes - Le commerce local \u00e0 Bruxelles","isPartOf":{"@id":"https:\/\/ultraviolet.work\/_commercelocal\/#website"},"primaryImageOfPage":{"@id":"https:\/\/ultraviolet.work\/_commercelocal\/project\/128-rue-blaes-3\/#primaryimage"},"image":{"@id":"https:\/\/ultraviolet.work\/_commercelocal\/project\/128-rue-blaes-3\/#primaryimage"},"thumbnailUrl":"https:\/\/ultraviolet.work\/_commercelocal\/wp-content\/uploads\/2022\/10\/128-rue-blaes-1400.jpg","datePublished":"2022-10-14T07:39:31+00:00","breadcrumb":{"@id":"https:\/\/ultraviolet.work\/_commercelocal\/project\/128-rue-blaes-3\/#breadcrumb"},"inLanguage":"fr-FR","potentialAction":[{"@type":"ReadAction","target":["https:\/\/ultraviolet.work\/_commercelocal\/project\/128-rue-blaes-3\/"]}]},{"@type":"ImageObject","inLanguage":"fr-FR","@id":"https:\/\/ultraviolet.work\/_commercelocal\/project\/128-rue-blaes-3\/#primaryimage","url":"https:\/\/ultraviolet.work\/_commercelocal\/wp-content\/uploads\/2022\/10\/128-rue-blaes-1400.jpg","contentUrl":"https:\/\/ultraviolet.work\/_commercelocal\/wp-content\/uploads\/2022\/10\/128-rue-blaes-1400.jpg","width":1400,"height":933},{"@type":"BreadcrumbList","@id":"https:\/\/ultraviolet.work\/_commercelocal\/project\/128-rue-blaes-3\/#breadcrumb","itemListElement":[{"@type":"ListItem","position":1,"name":"Accueil","item":"https:\/\/ultraviolet.work\/_commercelocal\/"},{"@type":"ListItem","position":2,"name":"Projets","item":"https:\/\/ultraviolet.work\/_commercelocal\/project\/"},{"@type":"ListItem","position":3,"name":"128 Rue Blaes"}]},{"@type":"WebSite","@id":"https:\/\/ultraviolet.work\/_commercelocal\/#website","url":"https:\/\/ultraviolet.work\/_commercelocal\/","name":"Le commerce local \u00e0 Bruxelles","description":"","publisher":{"@id":"https:\/\/ultraviolet.work\/_commercelocal\/#organization"},"potentialAction":[{"@type":"SearchAction","target":{"@type":"EntryPoint","urlTemplate":"https:\/\/ultraviolet.work\/_commercelocal\/?s={search_term_string}"},"query-input":{"@type":"PropertyValueSpecification","valueRequired":true,"valueName":"search_term_string"}}],"inLanguage":"fr-FR"},{"@type":"Organization","@id":"https:\/\/ultraviolet.work\/_commercelocal\/#organization","name":"Le commerce local \u00e0 Bruxelles - I shop in Brussels","url":"https:\/\/ultraviolet.work\/_commercelocal\/","logo":{"@type":"ImageObject","inLanguage":"fr-FR","@id":"https:\/\/ultraviolet.work\/_commercelocal\/#\/schema\/logo\/image\/","url":"https:\/\/ultraviolet.work\/_commercelocal\/wp-content\/uploads\/2020\/11\/IShopBrussels_w400.png","contentUrl":"https:\/\/ultraviolet.work\/_commercelocal\/wp-content\/uploads\/2020\/11\/IShopBrussels_w400.png","width":400,"height":200,"caption":"Le commerce local \u00e0 Bruxelles - I shop in Brussels"},"image":{"@id":"https:\/\/ultraviolet.work\/_commercelocal\/#\/schema\/logo\/image\/"},"sameAs":["https:\/\/www.facebook.com\/ishopinbrussels\/"]}]}},"_links":{"self":[{"href":"https:\/\/ultraviolet.work\/_commercelocal\/wp-json\/wp\/v2\/project\/16070","targetHints":{"allow":["GET"]}}],"collection":[{"href":"https:\/\/ultraviolet.work\/_commercelocal\/wp-json\/wp\/v2\/project"}],"about":[{"href":"https:\/\/ultraviolet.work\/_commercelocal\/wp-json\/wp\/v2\/types\/project"}],"author":[{"embeddable":true,"href":"https:\/\/ultraviolet.work\/_commercelocal\/wp-json\/wp\/v2\/users\/5"}],"replies":[{"embeddable":true,"href":"https:\/\/ultraviolet.work\/_commercelocal\/wp-json\/wp\/v2\/comments?post=16070"}],"version-history":[{"count":0,"href":"https:\/\/ultraviolet.work\/_commercelocal\/wp-json\/wp\/v2\/project\/16070\/revisions"}],"wp:featuredmedia":[{"embeddable":true,"href":"https:\/\/ultraviolet.work\/_commercelocal\/wp-json\/wp\/v2\/media\/14979"}],"wp:attachment":[{"href":"https:\/\/ultraviolet.work\/_commercelocal\/wp-json\/wp\/v2\/media?parent=16070"}],"wp:term":[{"taxonomy":"project_category","embeddable":true,"href":"https:\/\/ultraviolet.work\/_commercelocal\/wp-json\/wp\/v2\/project_category?post=16070"},{"taxonomy":"project_tag","embeddable":true,"href":"https:\/\/ultraviolet.work\/_commercelocal\/wp-json\/wp\/v2\/project_tag?post=16070"},{"taxonomy":"wf_project_folders","embeddable":true,"href":"https:\/\/ultraviolet.work\/_commercelocal\/wp-json\/wp\/v2\/wf_project_folders?post=16070"}],"curies":[{"name":"wp","href":"https:\/\/api.w.org\/{rel}","templated":true}]}}

<h2>128 Rue Blaes</h2>
<h5>Vêtements</h5>
<h4>Rue Blaes 128, 1000 Bruxelles </h4>
<h5>Label : Qualité &#038; Savoir-faire</h5>
<h6><a href="https://128rueblaes.myshopify.com/password" target="_blank" rel="noopener">https://128rueblaes.myshopify.com/password</a></h6>
<p>Éthique et durable, 128 Rue Blaes propose des textiles et accessoires de qualité, dans une optique de slow fashion et d’écoconsommation. Créateurs belges et étrangers sont mis à l’honneur, dans un cadre où simplicité rime avec écoresponsabilité. Des pièces belles et intemporelles qui agrémenteront votre dressing sans l’encombrer.</p>

<p>128 Rue Blaes Vêtements Rue Blaes 128, 1000 Bruxelles Label : Qualité &#038; Savoir-faire https://128rueblaes.myshopify.com/password Éthique et durable, 128 Rue Blaes propose des textiles et accessoires de qualité, dans une optique de slow fashion et d’écoconsommation. Créateurs belges et étrangers sont mis à l’honneur, dans un cadre où simplicité rime avec écoresponsabilité. Des pièces belles [&hellip;]</p>

<!-- This site is optimized with the Yoast SEO plugin v27.5 - https://yoast.com/product/yoast-seo-wordpress/ -->
<title>128 Rue Blaes - Le commerce local à Bruxelles</title>
<meta name="robots" content="noindex, follow" />
<meta property="og:locale" content="fr_FR" />
<meta property="og:type" content="article" />
<meta property="og:title" content="128 Rue Blaes - Le commerce local à Bruxelles" />
<meta property="og:description" content="128 Rue Blaes Vêtements Rue Blaes 128, 1000 Bruxelles Label : Qualité &#038; Savoir-faire https://128rueblaes.myshopify.com/password Éthique et durable, 128 Rue Blaes propose des textiles et accessoires de qualité, dans une optique de slow fashion et d’écoconsommation. Créateurs belges et étrangers sont mis à l’honneur, dans un cadre où simplicité rime avec écoresponsabilité. Des pièces belles [&hellip;]" />
<meta property="og:url" content="https://ultraviolet.work/_commercelocal/project/128-rue-blaes-3/" />
<meta property="og:site_name" content="Le commerce local à Bruxelles" />
<meta property="article:publisher" content="https://www.facebook.com/ishopinbrussels/" />
<meta property="og:image" content="https://ultraviolet.work/_commercelocal/wp-content/uploads/2022/10/128-rue-blaes-1400.jpg" />
	<meta property="og:image:width" content="1400" />
	<meta property="og:image:height" content="933" />
	<meta property="og:image:type" content="image/jpeg" />
<meta name="twitter:card" content="summary_large_image" />
<script type="application/ld+json" class="yoast-schema-graph">{"@context":"https:\/\/schema.org","@graph":[{"@type":"WebPage","@id":"https:\/\/ultraviolet.work\/_commercelocal\/project\/128-rue-blaes-3\/","url":"https:\/\/ultraviolet.work\/_commercelocal\/project\/128-rue-blaes-3\/","name":"128 Rue Blaes - Le commerce local à Bruxelles","isPartOf":{"@id":"https:\/\/ultraviolet.work\/_commercelocal\/#website"},"primaryImageOfPage":{"@id":"https:\/\/ultraviolet.work\/_commercelocal\/project\/128-rue-blaes-3\/#primaryimage"},"image":{"@id":"https:\/\/ultraviolet.work\/_commercelocal\/project\/128-rue-blaes-3\/#primaryimage"},"thumbnailUrl":"https:\/\/ultraviolet.work\/_commercelocal\/wp-content\/uploads\/2022\/10\/128-rue-blaes-1400.jpg","datePublished":"2022-10-14T07:39:31+00:00","breadcrumb":{"@id":"https:\/\/ultraviolet.work\/_commercelocal\/project\/128-rue-blaes-3\/#breadcrumb"},"inLanguage":"fr-FR","potentialAction":[{"@type":"ReadAction","target":["https:\/\/ultraviolet.work\/_commercelocal\/project\/128-rue-blaes-3\/"]}]},{"@type":"ImageObject","inLanguage":"fr-FR","@id":"https:\/\/ultraviolet.work\/_commercelocal\/project\/128-rue-blaes-3\/#primaryimage","url":"https:\/\/ultraviolet.work\/_commercelocal\/wp-content\/uploads\/2022\/10\/128-rue-blaes-1400.jpg","contentUrl":"https:\/\/ultraviolet.work\/_commercelocal\/wp-content\/uploads\/2022\/10\/128-rue-blaes-1400.jpg","width":1400,"height":933},{"@type":"BreadcrumbList","@id":"https:\/\/ultraviolet.work\/_commercelocal\/project\/128-rue-blaes-3\/#breadcrumb","itemListElement":[{"@type":"ListItem","position":1,"name":"Accueil","item":"https:\/\/ultraviolet.work\/_commercelocal\/"},{"@type":"ListItem","position":2,"name":"Projets","item":"https:\/\/ultraviolet.work\/_commercelocal\/project\/"},{"@type":"ListItem","position":3,"name":"128 Rue Blaes"}]},{"@type":"WebSite","@id":"https:\/\/ultraviolet.work\/_commercelocal\/#website","url":"https:\/\/ultraviolet.work\/_commercelocal\/","name":"Le commerce local à Bruxelles","description":"","publisher":{"@id":"https:\/\/ultraviolet.work\/_commercelocal\/#organization"},"potentialAction":[{"@type":"SearchAction","target":{"@type":"EntryPoint","urlTemplate":"https:\/\/ultraviolet.work\/_commercelocal\/?s={search_term_string}"},"query-input":{"@type":"PropertyValueSpecification","valueRequired":true,"valueName":"search_term_string"}}],"inLanguage":"fr-FR"},{"@type":"Organization","@id":"https:\/\/ultraviolet.work\/_commercelocal\/#organization","name":"Le commerce local à Bruxelles - I shop in Brussels","url":"https:\/\/ultraviolet.work\/_commercelocal\/","logo":{"@type":"ImageObject","inLanguage":"fr-FR","@id":"https:\/\/ultraviolet.work\/_commercelocal\/#\/schema\/logo\/image\/","url":"https:\/\/ultraviolet.work\/_commercelocal\/wp-content\/uploads\/2020\/11\/IShopBrussels_w400.png","contentUrl":"https:\/\/ultraviolet.work\/_commercelocal\/wp-content\/uploads\/2020\/11\/IShopBrussels_w400.png","width":400,"height":200,"caption":"Le commerce local à Bruxelles - I shop in Brussels"},"image":{"@id":"https:\/\/ultraviolet.work\/_commercelocal\/#\/schema\/logo\/image\/"},"sameAs":["https:\/\/www.facebook.com\/ishopinbrussels\/"]}]}</script>
<!-- / Yoast SEO plugin. -->

128 Rue Blaes - Le commerce local à Bruxelles

128 Rue Blaes Vêtements Rue Blaes 128, 1000 Bruxelles Label : Qualité &#038; Savoir-faire https://128rueblaes.myshopify.com/password Éthique et durable, 128 Rue Blaes propose des textiles et accessoires de qualité, dans une optique de slow fashion et d’écoconsommation. Créateurs belges et étrangers sont mis à l’honneur, dans un cadre où simplicité rime avec écoresponsabilité. Des pièces belles [&hellip;]

Le commerce local à Bruxelles

Le commerce local à Bruxelles - I shop in Brussels
