{"id":16111,"date":"2022-10-14T09:41:47","date_gmt":"2022-10-14T07:41:47","guid":{"rendered":"https:\/\/ultraviolet.work\/_commercelocal\/project\/atelier-de-la-barbiere\/"},"modified":"2022-10-14T09:41:47","modified_gmt":"2022-10-14T07:41:47","slug":"atelier-de-la-barbiere","status":"publish","type":"project","link":"https:\/\/ultraviolet.work\/_commercelocal\/project\/atelier-de-la-barbiere\/","title":{"rendered":"Atelier de la Barbi\u00e8re"},"content":{"rendered":"<h2>Atelier de la Barbi\u00e8re<\/h2>\n<h5>Service<\/h5>\n<h4>Rue Lebeau 17, 1000 Bruxelles<\/h4>\n<h5>Label : Qualit\u00e9 &#038; Savoir-faire<\/h5>\n<h6><a href=\"https:\/\/atelierbarbiere.be\/\" target=\"_blank\" rel=\"noopener\">https:\/\/atelierbarbiere.be\/<\/a><\/h6>\n<p>Besoin d\u2019un rasage de pr\u00e8s, de soins esth\u00e9tiques, d\u2019une coiffure tendance ou old school\u2009? Situ\u00e9 dans le quartier du Sablon, l\u2019Atelier de la Barbi\u00e8re, c\u2019est une \u00e9quipe de professionnels avec de longues ann\u00e9es d\u2019exp\u00e9rience. C\u2019est surtout bien plus qu\u2019un simple barbershop ; c\u2019est un complexe de beaut\u00e9 d\u00e9di\u00e9 au bien-\u00eatre masculin et \u00e0 la d\u00e9tente de ces messieurs.\u00a0<\/p>\n","protected":false},"excerpt":{"rendered":"<p>Atelier de la Barbi\u00e8re Service Rue Lebeau 17, 1000 Bruxelles Label : Qualit\u00e9 &#038; Savoir-faire https:\/\/atelierbarbiere.be\/ Besoin d\u2019un rasage de pr\u00e8s, de soins esth\u00e9tiques, d\u2019une coiffure tendance ou old school\u2009? Situ\u00e9 dans le quartier du Sablon, l\u2019Atelier de la Barbi\u00e8re, c\u2019est une \u00e9quipe de professionnels avec de longues ann\u00e9es d\u2019exp\u00e9rience. C\u2019est surtout bien plus qu\u2019un [&hellip;]<\/p>\n","protected":false},"author":5,"featured_media":15011,"comment_status":"closed","ping_status":"closed","template":"","meta":{"_et_pb_use_builder":"","_et_pb_old_content":"","_et_gb_content_width":"","inline_featured_image":false,"footnotes":""},"project_category":[1178],"project_tag":[1190],"wf_project_folders":[1224],"class_list":["post-16111","project","type-project","status-publish","has-post-thumbnail","hentry","project_category-sablon","project_tag-service"],"yoast_head":"<!-- This site is optimized with the Yoast SEO plugin v27.5 - https:\/\/yoast.com\/product\/yoast-seo-wordpress\/ -->\n<title>Atelier de la Barbi\u00e8re - Le commerce local \u00e0 Bruxelles<\/title>\n<meta name=\"robots\" content=\"noindex, follow\" \/>\n<meta property=\"og:locale\" content=\"fr_FR\" \/>\n<meta property=\"og:type\" content=\"article\" \/>\n<meta property=\"og:title\" content=\"Atelier de la Barbi\u00e8re - Le commerce local \u00e0 Bruxelles\" \/>\n<meta property=\"og:description\" content=\"Atelier de la Barbi\u00e8re Service Rue Lebeau 17, 1000 Bruxelles Label : Qualit\u00e9 &#038; Savoir-faire https:\/\/atelierbarbiere.be\/ Besoin d\u2019un rasage de pr\u00e8s, de soins esth\u00e9tiques, d\u2019une coiffure tendance ou old school\u2009? Situ\u00e9 dans le quartier du Sablon, l\u2019Atelier de la Barbi\u00e8re, c\u2019est une \u00e9quipe de professionnels avec de longues ann\u00e9es d\u2019exp\u00e9rience. C\u2019est surtout bien plus qu\u2019un [&hellip;]\" \/>\n<meta property=\"og:url\" content=\"https:\/\/ultraviolet.work\/_commercelocal\/project\/atelier-de-la-barbiere\/\" \/>\n<meta property=\"og:site_name\" content=\"Le commerce local \u00e0 Bruxelles\" \/>\n<meta property=\"article:publisher\" content=\"https:\/\/www.facebook.com\/ishopinbrussels\/\" \/>\n<meta property=\"og:image\" content=\"https:\/\/ultraviolet.work\/_commercelocal\/wp-content\/uploads\/2022\/10\/atelier-de-la-barbiere-1400.jpg\" \/>\n\t<meta property=\"og:image:width\" content=\"1400\" \/>\n\t<meta property=\"og:image:height\" content=\"833\" \/>\n\t<meta property=\"og:image:type\" content=\"image\/jpeg\" \/>\n<meta name=\"twitter:card\" content=\"summary_large_image\" \/>\n<script type=\"application\/ld+json\" class=\"yoast-schema-graph\">{\"@context\":\"https:\\\/\\\/schema.org\",\"@graph\":[{\"@type\":\"WebPage\",\"@id\":\"https:\\\/\\\/ultraviolet.work\\\/_commercelocal\\\/project\\\/atelier-de-la-barbiere\\\/\",\"url\":\"https:\\\/\\\/ultraviolet.work\\\/_commercelocal\\\/project\\\/atelier-de-la-barbiere\\\/\",\"name\":\"Atelier de la Barbi\u00e8re - Le commerce local \u00e0 Bruxelles\",\"isPartOf\":{\"@id\":\"https:\\\/\\\/ultraviolet.work\\\/_commercelocal\\\/#website\"},\"primaryImageOfPage\":{\"@id\":\"https:\\\/\\\/ultraviolet.work\\\/_commercelocal\\\/project\\\/atelier-de-la-barbiere\\\/#primaryimage\"},\"image\":{\"@id\":\"https:\\\/\\\/ultraviolet.work\\\/_commercelocal\\\/project\\\/atelier-de-la-barbiere\\\/#primaryimage\"},\"thumbnailUrl\":\"https:\\\/\\\/ultraviolet.work\\\/_commercelocal\\\/wp-content\\\/uploads\\\/2022\\\/10\\\/atelier-de-la-barbiere-1400.jpg\",\"datePublished\":\"2022-10-14T07:41:47+00:00\",\"breadcrumb\":{\"@id\":\"https:\\\/\\\/ultraviolet.work\\\/_commercelocal\\\/project\\\/atelier-de-la-barbiere\\\/#breadcrumb\"},\"inLanguage\":\"fr-FR\",\"potentialAction\":[{\"@type\":\"ReadAction\",\"target\":[\"https:\\\/\\\/ultraviolet.work\\\/_commercelocal\\\/project\\\/atelier-de-la-barbiere\\\/\"]}]},{\"@type\":\"ImageObject\",\"inLanguage\":\"fr-FR\",\"@id\":\"https:\\\/\\\/ultraviolet.work\\\/_commercelocal\\\/project\\\/atelier-de-la-barbiere\\\/#primaryimage\",\"url\":\"https:\\\/\\\/ultraviolet.work\\\/_commercelocal\\\/wp-content\\\/uploads\\\/2022\\\/10\\\/atelier-de-la-barbiere-1400.jpg\",\"contentUrl\":\"https:\\\/\\\/ultraviolet.work\\\/_commercelocal\\\/wp-content\\\/uploads\\\/2022\\\/10\\\/atelier-de-la-barbiere-1400.jpg\",\"width\":1400,\"height\":833},{\"@type\":\"BreadcrumbList\",\"@id\":\"https:\\\/\\\/ultraviolet.work\\\/_commercelocal\\\/project\\\/atelier-de-la-barbiere\\\/#breadcrumb\",\"itemListElement\":[{\"@type\":\"ListItem\",\"position\":1,\"name\":\"Accueil\",\"item\":\"https:\\\/\\\/ultraviolet.work\\\/_commercelocal\\\/\"},{\"@type\":\"ListItem\",\"position\":2,\"name\":\"Projets\",\"item\":\"https:\\\/\\\/ultraviolet.work\\\/_commercelocal\\\/project\\\/\"},{\"@type\":\"ListItem\",\"position\":3,\"name\":\"Atelier de la Barbi\u00e8re\"}]},{\"@type\":\"WebSite\",\"@id\":\"https:\\\/\\\/ultraviolet.work\\\/_commercelocal\\\/#website\",\"url\":\"https:\\\/\\\/ultraviolet.work\\\/_commercelocal\\\/\",\"name\":\"Le commerce local \u00e0 Bruxelles\",\"description\":\"\",\"publisher\":{\"@id\":\"https:\\\/\\\/ultraviolet.work\\\/_commercelocal\\\/#organization\"},\"potentialAction\":[{\"@type\":\"SearchAction\",\"target\":{\"@type\":\"EntryPoint\",\"urlTemplate\":\"https:\\\/\\\/ultraviolet.work\\\/_commercelocal\\\/?s={search_term_string}\"},\"query-input\":{\"@type\":\"PropertyValueSpecification\",\"valueRequired\":true,\"valueName\":\"search_term_string\"}}],\"inLanguage\":\"fr-FR\"},{\"@type\":\"Organization\",\"@id\":\"https:\\\/\\\/ultraviolet.work\\\/_commercelocal\\\/#organization\",\"name\":\"Le commerce local \u00e0 Bruxelles - I shop in Brussels\",\"url\":\"https:\\\/\\\/ultraviolet.work\\\/_commercelocal\\\/\",\"logo\":{\"@type\":\"ImageObject\",\"inLanguage\":\"fr-FR\",\"@id\":\"https:\\\/\\\/ultraviolet.work\\\/_commercelocal\\\/#\\\/schema\\\/logo\\\/image\\\/\",\"url\":\"https:\\\/\\\/ultraviolet.work\\\/_commercelocal\\\/wp-content\\\/uploads\\\/2020\\\/11\\\/IShopBrussels_w400.png\",\"contentUrl\":\"https:\\\/\\\/ultraviolet.work\\\/_commercelocal\\\/wp-content\\\/uploads\\\/2020\\\/11\\\/IShopBrussels_w400.png\",\"width\":400,\"height\":200,\"caption\":\"Le commerce local \u00e0 Bruxelles - I shop in Brussels\"},\"image\":{\"@id\":\"https:\\\/\\\/ultraviolet.work\\\/_commercelocal\\\/#\\\/schema\\\/logo\\\/image\\\/\"},\"sameAs\":[\"https:\\\/\\\/www.facebook.com\\\/ishopinbrussels\\\/\"]}]}<\/script>\n<!-- \/ Yoast SEO plugin. -->","yoast_head_json":{"title":"Atelier de la Barbi\u00e8re - Le commerce local \u00e0 Bruxelles","robots":{"index":"noindex","follow":"follow"},"og_locale":"fr_FR","og_type":"article","og_title":"Atelier de la Barbi\u00e8re - Le commerce local \u00e0 Bruxelles","og_description":"Atelier de la Barbi\u00e8re Service Rue Lebeau 17, 1000 Bruxelles Label : Qualit\u00e9 &#038; Savoir-faire https:\/\/atelierbarbiere.be\/ Besoin d\u2019un rasage de pr\u00e8s, de soins esth\u00e9tiques, d\u2019une coiffure tendance ou old school\u2009? Situ\u00e9 dans le quartier du Sablon, l\u2019Atelier de la Barbi\u00e8re, c\u2019est une \u00e9quipe de professionnels avec de longues ann\u00e9es d\u2019exp\u00e9rience. C\u2019est surtout bien plus qu\u2019un [&hellip;]","og_url":"https:\/\/ultraviolet.work\/_commercelocal\/project\/atelier-de-la-barbiere\/","og_site_name":"Le commerce local \u00e0 Bruxelles","article_publisher":"https:\/\/www.facebook.com\/ishopinbrussels\/","og_image":[{"width":1400,"height":833,"url":"https:\/\/ultraviolet.work\/_commercelocal\/wp-content\/uploads\/2022\/10\/atelier-de-la-barbiere-1400.jpg","type":"image\/jpeg"}],"twitter_card":"summary_large_image","schema":{"@context":"https:\/\/schema.org","@graph":[{"@type":"WebPage","@id":"https:\/\/ultraviolet.work\/_commercelocal\/project\/atelier-de-la-barbiere\/","url":"https:\/\/ultraviolet.work\/_commercelocal\/project\/atelier-de-la-barbiere\/","name":"Atelier de la Barbi\u00e8re - Le commerce local \u00e0 Bruxelles","isPartOf":{"@id":"https:\/\/ultraviolet.work\/_commercelocal\/#website"},"primaryImageOfPage":{"@id":"https:\/\/ultraviolet.work\/_commercelocal\/project\/atelier-de-la-barbiere\/#primaryimage"},"image":{"@id":"https:\/\/ultraviolet.work\/_commercelocal\/project\/atelier-de-la-barbiere\/#primaryimage"},"thumbnailUrl":"https:\/\/ultraviolet.work\/_commercelocal\/wp-content\/uploads\/2022\/10\/atelier-de-la-barbiere-1400.jpg","datePublished":"2022-10-14T07:41:47+00:00","breadcrumb":{"@id":"https:\/\/ultraviolet.work\/_commercelocal\/project\/atelier-de-la-barbiere\/#breadcrumb"},"inLanguage":"fr-FR","potentialAction":[{"@type":"ReadAction","target":["https:\/\/ultraviolet.work\/_commercelocal\/project\/atelier-de-la-barbiere\/"]}]},{"@type":"ImageObject","inLanguage":"fr-FR","@id":"https:\/\/ultraviolet.work\/_commercelocal\/project\/atelier-de-la-barbiere\/#primaryimage","url":"https:\/\/ultraviolet.work\/_commercelocal\/wp-content\/uploads\/2022\/10\/atelier-de-la-barbiere-1400.jpg","contentUrl":"https:\/\/ultraviolet.work\/_commercelocal\/wp-content\/uploads\/2022\/10\/atelier-de-la-barbiere-1400.jpg","width":1400,"height":833},{"@type":"BreadcrumbList","@id":"https:\/\/ultraviolet.work\/_commercelocal\/project\/atelier-de-la-barbiere\/#breadcrumb","itemListElement":[{"@type":"ListItem","position":1,"name":"Accueil","item":"https:\/\/ultraviolet.work\/_commercelocal\/"},{"@type":"ListItem","position":2,"name":"Projets","item":"https:\/\/ultraviolet.work\/_commercelocal\/project\/"},{"@type":"ListItem","position":3,"name":"Atelier de la Barbi\u00e8re"}]},{"@type":"WebSite","@id":"https:\/\/ultraviolet.work\/_commercelocal\/#website","url":"https:\/\/ultraviolet.work\/_commercelocal\/","name":"Le commerce local \u00e0 Bruxelles","description":"","publisher":{"@id":"https:\/\/ultraviolet.work\/_commercelocal\/#organization"},"potentialAction":[{"@type":"SearchAction","target":{"@type":"EntryPoint","urlTemplate":"https:\/\/ultraviolet.work\/_commercelocal\/?s={search_term_string}"},"query-input":{"@type":"PropertyValueSpecification","valueRequired":true,"valueName":"search_term_string"}}],"inLanguage":"fr-FR"},{"@type":"Organization","@id":"https:\/\/ultraviolet.work\/_commercelocal\/#organization","name":"Le commerce local \u00e0 Bruxelles - I shop in Brussels","url":"https:\/\/ultraviolet.work\/_commercelocal\/","logo":{"@type":"ImageObject","inLanguage":"fr-FR","@id":"https:\/\/ultraviolet.work\/_commercelocal\/#\/schema\/logo\/image\/","url":"https:\/\/ultraviolet.work\/_commercelocal\/wp-content\/uploads\/2020\/11\/IShopBrussels_w400.png","contentUrl":"https:\/\/ultraviolet.work\/_commercelocal\/wp-content\/uploads\/2020\/11\/IShopBrussels_w400.png","width":400,"height":200,"caption":"Le commerce local \u00e0 Bruxelles - I shop in Brussels"},"image":{"@id":"https:\/\/ultraviolet.work\/_commercelocal\/#\/schema\/logo\/image\/"},"sameAs":["https:\/\/www.facebook.com\/ishopinbrussels\/"]}]}},"_links":{"self":[{"href":"https:\/\/ultraviolet.work\/_commercelocal\/wp-json\/wp\/v2\/project\/16111","targetHints":{"allow":["GET"]}}],"collection":[{"href":"https:\/\/ultraviolet.work\/_commercelocal\/wp-json\/wp\/v2\/project"}],"about":[{"href":"https:\/\/ultraviolet.work\/_commercelocal\/wp-json\/wp\/v2\/types\/project"}],"author":[{"embeddable":true,"href":"https:\/\/ultraviolet.work\/_commercelocal\/wp-json\/wp\/v2\/users\/5"}],"replies":[{"embeddable":true,"href":"https:\/\/ultraviolet.work\/_commercelocal\/wp-json\/wp\/v2\/comments?post=16111"}],"version-history":[{"count":0,"href":"https:\/\/ultraviolet.work\/_commercelocal\/wp-json\/wp\/v2\/project\/16111\/revisions"}],"wp:featuredmedia":[{"embeddable":true,"href":"https:\/\/ultraviolet.work\/_commercelocal\/wp-json\/wp\/v2\/media\/15011"}],"wp:attachment":[{"href":"https:\/\/ultraviolet.work\/_commercelocal\/wp-json\/wp\/v2\/media?parent=16111"}],"wp:term":[{"taxonomy":"project_category","embeddable":true,"href":"https:\/\/ultraviolet.work\/_commercelocal\/wp-json\/wp\/v2\/project_category?post=16111"},{"taxonomy":"project_tag","embeddable":true,"href":"https:\/\/ultraviolet.work\/_commercelocal\/wp-json\/wp\/v2\/project_tag?post=16111"},{"taxonomy":"wf_project_folders","embeddable":true,"href":"https:\/\/ultraviolet.work\/_commercelocal\/wp-json\/wp\/v2\/wf_project_folders?post=16111"}],"curies":[{"name":"wp","href":"https:\/\/api.w.org\/{rel}","templated":true}]}}

Atelier de la Barbière

<h2>Atelier de la Barbière</h2>
<h5>Service</h5>
<h4>Rue Lebeau 17, 1000 Bruxelles</h4>
<h5>Label : Qualité &#038; Savoir-faire</h5>
<h6><a href="https://atelierbarbiere.be/" target="_blank" rel="noopener">https://atelierbarbiere.be/</a></h6>
<p>Besoin d’un rasage de près, de soins esthétiques, d’une coiffure tendance ou old school ? Situé dans le quartier du Sablon, l’Atelier de la Barbière, c’est une équipe de professionnels avec de longues années d’expérience. C’est surtout bien plus qu’un simple barbershop ; c’est un complexe de beauté dédié au bien-être masculin et à la détente de ces messieurs. </p>

<p>Atelier de la Barbière Service Rue Lebeau 17, 1000 Bruxelles Label : Qualité &#038; Savoir-faire https://atelierbarbiere.be/ Besoin d’un rasage de près, de soins esthétiques, d’une coiffure tendance ou old school ? Situé dans le quartier du Sablon, l’Atelier de la Barbière, c’est une équipe de professionnels avec de longues années d’expérience. C’est surtout bien plus qu’un [&hellip;]</p>

<!-- This site is optimized with the Yoast SEO plugin v27.5 - https://yoast.com/product/yoast-seo-wordpress/ -->
<title>Atelier de la Barbière - Le commerce local à Bruxelles</title>
<meta name="robots" content="noindex, follow" />
<meta property="og:locale" content="fr_FR" />
<meta property="og:type" content="article" />
<meta property="og:title" content="Atelier de la Barbière - Le commerce local à Bruxelles" />
<meta property="og:description" content="Atelier de la Barbière Service Rue Lebeau 17, 1000 Bruxelles Label : Qualité &#038; Savoir-faire https://atelierbarbiere.be/ Besoin d’un rasage de près, de soins esthétiques, d’une coiffure tendance ou old school ? Situé dans le quartier du Sablon, l’Atelier de la Barbière, c’est une équipe de professionnels avec de longues années d’expérience. C’est surtout bien plus qu’un [&hellip;]" />
<meta property="og:url" content="https://ultraviolet.work/_commercelocal/project/atelier-de-la-barbiere/" />
<meta property="og:site_name" content="Le commerce local à Bruxelles" />
<meta property="article:publisher" content="https://www.facebook.com/ishopinbrussels/" />
<meta property="og:image" content="https://ultraviolet.work/_commercelocal/wp-content/uploads/2022/10/atelier-de-la-barbiere-1400.jpg" />
	<meta property="og:image:width" content="1400" />
	<meta property="og:image:height" content="833" />
	<meta property="og:image:type" content="image/jpeg" />
<meta name="twitter:card" content="summary_large_image" />
<script type="application/ld+json" class="yoast-schema-graph">{"@context":"https:\/\/schema.org","@graph":[{"@type":"WebPage","@id":"https:\/\/ultraviolet.work\/_commercelocal\/project\/atelier-de-la-barbiere\/","url":"https:\/\/ultraviolet.work\/_commercelocal\/project\/atelier-de-la-barbiere\/","name":"Atelier de la Barbière - Le commerce local à Bruxelles","isPartOf":{"@id":"https:\/\/ultraviolet.work\/_commercelocal\/#website"},"primaryImageOfPage":{"@id":"https:\/\/ultraviolet.work\/_commercelocal\/project\/atelier-de-la-barbiere\/#primaryimage"},"image":{"@id":"https:\/\/ultraviolet.work\/_commercelocal\/project\/atelier-de-la-barbiere\/#primaryimage"},"thumbnailUrl":"https:\/\/ultraviolet.work\/_commercelocal\/wp-content\/uploads\/2022\/10\/atelier-de-la-barbiere-1400.jpg","datePublished":"2022-10-14T07:41:47+00:00","breadcrumb":{"@id":"https:\/\/ultraviolet.work\/_commercelocal\/project\/atelier-de-la-barbiere\/#breadcrumb"},"inLanguage":"fr-FR","potentialAction":[{"@type":"ReadAction","target":["https:\/\/ultraviolet.work\/_commercelocal\/project\/atelier-de-la-barbiere\/"]}]},{"@type":"ImageObject","inLanguage":"fr-FR","@id":"https:\/\/ultraviolet.work\/_commercelocal\/project\/atelier-de-la-barbiere\/#primaryimage","url":"https:\/\/ultraviolet.work\/_commercelocal\/wp-content\/uploads\/2022\/10\/atelier-de-la-barbiere-1400.jpg","contentUrl":"https:\/\/ultraviolet.work\/_commercelocal\/wp-content\/uploads\/2022\/10\/atelier-de-la-barbiere-1400.jpg","width":1400,"height":833},{"@type":"BreadcrumbList","@id":"https:\/\/ultraviolet.work\/_commercelocal\/project\/atelier-de-la-barbiere\/#breadcrumb","itemListElement":[{"@type":"ListItem","position":1,"name":"Accueil","item":"https:\/\/ultraviolet.work\/_commercelocal\/"},{"@type":"ListItem","position":2,"name":"Projets","item":"https:\/\/ultraviolet.work\/_commercelocal\/project\/"},{"@type":"ListItem","position":3,"name":"Atelier de la Barbière"}]},{"@type":"WebSite","@id":"https:\/\/ultraviolet.work\/_commercelocal\/#website","url":"https:\/\/ultraviolet.work\/_commercelocal\/","name":"Le commerce local à Bruxelles","description":"","publisher":{"@id":"https:\/\/ultraviolet.work\/_commercelocal\/#organization"},"potentialAction":[{"@type":"SearchAction","target":{"@type":"EntryPoint","urlTemplate":"https:\/\/ultraviolet.work\/_commercelocal\/?s={search_term_string}"},"query-input":{"@type":"PropertyValueSpecification","valueRequired":true,"valueName":"search_term_string"}}],"inLanguage":"fr-FR"},{"@type":"Organization","@id":"https:\/\/ultraviolet.work\/_commercelocal\/#organization","name":"Le commerce local à Bruxelles - I shop in Brussels","url":"https:\/\/ultraviolet.work\/_commercelocal\/","logo":{"@type":"ImageObject","inLanguage":"fr-FR","@id":"https:\/\/ultraviolet.work\/_commercelocal\/#\/schema\/logo\/image\/","url":"https:\/\/ultraviolet.work\/_commercelocal\/wp-content\/uploads\/2020\/11\/IShopBrussels_w400.png","contentUrl":"https:\/\/ultraviolet.work\/_commercelocal\/wp-content\/uploads\/2020\/11\/IShopBrussels_w400.png","width":400,"height":200,"caption":"Le commerce local à Bruxelles - I shop in Brussels"},"image":{"@id":"https:\/\/ultraviolet.work\/_commercelocal\/#\/schema\/logo\/image\/"},"sameAs":["https:\/\/www.facebook.com\/ishopinbrussels\/"]}]}</script>
<!-- / Yoast SEO plugin. -->

Atelier de la Barbière - Le commerce local à Bruxelles

Atelier de la Barbière Service Rue Lebeau 17, 1000 Bruxelles Label : Qualité &#038; Savoir-faire https://atelierbarbiere.be/ Besoin d’un rasage de près, de soins esthétiques, d’une coiffure tendance ou old school ? Situé dans le quartier du Sablon, l’Atelier de la Barbière, c’est une équipe de professionnels avec de longues années d’expérience. C’est surtout bien plus qu’un [&hellip;]

Le commerce local à Bruxelles

Le commerce local à Bruxelles - I shop in Brussels
