{"id":16112,"date":"2022-10-14T09:41:50","date_gmt":"2022-10-14T07:41:50","guid":{"rendered":"https:\/\/ultraviolet.work\/_commercelocal\/project\/atelier-de-coloration\/"},"modified":"2022-10-14T09:41:50","modified_gmt":"2022-10-14T07:41:50","slug":"atelier-de-coloration","status":"publish","type":"project","link":"https:\/\/ultraviolet.work\/_commercelocal\/project\/atelier-de-coloration\/","title":{"rendered":"Atelier de Coloration"},"content":{"rendered":"<h2>Atelier de Coloration<\/h2>\n<h5>Service<\/h5>\n<h4>Rue de Namur 65A, 1000 Bruxelles<\/h4>\n<h5>Label : Qualit\u00e9 &#038; Savoir-faire<\/h5>\n<h6><a href=\"https:\/\/www.colors-by.com\/fr\/atelier-coloration\/\" target=\"_blank\" rel=\"noopener\">https:\/\/www.colors-by.com\/fr\/atelier-coloration\/<\/a><\/h6>\n<p>Dans cet espace d\u00e9di\u00e9 \u00e0 la coloration des cheveux, tout est pens\u00e9 pour le bien-\u00eatre des femmes\u00a0: une \u00e9quipe \u00e0 l\u2019\u00e9coute et compr\u00e9hensive, un lieu confortable et joliment am\u00e9nag\u00e9, un service caract\u00e9ris\u00e9 par un grand professionnalisme.<\/p>\n","protected":false},"excerpt":{"rendered":"<p>Atelier de Coloration Service Rue de Namur 65A, 1000 Bruxelles Label : Qualit\u00e9 &#038; Savoir-faire https:\/\/www.colors-by.com\/fr\/atelier-coloration\/ Dans cet espace d\u00e9di\u00e9 \u00e0 la coloration des cheveux, tout est pens\u00e9 pour le bien-\u00eatre des femmes\u00a0: une \u00e9quipe \u00e0 l\u2019\u00e9coute et compr\u00e9hensive, un lieu confortable et joliment am\u00e9nag\u00e9, un service caract\u00e9ris\u00e9 par un grand professionnalisme.<\/p>\n","protected":false},"author":5,"featured_media":15010,"comment_status":"closed","ping_status":"closed","template":"","meta":{"_et_pb_use_builder":"","_et_pb_old_content":"","_et_gb_content_width":"","inline_featured_image":false,"footnotes":""},"project_category":[1176],"project_tag":[1190],"wf_project_folders":[1224],"class_list":["post-16112","project","type-project","status-publish","has-post-thumbnail","hentry","project_category-rue-de-namur-boulevard-de-waterlo","project_tag-service"],"yoast_head":"<!-- This site is optimized with the Yoast SEO plugin v27.5 - https:\/\/yoast.com\/product\/yoast-seo-wordpress\/ -->\n<title>Atelier de Coloration - Le commerce local \u00e0 Bruxelles<\/title>\n<meta name=\"robots\" content=\"noindex, follow\" \/>\n<meta property=\"og:locale\" content=\"fr_FR\" \/>\n<meta property=\"og:type\" content=\"article\" \/>\n<meta property=\"og:title\" content=\"Atelier de Coloration - Le commerce local \u00e0 Bruxelles\" \/>\n<meta property=\"og:description\" content=\"Atelier de Coloration Service Rue de Namur 65A, 1000 Bruxelles Label : Qualit\u00e9 &#038; Savoir-faire https:\/\/www.colors-by.com\/fr\/atelier-coloration\/ Dans cet espace d\u00e9di\u00e9 \u00e0 la coloration des cheveux, tout est pens\u00e9 pour le bien-\u00eatre des femmes\u00a0: une \u00e9quipe \u00e0 l\u2019\u00e9coute et compr\u00e9hensive, un lieu confortable et joliment am\u00e9nag\u00e9, un service caract\u00e9ris\u00e9 par un grand professionnalisme.\" \/>\n<meta property=\"og:url\" content=\"https:\/\/ultraviolet.work\/_commercelocal\/project\/atelier-de-coloration\/\" \/>\n<meta property=\"og:site_name\" content=\"Le commerce local \u00e0 Bruxelles\" \/>\n<meta property=\"article:publisher\" content=\"https:\/\/www.facebook.com\/ishopinbrussels\/\" \/>\n<meta property=\"og:image\" content=\"https:\/\/ultraviolet.work\/_commercelocal\/wp-content\/uploads\/2022\/10\/atelier-de-coloration-1400.jpg\" \/>\n\t<meta property=\"og:image:width\" content=\"1400\" \/>\n\t<meta property=\"og:image:height\" content=\"927\" \/>\n\t<meta property=\"og:image:type\" content=\"image\/jpeg\" \/>\n<meta name=\"twitter:card\" content=\"summary_large_image\" \/>\n<script type=\"application\/ld+json\" class=\"yoast-schema-graph\">{\"@context\":\"https:\\\/\\\/schema.org\",\"@graph\":[{\"@type\":\"WebPage\",\"@id\":\"https:\\\/\\\/ultraviolet.work\\\/_commercelocal\\\/project\\\/atelier-de-coloration\\\/\",\"url\":\"https:\\\/\\\/ultraviolet.work\\\/_commercelocal\\\/project\\\/atelier-de-coloration\\\/\",\"name\":\"Atelier de Coloration - Le commerce local \u00e0 Bruxelles\",\"isPartOf\":{\"@id\":\"https:\\\/\\\/ultraviolet.work\\\/_commercelocal\\\/#website\"},\"primaryImageOfPage\":{\"@id\":\"https:\\\/\\\/ultraviolet.work\\\/_commercelocal\\\/project\\\/atelier-de-coloration\\\/#primaryimage\"},\"image\":{\"@id\":\"https:\\\/\\\/ultraviolet.work\\\/_commercelocal\\\/project\\\/atelier-de-coloration\\\/#primaryimage\"},\"thumbnailUrl\":\"https:\\\/\\\/ultraviolet.work\\\/_commercelocal\\\/wp-content\\\/uploads\\\/2022\\\/10\\\/atelier-de-coloration-1400.jpg\",\"datePublished\":\"2022-10-14T07:41:50+00:00\",\"breadcrumb\":{\"@id\":\"https:\\\/\\\/ultraviolet.work\\\/_commercelocal\\\/project\\\/atelier-de-coloration\\\/#breadcrumb\"},\"inLanguage\":\"fr-FR\",\"potentialAction\":[{\"@type\":\"ReadAction\",\"target\":[\"https:\\\/\\\/ultraviolet.work\\\/_commercelocal\\\/project\\\/atelier-de-coloration\\\/\"]}]},{\"@type\":\"ImageObject\",\"inLanguage\":\"fr-FR\",\"@id\":\"https:\\\/\\\/ultraviolet.work\\\/_commercelocal\\\/project\\\/atelier-de-coloration\\\/#primaryimage\",\"url\":\"https:\\\/\\\/ultraviolet.work\\\/_commercelocal\\\/wp-content\\\/uploads\\\/2022\\\/10\\\/atelier-de-coloration-1400.jpg\",\"contentUrl\":\"https:\\\/\\\/ultraviolet.work\\\/_commercelocal\\\/wp-content\\\/uploads\\\/2022\\\/10\\\/atelier-de-coloration-1400.jpg\",\"width\":1400,\"height\":927},{\"@type\":\"BreadcrumbList\",\"@id\":\"https:\\\/\\\/ultraviolet.work\\\/_commercelocal\\\/project\\\/atelier-de-coloration\\\/#breadcrumb\",\"itemListElement\":[{\"@type\":\"ListItem\",\"position\":1,\"name\":\"Accueil\",\"item\":\"https:\\\/\\\/ultraviolet.work\\\/_commercelocal\\\/\"},{\"@type\":\"ListItem\",\"position\":2,\"name\":\"Projets\",\"item\":\"https:\\\/\\\/ultraviolet.work\\\/_commercelocal\\\/project\\\/\"},{\"@type\":\"ListItem\",\"position\":3,\"name\":\"Atelier de Coloration\"}]},{\"@type\":\"WebSite\",\"@id\":\"https:\\\/\\\/ultraviolet.work\\\/_commercelocal\\\/#website\",\"url\":\"https:\\\/\\\/ultraviolet.work\\\/_commercelocal\\\/\",\"name\":\"Le commerce local \u00e0 Bruxelles\",\"description\":\"\",\"publisher\":{\"@id\":\"https:\\\/\\\/ultraviolet.work\\\/_commercelocal\\\/#organization\"},\"potentialAction\":[{\"@type\":\"SearchAction\",\"target\":{\"@type\":\"EntryPoint\",\"urlTemplate\":\"https:\\\/\\\/ultraviolet.work\\\/_commercelocal\\\/?s={search_term_string}\"},\"query-input\":{\"@type\":\"PropertyValueSpecification\",\"valueRequired\":true,\"valueName\":\"search_term_string\"}}],\"inLanguage\":\"fr-FR\"},{\"@type\":\"Organization\",\"@id\":\"https:\\\/\\\/ultraviolet.work\\\/_commercelocal\\\/#organization\",\"name\":\"Le commerce local \u00e0 Bruxelles - I shop in Brussels\",\"url\":\"https:\\\/\\\/ultraviolet.work\\\/_commercelocal\\\/\",\"logo\":{\"@type\":\"ImageObject\",\"inLanguage\":\"fr-FR\",\"@id\":\"https:\\\/\\\/ultraviolet.work\\\/_commercelocal\\\/#\\\/schema\\\/logo\\\/image\\\/\",\"url\":\"https:\\\/\\\/ultraviolet.work\\\/_commercelocal\\\/wp-content\\\/uploads\\\/2020\\\/11\\\/IShopBrussels_w400.png\",\"contentUrl\":\"https:\\\/\\\/ultraviolet.work\\\/_commercelocal\\\/wp-content\\\/uploads\\\/2020\\\/11\\\/IShopBrussels_w400.png\",\"width\":400,\"height\":200,\"caption\":\"Le commerce local \u00e0 Bruxelles - I shop in Brussels\"},\"image\":{\"@id\":\"https:\\\/\\\/ultraviolet.work\\\/_commercelocal\\\/#\\\/schema\\\/logo\\\/image\\\/\"},\"sameAs\":[\"https:\\\/\\\/www.facebook.com\\\/ishopinbrussels\\\/\"]}]}<\/script>\n<!-- \/ Yoast SEO plugin. -->","yoast_head_json":{"title":"Atelier de Coloration - Le commerce local \u00e0 Bruxelles","robots":{"index":"noindex","follow":"follow"},"og_locale":"fr_FR","og_type":"article","og_title":"Atelier de Coloration - Le commerce local \u00e0 Bruxelles","og_description":"Atelier de Coloration Service Rue de Namur 65A, 1000 Bruxelles Label : Qualit\u00e9 &#038; Savoir-faire https:\/\/www.colors-by.com\/fr\/atelier-coloration\/ Dans cet espace d\u00e9di\u00e9 \u00e0 la coloration des cheveux, tout est pens\u00e9 pour le bien-\u00eatre des femmes\u00a0: une \u00e9quipe \u00e0 l\u2019\u00e9coute et compr\u00e9hensive, un lieu confortable et joliment am\u00e9nag\u00e9, un service caract\u00e9ris\u00e9 par un grand professionnalisme.","og_url":"https:\/\/ultraviolet.work\/_commercelocal\/project\/atelier-de-coloration\/","og_site_name":"Le commerce local \u00e0 Bruxelles","article_publisher":"https:\/\/www.facebook.com\/ishopinbrussels\/","og_image":[{"width":1400,"height":927,"url":"https:\/\/ultraviolet.work\/_commercelocal\/wp-content\/uploads\/2022\/10\/atelier-de-coloration-1400.jpg","type":"image\/jpeg"}],"twitter_card":"summary_large_image","schema":{"@context":"https:\/\/schema.org","@graph":[{"@type":"WebPage","@id":"https:\/\/ultraviolet.work\/_commercelocal\/project\/atelier-de-coloration\/","url":"https:\/\/ultraviolet.work\/_commercelocal\/project\/atelier-de-coloration\/","name":"Atelier de Coloration - Le commerce local \u00e0 Bruxelles","isPartOf":{"@id":"https:\/\/ultraviolet.work\/_commercelocal\/#website"},"primaryImageOfPage":{"@id":"https:\/\/ultraviolet.work\/_commercelocal\/project\/atelier-de-coloration\/#primaryimage"},"image":{"@id":"https:\/\/ultraviolet.work\/_commercelocal\/project\/atelier-de-coloration\/#primaryimage"},"thumbnailUrl":"https:\/\/ultraviolet.work\/_commercelocal\/wp-content\/uploads\/2022\/10\/atelier-de-coloration-1400.jpg","datePublished":"2022-10-14T07:41:50+00:00","breadcrumb":{"@id":"https:\/\/ultraviolet.work\/_commercelocal\/project\/atelier-de-coloration\/#breadcrumb"},"inLanguage":"fr-FR","potentialAction":[{"@type":"ReadAction","target":["https:\/\/ultraviolet.work\/_commercelocal\/project\/atelier-de-coloration\/"]}]},{"@type":"ImageObject","inLanguage":"fr-FR","@id":"https:\/\/ultraviolet.work\/_commercelocal\/project\/atelier-de-coloration\/#primaryimage","url":"https:\/\/ultraviolet.work\/_commercelocal\/wp-content\/uploads\/2022\/10\/atelier-de-coloration-1400.jpg","contentUrl":"https:\/\/ultraviolet.work\/_commercelocal\/wp-content\/uploads\/2022\/10\/atelier-de-coloration-1400.jpg","width":1400,"height":927},{"@type":"BreadcrumbList","@id":"https:\/\/ultraviolet.work\/_commercelocal\/project\/atelier-de-coloration\/#breadcrumb","itemListElement":[{"@type":"ListItem","position":1,"name":"Accueil","item":"https:\/\/ultraviolet.work\/_commercelocal\/"},{"@type":"ListItem","position":2,"name":"Projets","item":"https:\/\/ultraviolet.work\/_commercelocal\/project\/"},{"@type":"ListItem","position":3,"name":"Atelier de Coloration"}]},{"@type":"WebSite","@id":"https:\/\/ultraviolet.work\/_commercelocal\/#website","url":"https:\/\/ultraviolet.work\/_commercelocal\/","name":"Le commerce local \u00e0 Bruxelles","description":"","publisher":{"@id":"https:\/\/ultraviolet.work\/_commercelocal\/#organization"},"potentialAction":[{"@type":"SearchAction","target":{"@type":"EntryPoint","urlTemplate":"https:\/\/ultraviolet.work\/_commercelocal\/?s={search_term_string}"},"query-input":{"@type":"PropertyValueSpecification","valueRequired":true,"valueName":"search_term_string"}}],"inLanguage":"fr-FR"},{"@type":"Organization","@id":"https:\/\/ultraviolet.work\/_commercelocal\/#organization","name":"Le commerce local \u00e0 Bruxelles - I shop in Brussels","url":"https:\/\/ultraviolet.work\/_commercelocal\/","logo":{"@type":"ImageObject","inLanguage":"fr-FR","@id":"https:\/\/ultraviolet.work\/_commercelocal\/#\/schema\/logo\/image\/","url":"https:\/\/ultraviolet.work\/_commercelocal\/wp-content\/uploads\/2020\/11\/IShopBrussels_w400.png","contentUrl":"https:\/\/ultraviolet.work\/_commercelocal\/wp-content\/uploads\/2020\/11\/IShopBrussels_w400.png","width":400,"height":200,"caption":"Le commerce local \u00e0 Bruxelles - I shop in Brussels"},"image":{"@id":"https:\/\/ultraviolet.work\/_commercelocal\/#\/schema\/logo\/image\/"},"sameAs":["https:\/\/www.facebook.com\/ishopinbrussels\/"]}]}},"_links":{"self":[{"href":"https:\/\/ultraviolet.work\/_commercelocal\/wp-json\/wp\/v2\/project\/16112","targetHints":{"allow":["GET"]}}],"collection":[{"href":"https:\/\/ultraviolet.work\/_commercelocal\/wp-json\/wp\/v2\/project"}],"about":[{"href":"https:\/\/ultraviolet.work\/_commercelocal\/wp-json\/wp\/v2\/types\/project"}],"author":[{"embeddable":true,"href":"https:\/\/ultraviolet.work\/_commercelocal\/wp-json\/wp\/v2\/users\/5"}],"replies":[{"embeddable":true,"href":"https:\/\/ultraviolet.work\/_commercelocal\/wp-json\/wp\/v2\/comments?post=16112"}],"version-history":[{"count":0,"href":"https:\/\/ultraviolet.work\/_commercelocal\/wp-json\/wp\/v2\/project\/16112\/revisions"}],"wp:featuredmedia":[{"embeddable":true,"href":"https:\/\/ultraviolet.work\/_commercelocal\/wp-json\/wp\/v2\/media\/15010"}],"wp:attachment":[{"href":"https:\/\/ultraviolet.work\/_commercelocal\/wp-json\/wp\/v2\/media?parent=16112"}],"wp:term":[{"taxonomy":"project_category","embeddable":true,"href":"https:\/\/ultraviolet.work\/_commercelocal\/wp-json\/wp\/v2\/project_category?post=16112"},{"taxonomy":"project_tag","embeddable":true,"href":"https:\/\/ultraviolet.work\/_commercelocal\/wp-json\/wp\/v2\/project_tag?post=16112"},{"taxonomy":"wf_project_folders","embeddable":true,"href":"https:\/\/ultraviolet.work\/_commercelocal\/wp-json\/wp\/v2\/wf_project_folders?post=16112"}],"curies":[{"name":"wp","href":"https:\/\/api.w.org\/{rel}","templated":true}]}}

<h2>Atelier de Coloration</h2>
<h5>Service</h5>
<h4>Rue de Namur 65A, 1000 Bruxelles</h4>
<h5>Label : Qualité &#038; Savoir-faire</h5>
<h6><a href="https://www.colors-by.com/fr/atelier-coloration/" target="_blank" rel="noopener">https://www.colors-by.com/fr/atelier-coloration/</a></h6>
<p>Dans cet espace dédié à la coloration des cheveux, tout est pensé pour le bien-être des femmes : une équipe à l’écoute et compréhensive, un lieu confortable et joliment aménagé, un service caractérisé par un grand professionnalisme.</p>

<p>Atelier de Coloration Service Rue de Namur 65A, 1000 Bruxelles Label : Qualité &#038; Savoir-faire https://www.colors-by.com/fr/atelier-coloration/ Dans cet espace dédié à la coloration des cheveux, tout est pensé pour le bien-être des femmes : une équipe à l’écoute et compréhensive, un lieu confortable et joliment aménagé, un service caractérisé par un grand professionnalisme.</p>

<!-- This site is optimized with the Yoast SEO plugin v27.5 - https://yoast.com/product/yoast-seo-wordpress/ -->
<title>Atelier de Coloration - Le commerce local à Bruxelles</title>
<meta name="robots" content="noindex, follow" />
<meta property="og:locale" content="fr_FR" />
<meta property="og:type" content="article" />
<meta property="og:title" content="Atelier de Coloration - Le commerce local à Bruxelles" />
<meta property="og:description" content="Atelier de Coloration Service Rue de Namur 65A, 1000 Bruxelles Label : Qualité &#038; Savoir-faire https://www.colors-by.com/fr/atelier-coloration/ Dans cet espace dédié à la coloration des cheveux, tout est pensé pour le bien-être des femmes : une équipe à l’écoute et compréhensive, un lieu confortable et joliment aménagé, un service caractérisé par un grand professionnalisme." />
<meta property="og:url" content="https://ultraviolet.work/_commercelocal/project/atelier-de-coloration/" />
<meta property="og:site_name" content="Le commerce local à Bruxelles" />
<meta property="article:publisher" content="https://www.facebook.com/ishopinbrussels/" />
<meta property="og:image" content="https://ultraviolet.work/_commercelocal/wp-content/uploads/2022/10/atelier-de-coloration-1400.jpg" />
	<meta property="og:image:width" content="1400" />
	<meta property="og:image:height" content="927" />
	<meta property="og:image:type" content="image/jpeg" />
<meta name="twitter:card" content="summary_large_image" />
<script type="application/ld+json" class="yoast-schema-graph">{"@context":"https:\/\/schema.org","@graph":[{"@type":"WebPage","@id":"https:\/\/ultraviolet.work\/_commercelocal\/project\/atelier-de-coloration\/","url":"https:\/\/ultraviolet.work\/_commercelocal\/project\/atelier-de-coloration\/","name":"Atelier de Coloration - Le commerce local à Bruxelles","isPartOf":{"@id":"https:\/\/ultraviolet.work\/_commercelocal\/#website"},"primaryImageOfPage":{"@id":"https:\/\/ultraviolet.work\/_commercelocal\/project\/atelier-de-coloration\/#primaryimage"},"image":{"@id":"https:\/\/ultraviolet.work\/_commercelocal\/project\/atelier-de-coloration\/#primaryimage"},"thumbnailUrl":"https:\/\/ultraviolet.work\/_commercelocal\/wp-content\/uploads\/2022\/10\/atelier-de-coloration-1400.jpg","datePublished":"2022-10-14T07:41:50+00:00","breadcrumb":{"@id":"https:\/\/ultraviolet.work\/_commercelocal\/project\/atelier-de-coloration\/#breadcrumb"},"inLanguage":"fr-FR","potentialAction":[{"@type":"ReadAction","target":["https:\/\/ultraviolet.work\/_commercelocal\/project\/atelier-de-coloration\/"]}]},{"@type":"ImageObject","inLanguage":"fr-FR","@id":"https:\/\/ultraviolet.work\/_commercelocal\/project\/atelier-de-coloration\/#primaryimage","url":"https:\/\/ultraviolet.work\/_commercelocal\/wp-content\/uploads\/2022\/10\/atelier-de-coloration-1400.jpg","contentUrl":"https:\/\/ultraviolet.work\/_commercelocal\/wp-content\/uploads\/2022\/10\/atelier-de-coloration-1400.jpg","width":1400,"height":927},{"@type":"BreadcrumbList","@id":"https:\/\/ultraviolet.work\/_commercelocal\/project\/atelier-de-coloration\/#breadcrumb","itemListElement":[{"@type":"ListItem","position":1,"name":"Accueil","item":"https:\/\/ultraviolet.work\/_commercelocal\/"},{"@type":"ListItem","position":2,"name":"Projets","item":"https:\/\/ultraviolet.work\/_commercelocal\/project\/"},{"@type":"ListItem","position":3,"name":"Atelier de Coloration"}]},{"@type":"WebSite","@id":"https:\/\/ultraviolet.work\/_commercelocal\/#website","url":"https:\/\/ultraviolet.work\/_commercelocal\/","name":"Le commerce local à Bruxelles","description":"","publisher":{"@id":"https:\/\/ultraviolet.work\/_commercelocal\/#organization"},"potentialAction":[{"@type":"SearchAction","target":{"@type":"EntryPoint","urlTemplate":"https:\/\/ultraviolet.work\/_commercelocal\/?s={search_term_string}"},"query-input":{"@type":"PropertyValueSpecification","valueRequired":true,"valueName":"search_term_string"}}],"inLanguage":"fr-FR"},{"@type":"Organization","@id":"https:\/\/ultraviolet.work\/_commercelocal\/#organization","name":"Le commerce local à Bruxelles - I shop in Brussels","url":"https:\/\/ultraviolet.work\/_commercelocal\/","logo":{"@type":"ImageObject","inLanguage":"fr-FR","@id":"https:\/\/ultraviolet.work\/_commercelocal\/#\/schema\/logo\/image\/","url":"https:\/\/ultraviolet.work\/_commercelocal\/wp-content\/uploads\/2020\/11\/IShopBrussels_w400.png","contentUrl":"https:\/\/ultraviolet.work\/_commercelocal\/wp-content\/uploads\/2020\/11\/IShopBrussels_w400.png","width":400,"height":200,"caption":"Le commerce local à Bruxelles - I shop in Brussels"},"image":{"@id":"https:\/\/ultraviolet.work\/_commercelocal\/#\/schema\/logo\/image\/"},"sameAs":["https:\/\/www.facebook.com\/ishopinbrussels\/"]}]}</script>
<!-- / Yoast SEO plugin. -->

Atelier de Coloration - Le commerce local à Bruxelles

Atelier de Coloration Service Rue de Namur 65A, 1000 Bruxelles Label : Qualité &#038; Savoir-faire https://www.colors-by.com/fr/atelier-coloration/ Dans cet espace dédié à la coloration des cheveux, tout est pensé pour le bien-être des femmes : une équipe à l’écoute et compréhensive, un lieu confortable et joliment aménagé, un service caractérisé par un grand professionnalisme.

Le commerce local à Bruxelles

Le commerce local à Bruxelles - I shop in Brussels
