{"id":16154,"date":"2022-10-14T09:48:48","date_gmt":"2022-10-14T07:48:48","guid":{"rendered":"https:\/\/ultraviolet.work\/_commercelocal\/project\/o-bifanas-chez-sebastiao-3\/"},"modified":"2022-10-14T09:48:48","modified_gmt":"2022-10-14T07:48:48","slug":"o-bifanas-chez-sebastiao-3","status":"publish","type":"project","link":"https:\/\/ultraviolet.work\/_commercelocal\/project\/o-bifanas-chez-sebastiao-3\/","title":{"rendered":"O Bifanas, Chez Sebastiao"},"content":{"rendered":"<h2>O Bifanas, Chez Sebastiao<\/h2>\n<h5>Restaurant<\/h5>\n<h4>Rue des Dominicains 30, 1000 Bruxelles<\/h4>\n<h5>Label : Qualit\u00e9 &#038; Savoir-faire<\/h5>\n<h6><a href=\"http:\/\/www.o-bifanas.be\/\" target=\"_blank\" rel=\"noopener\">http:\/\/www.o-bifanas.be\/<\/a><\/h6>\n<p>C\u2019est une invitation au voyage \u00e0 travers le Portugal&#8230; une odyss\u00e9e de saveurs rythm\u00e9e par la passion du ma\u00eetre des lieux, Sebastiao Garcia, et son \u00e9pouse Maria Christina qui elle fait des merveilles aux fourneaux. Un restaurant de famille, dont le bacalhau \u00e0 lagareiro enchante depuis trois d\u00e9cennies.<\/p>\n","protected":false},"excerpt":{"rendered":"<p>O Bifanas, Chez Sebastiao Restaurant Rue des Dominicains 30, 1000 Bruxelles Label : Qualit\u00e9 &#038; Savoir-faire http:\/\/www.o-bifanas.be\/ C\u2019est une invitation au voyage \u00e0 travers le Portugal&#8230; une odyss\u00e9e de saveurs rythm\u00e9e par la passion du ma\u00eetre des lieux, Sebastiao Garcia, et son \u00e9pouse Maria Christina qui elle fait des merveilles aux fourneaux. Un restaurant de [&hellip;]<\/p>\n","protected":false},"author":5,"featured_media":15362,"comment_status":"closed","ping_status":"closed","template":"","meta":{"_et_pb_use_builder":"","_et_pb_old_content":"","_et_gb_content_width":"","inline_featured_image":false,"footnotes":""},"project_category":[1184],"project_tag":[1200],"wf_project_folders":[1224],"class_list":["post-16154","project","type-project","status-publish","has-post-thumbnail","hentry","project_category-grand-place","project_tag-restaurant"],"yoast_head":"<!-- This site is optimized with the Yoast SEO plugin v27.5 - https:\/\/yoast.com\/product\/yoast-seo-wordpress\/ -->\n<title>O Bifanas, Chez Sebastiao - Le commerce local \u00e0 Bruxelles<\/title>\n<meta name=\"robots\" content=\"noindex, follow\" \/>\n<meta property=\"og:locale\" content=\"fr_FR\" \/>\n<meta property=\"og:type\" content=\"article\" \/>\n<meta property=\"og:title\" content=\"O Bifanas, Chez Sebastiao - Le commerce local \u00e0 Bruxelles\" \/>\n<meta property=\"og:description\" content=\"O Bifanas, Chez Sebastiao Restaurant Rue des Dominicains 30, 1000 Bruxelles Label : Qualit\u00e9 &#038; Savoir-faire http:\/\/www.o-bifanas.be\/ C\u2019est une invitation au voyage \u00e0 travers le Portugal&#8230; une odyss\u00e9e de saveurs rythm\u00e9e par la passion du ma\u00eetre des lieux, Sebastiao Garcia, et son \u00e9pouse Maria Christina qui elle fait des merveilles aux fourneaux. Un restaurant de [&hellip;]\" \/>\n<meta property=\"og:url\" content=\"https:\/\/ultraviolet.work\/_commercelocal\/project\/o-bifanas-chez-sebastiao-3\/\" \/>\n<meta property=\"og:site_name\" content=\"Le commerce local \u00e0 Bruxelles\" \/>\n<meta property=\"article:publisher\" content=\"https:\/\/www.facebook.com\/ishopinbrussels\/\" \/>\n<meta property=\"og:image\" content=\"https:\/\/ultraviolet.work\/_commercelocal\/wp-content\/uploads\/2022\/10\/o-bifanas-web-1400.jpg\" \/>\n\t<meta property=\"og:image:width\" content=\"1400\" \/>\n\t<meta property=\"og:image:height\" content=\"1050\" \/>\n\t<meta property=\"og:image:type\" content=\"image\/jpeg\" \/>\n<meta name=\"twitter:card\" content=\"summary_large_image\" \/>\n<script type=\"application\/ld+json\" class=\"yoast-schema-graph\">{\"@context\":\"https:\\\/\\\/schema.org\",\"@graph\":[{\"@type\":\"WebPage\",\"@id\":\"https:\\\/\\\/ultraviolet.work\\\/_commercelocal\\\/project\\\/o-bifanas-chez-sebastiao-3\\\/\",\"url\":\"https:\\\/\\\/ultraviolet.work\\\/_commercelocal\\\/project\\\/o-bifanas-chez-sebastiao-3\\\/\",\"name\":\"O Bifanas, Chez Sebastiao - Le commerce local \u00e0 Bruxelles\",\"isPartOf\":{\"@id\":\"https:\\\/\\\/ultraviolet.work\\\/_commercelocal\\\/#website\"},\"primaryImageOfPage\":{\"@id\":\"https:\\\/\\\/ultraviolet.work\\\/_commercelocal\\\/project\\\/o-bifanas-chez-sebastiao-3\\\/#primaryimage\"},\"image\":{\"@id\":\"https:\\\/\\\/ultraviolet.work\\\/_commercelocal\\\/project\\\/o-bifanas-chez-sebastiao-3\\\/#primaryimage\"},\"thumbnailUrl\":\"https:\\\/\\\/ultraviolet.work\\\/_commercelocal\\\/wp-content\\\/uploads\\\/2022\\\/10\\\/o-bifanas-web-1400.jpg\",\"datePublished\":\"2022-10-14T07:48:48+00:00\",\"breadcrumb\":{\"@id\":\"https:\\\/\\\/ultraviolet.work\\\/_commercelocal\\\/project\\\/o-bifanas-chez-sebastiao-3\\\/#breadcrumb\"},\"inLanguage\":\"fr-FR\",\"potentialAction\":[{\"@type\":\"ReadAction\",\"target\":[\"https:\\\/\\\/ultraviolet.work\\\/_commercelocal\\\/project\\\/o-bifanas-chez-sebastiao-3\\\/\"]}]},{\"@type\":\"ImageObject\",\"inLanguage\":\"fr-FR\",\"@id\":\"https:\\\/\\\/ultraviolet.work\\\/_commercelocal\\\/project\\\/o-bifanas-chez-sebastiao-3\\\/#primaryimage\",\"url\":\"https:\\\/\\\/ultraviolet.work\\\/_commercelocal\\\/wp-content\\\/uploads\\\/2022\\\/10\\\/o-bifanas-web-1400.jpg\",\"contentUrl\":\"https:\\\/\\\/ultraviolet.work\\\/_commercelocal\\\/wp-content\\\/uploads\\\/2022\\\/10\\\/o-bifanas-web-1400.jpg\",\"width\":1400,\"height\":1050},{\"@type\":\"BreadcrumbList\",\"@id\":\"https:\\\/\\\/ultraviolet.work\\\/_commercelocal\\\/project\\\/o-bifanas-chez-sebastiao-3\\\/#breadcrumb\",\"itemListElement\":[{\"@type\":\"ListItem\",\"position\":1,\"name\":\"Accueil\",\"item\":\"https:\\\/\\\/ultraviolet.work\\\/_commercelocal\\\/\"},{\"@type\":\"ListItem\",\"position\":2,\"name\":\"Projets\",\"item\":\"https:\\\/\\\/ultraviolet.work\\\/_commercelocal\\\/project\\\/\"},{\"@type\":\"ListItem\",\"position\":3,\"name\":\"O Bifanas, Chez Sebastiao\"}]},{\"@type\":\"WebSite\",\"@id\":\"https:\\\/\\\/ultraviolet.work\\\/_commercelocal\\\/#website\",\"url\":\"https:\\\/\\\/ultraviolet.work\\\/_commercelocal\\\/\",\"name\":\"Le commerce local \u00e0 Bruxelles\",\"description\":\"\",\"publisher\":{\"@id\":\"https:\\\/\\\/ultraviolet.work\\\/_commercelocal\\\/#organization\"},\"potentialAction\":[{\"@type\":\"SearchAction\",\"target\":{\"@type\":\"EntryPoint\",\"urlTemplate\":\"https:\\\/\\\/ultraviolet.work\\\/_commercelocal\\\/?s={search_term_string}\"},\"query-input\":{\"@type\":\"PropertyValueSpecification\",\"valueRequired\":true,\"valueName\":\"search_term_string\"}}],\"inLanguage\":\"fr-FR\"},{\"@type\":\"Organization\",\"@id\":\"https:\\\/\\\/ultraviolet.work\\\/_commercelocal\\\/#organization\",\"name\":\"Le commerce local \u00e0 Bruxelles - I shop in Brussels\",\"url\":\"https:\\\/\\\/ultraviolet.work\\\/_commercelocal\\\/\",\"logo\":{\"@type\":\"ImageObject\",\"inLanguage\":\"fr-FR\",\"@id\":\"https:\\\/\\\/ultraviolet.work\\\/_commercelocal\\\/#\\\/schema\\\/logo\\\/image\\\/\",\"url\":\"https:\\\/\\\/ultraviolet.work\\\/_commercelocal\\\/wp-content\\\/uploads\\\/2020\\\/11\\\/IShopBrussels_w400.png\",\"contentUrl\":\"https:\\\/\\\/ultraviolet.work\\\/_commercelocal\\\/wp-content\\\/uploads\\\/2020\\\/11\\\/IShopBrussels_w400.png\",\"width\":400,\"height\":200,\"caption\":\"Le commerce local \u00e0 Bruxelles - I shop in Brussels\"},\"image\":{\"@id\":\"https:\\\/\\\/ultraviolet.work\\\/_commercelocal\\\/#\\\/schema\\\/logo\\\/image\\\/\"},\"sameAs\":[\"https:\\\/\\\/www.facebook.com\\\/ishopinbrussels\\\/\"]}]}<\/script>\n<!-- \/ Yoast SEO plugin. -->","yoast_head_json":{"title":"O Bifanas, Chez Sebastiao - Le commerce local \u00e0 Bruxelles","robots":{"index":"noindex","follow":"follow"},"og_locale":"fr_FR","og_type":"article","og_title":"O Bifanas, Chez Sebastiao - Le commerce local \u00e0 Bruxelles","og_description":"O Bifanas, Chez Sebastiao Restaurant Rue des Dominicains 30, 1000 Bruxelles Label : Qualit\u00e9 &#038; Savoir-faire http:\/\/www.o-bifanas.be\/ C\u2019est une invitation au voyage \u00e0 travers le Portugal&#8230; une odyss\u00e9e de saveurs rythm\u00e9e par la passion du ma\u00eetre des lieux, Sebastiao Garcia, et son \u00e9pouse Maria Christina qui elle fait des merveilles aux fourneaux. Un restaurant de [&hellip;]","og_url":"https:\/\/ultraviolet.work\/_commercelocal\/project\/o-bifanas-chez-sebastiao-3\/","og_site_name":"Le commerce local \u00e0 Bruxelles","article_publisher":"https:\/\/www.facebook.com\/ishopinbrussels\/","og_image":[{"width":1400,"height":1050,"url":"https:\/\/ultraviolet.work\/_commercelocal\/wp-content\/uploads\/2022\/10\/o-bifanas-web-1400.jpg","type":"image\/jpeg"}],"twitter_card":"summary_large_image","schema":{"@context":"https:\/\/schema.org","@graph":[{"@type":"WebPage","@id":"https:\/\/ultraviolet.work\/_commercelocal\/project\/o-bifanas-chez-sebastiao-3\/","url":"https:\/\/ultraviolet.work\/_commercelocal\/project\/o-bifanas-chez-sebastiao-3\/","name":"O Bifanas, Chez Sebastiao - Le commerce local \u00e0 Bruxelles","isPartOf":{"@id":"https:\/\/ultraviolet.work\/_commercelocal\/#website"},"primaryImageOfPage":{"@id":"https:\/\/ultraviolet.work\/_commercelocal\/project\/o-bifanas-chez-sebastiao-3\/#primaryimage"},"image":{"@id":"https:\/\/ultraviolet.work\/_commercelocal\/project\/o-bifanas-chez-sebastiao-3\/#primaryimage"},"thumbnailUrl":"https:\/\/ultraviolet.work\/_commercelocal\/wp-content\/uploads\/2022\/10\/o-bifanas-web-1400.jpg","datePublished":"2022-10-14T07:48:48+00:00","breadcrumb":{"@id":"https:\/\/ultraviolet.work\/_commercelocal\/project\/o-bifanas-chez-sebastiao-3\/#breadcrumb"},"inLanguage":"fr-FR","potentialAction":[{"@type":"ReadAction","target":["https:\/\/ultraviolet.work\/_commercelocal\/project\/o-bifanas-chez-sebastiao-3\/"]}]},{"@type":"ImageObject","inLanguage":"fr-FR","@id":"https:\/\/ultraviolet.work\/_commercelocal\/project\/o-bifanas-chez-sebastiao-3\/#primaryimage","url":"https:\/\/ultraviolet.work\/_commercelocal\/wp-content\/uploads\/2022\/10\/o-bifanas-web-1400.jpg","contentUrl":"https:\/\/ultraviolet.work\/_commercelocal\/wp-content\/uploads\/2022\/10\/o-bifanas-web-1400.jpg","width":1400,"height":1050},{"@type":"BreadcrumbList","@id":"https:\/\/ultraviolet.work\/_commercelocal\/project\/o-bifanas-chez-sebastiao-3\/#breadcrumb","itemListElement":[{"@type":"ListItem","position":1,"name":"Accueil","item":"https:\/\/ultraviolet.work\/_commercelocal\/"},{"@type":"ListItem","position":2,"name":"Projets","item":"https:\/\/ultraviolet.work\/_commercelocal\/project\/"},{"@type":"ListItem","position":3,"name":"O Bifanas, Chez Sebastiao"}]},{"@type":"WebSite","@id":"https:\/\/ultraviolet.work\/_commercelocal\/#website","url":"https:\/\/ultraviolet.work\/_commercelocal\/","name":"Le commerce local \u00e0 Bruxelles","description":"","publisher":{"@id":"https:\/\/ultraviolet.work\/_commercelocal\/#organization"},"potentialAction":[{"@type":"SearchAction","target":{"@type":"EntryPoint","urlTemplate":"https:\/\/ultraviolet.work\/_commercelocal\/?s={search_term_string}"},"query-input":{"@type":"PropertyValueSpecification","valueRequired":true,"valueName":"search_term_string"}}],"inLanguage":"fr-FR"},{"@type":"Organization","@id":"https:\/\/ultraviolet.work\/_commercelocal\/#organization","name":"Le commerce local \u00e0 Bruxelles - I shop in Brussels","url":"https:\/\/ultraviolet.work\/_commercelocal\/","logo":{"@type":"ImageObject","inLanguage":"fr-FR","@id":"https:\/\/ultraviolet.work\/_commercelocal\/#\/schema\/logo\/image\/","url":"https:\/\/ultraviolet.work\/_commercelocal\/wp-content\/uploads\/2020\/11\/IShopBrussels_w400.png","contentUrl":"https:\/\/ultraviolet.work\/_commercelocal\/wp-content\/uploads\/2020\/11\/IShopBrussels_w400.png","width":400,"height":200,"caption":"Le commerce local \u00e0 Bruxelles - I shop in Brussels"},"image":{"@id":"https:\/\/ultraviolet.work\/_commercelocal\/#\/schema\/logo\/image\/"},"sameAs":["https:\/\/www.facebook.com\/ishopinbrussels\/"]}]}},"_links":{"self":[{"href":"https:\/\/ultraviolet.work\/_commercelocal\/wp-json\/wp\/v2\/project\/16154","targetHints":{"allow":["GET"]}}],"collection":[{"href":"https:\/\/ultraviolet.work\/_commercelocal\/wp-json\/wp\/v2\/project"}],"about":[{"href":"https:\/\/ultraviolet.work\/_commercelocal\/wp-json\/wp\/v2\/types\/project"}],"author":[{"embeddable":true,"href":"https:\/\/ultraviolet.work\/_commercelocal\/wp-json\/wp\/v2\/users\/5"}],"replies":[{"embeddable":true,"href":"https:\/\/ultraviolet.work\/_commercelocal\/wp-json\/wp\/v2\/comments?post=16154"}],"version-history":[{"count":0,"href":"https:\/\/ultraviolet.work\/_commercelocal\/wp-json\/wp\/v2\/project\/16154\/revisions"}],"wp:featuredmedia":[{"embeddable":true,"href":"https:\/\/ultraviolet.work\/_commercelocal\/wp-json\/wp\/v2\/media\/15362"}],"wp:attachment":[{"href":"https:\/\/ultraviolet.work\/_commercelocal\/wp-json\/wp\/v2\/media?parent=16154"}],"wp:term":[{"taxonomy":"project_category","embeddable":true,"href":"https:\/\/ultraviolet.work\/_commercelocal\/wp-json\/wp\/v2\/project_category?post=16154"},{"taxonomy":"project_tag","embeddable":true,"href":"https:\/\/ultraviolet.work\/_commercelocal\/wp-json\/wp\/v2\/project_tag?post=16154"},{"taxonomy":"wf_project_folders","embeddable":true,"href":"https:\/\/ultraviolet.work\/_commercelocal\/wp-json\/wp\/v2\/wf_project_folders?post=16154"}],"curies":[{"name":"wp","href":"https:\/\/api.w.org\/{rel}","templated":true}]}}

<h2>O Bifanas, Chez Sebastiao</h2>
<h5>Restaurant</h5>
<h4>Rue des Dominicains 30, 1000 Bruxelles</h4>
<h5>Label : Qualité &#038; Savoir-faire</h5>
<h6><a href="http://www.o-bifanas.be/" target="_blank" rel="noopener">http://www.o-bifanas.be/</a></h6>
<p>C’est une invitation au voyage à travers le Portugal&#8230; une odyssée de saveurs rythmée par la passion du maître des lieux, Sebastiao Garcia, et son épouse Maria Christina qui elle fait des merveilles aux fourneaux. Un restaurant de famille, dont le bacalhau à lagareiro enchante depuis trois décennies.</p>

<p>O Bifanas, Chez Sebastiao Restaurant Rue des Dominicains 30, 1000 Bruxelles Label : Qualité &#038; Savoir-faire http://www.o-bifanas.be/ C’est une invitation au voyage à travers le Portugal&#8230; une odyssée de saveurs rythmée par la passion du maître des lieux, Sebastiao Garcia, et son épouse Maria Christina qui elle fait des merveilles aux fourneaux. Un restaurant de [&hellip;]</p>

<!-- This site is optimized with the Yoast SEO plugin v27.5 - https://yoast.com/product/yoast-seo-wordpress/ -->
<title>O Bifanas, Chez Sebastiao - Le commerce local à Bruxelles</title>
<meta name="robots" content="noindex, follow" />
<meta property="og:locale" content="fr_FR" />
<meta property="og:type" content="article" />
<meta property="og:title" content="O Bifanas, Chez Sebastiao - Le commerce local à Bruxelles" />
<meta property="og:description" content="O Bifanas, Chez Sebastiao Restaurant Rue des Dominicains 30, 1000 Bruxelles Label : Qualité &#038; Savoir-faire http://www.o-bifanas.be/ C’est une invitation au voyage à travers le Portugal&#8230; une odyssée de saveurs rythmée par la passion du maître des lieux, Sebastiao Garcia, et son épouse Maria Christina qui elle fait des merveilles aux fourneaux. Un restaurant de [&hellip;]" />
<meta property="og:url" content="https://ultraviolet.work/_commercelocal/project/o-bifanas-chez-sebastiao-3/" />
<meta property="og:site_name" content="Le commerce local à Bruxelles" />
<meta property="article:publisher" content="https://www.facebook.com/ishopinbrussels/" />
<meta property="og:image" content="https://ultraviolet.work/_commercelocal/wp-content/uploads/2022/10/o-bifanas-web-1400.jpg" />
	<meta property="og:image:width" content="1400" />
	<meta property="og:image:height" content="1050" />
	<meta property="og:image:type" content="image/jpeg" />
<meta name="twitter:card" content="summary_large_image" />
<script type="application/ld+json" class="yoast-schema-graph">{"@context":"https:\/\/schema.org","@graph":[{"@type":"WebPage","@id":"https:\/\/ultraviolet.work\/_commercelocal\/project\/o-bifanas-chez-sebastiao-3\/","url":"https:\/\/ultraviolet.work\/_commercelocal\/project\/o-bifanas-chez-sebastiao-3\/","name":"O Bifanas, Chez Sebastiao - Le commerce local à Bruxelles","isPartOf":{"@id":"https:\/\/ultraviolet.work\/_commercelocal\/#website"},"primaryImageOfPage":{"@id":"https:\/\/ultraviolet.work\/_commercelocal\/project\/o-bifanas-chez-sebastiao-3\/#primaryimage"},"image":{"@id":"https:\/\/ultraviolet.work\/_commercelocal\/project\/o-bifanas-chez-sebastiao-3\/#primaryimage"},"thumbnailUrl":"https:\/\/ultraviolet.work\/_commercelocal\/wp-content\/uploads\/2022\/10\/o-bifanas-web-1400.jpg","datePublished":"2022-10-14T07:48:48+00:00","breadcrumb":{"@id":"https:\/\/ultraviolet.work\/_commercelocal\/project\/o-bifanas-chez-sebastiao-3\/#breadcrumb"},"inLanguage":"fr-FR","potentialAction":[{"@type":"ReadAction","target":["https:\/\/ultraviolet.work\/_commercelocal\/project\/o-bifanas-chez-sebastiao-3\/"]}]},{"@type":"ImageObject","inLanguage":"fr-FR","@id":"https:\/\/ultraviolet.work\/_commercelocal\/project\/o-bifanas-chez-sebastiao-3\/#primaryimage","url":"https:\/\/ultraviolet.work\/_commercelocal\/wp-content\/uploads\/2022\/10\/o-bifanas-web-1400.jpg","contentUrl":"https:\/\/ultraviolet.work\/_commercelocal\/wp-content\/uploads\/2022\/10\/o-bifanas-web-1400.jpg","width":1400,"height":1050},{"@type":"BreadcrumbList","@id":"https:\/\/ultraviolet.work\/_commercelocal\/project\/o-bifanas-chez-sebastiao-3\/#breadcrumb","itemListElement":[{"@type":"ListItem","position":1,"name":"Accueil","item":"https:\/\/ultraviolet.work\/_commercelocal\/"},{"@type":"ListItem","position":2,"name":"Projets","item":"https:\/\/ultraviolet.work\/_commercelocal\/project\/"},{"@type":"ListItem","position":3,"name":"O Bifanas, Chez Sebastiao"}]},{"@type":"WebSite","@id":"https:\/\/ultraviolet.work\/_commercelocal\/#website","url":"https:\/\/ultraviolet.work\/_commercelocal\/","name":"Le commerce local à Bruxelles","description":"","publisher":{"@id":"https:\/\/ultraviolet.work\/_commercelocal\/#organization"},"potentialAction":[{"@type":"SearchAction","target":{"@type":"EntryPoint","urlTemplate":"https:\/\/ultraviolet.work\/_commercelocal\/?s={search_term_string}"},"query-input":{"@type":"PropertyValueSpecification","valueRequired":true,"valueName":"search_term_string"}}],"inLanguage":"fr-FR"},{"@type":"Organization","@id":"https:\/\/ultraviolet.work\/_commercelocal\/#organization","name":"Le commerce local à Bruxelles - I shop in Brussels","url":"https:\/\/ultraviolet.work\/_commercelocal\/","logo":{"@type":"ImageObject","inLanguage":"fr-FR","@id":"https:\/\/ultraviolet.work\/_commercelocal\/#\/schema\/logo\/image\/","url":"https:\/\/ultraviolet.work\/_commercelocal\/wp-content\/uploads\/2020\/11\/IShopBrussels_w400.png","contentUrl":"https:\/\/ultraviolet.work\/_commercelocal\/wp-content\/uploads\/2020\/11\/IShopBrussels_w400.png","width":400,"height":200,"caption":"Le commerce local à Bruxelles - I shop in Brussels"},"image":{"@id":"https:\/\/ultraviolet.work\/_commercelocal\/#\/schema\/logo\/image\/"},"sameAs":["https:\/\/www.facebook.com\/ishopinbrussels\/"]}]}</script>
<!-- / Yoast SEO plugin. -->

O Bifanas, Chez Sebastiao - Le commerce local à Bruxelles

O Bifanas, Chez Sebastiao Restaurant Rue des Dominicains 30, 1000 Bruxelles Label : Qualité &#038; Savoir-faire http://www.o-bifanas.be/ C’est une invitation au voyage à travers le Portugal&#8230; une odyssée de saveurs rythmée par la passion du maître des lieux, Sebastiao Garcia, et son épouse Maria Christina qui elle fait des merveilles aux fourneaux. Un restaurant de [&hellip;]

Le commerce local à Bruxelles

Le commerce local à Bruxelles - I shop in Brussels
