{"id":16279,"date":"2022-10-14T09:54:21","date_gmt":"2022-10-14T07:54:21","guid":{"rendered":"https:\/\/ultraviolet.work\/_commercelocal\/project\/hotel-du-congres\/"},"modified":"2022-10-14T09:54:21","modified_gmt":"2022-10-14T07:54:21","slug":"hotel-du-congres","status":"publish","type":"project","link":"https:\/\/ultraviolet.work\/_commercelocal\/project\/hotel-du-congres\/","title":{"rendered":"H\u00f4tel du Congr\u00e8s"},"content":{"rendered":"<h2>H\u00f4tel du Congr\u00e8s<\/h2>\n<h5>H\u00f4tel<\/h5>\n<h4>Rue du Congr\u00e8s 42, 1000 Bruxelles<\/h4>\n<h5>Label : Embellissement<\/h5>\n<h6><a href=\"https:\/\/www.hotelducongres.be\/\" target=\"_blank\" rel=\"noopener\">https:\/\/www.hotelducongres.be\/<\/a><\/h6>\n<p>H\u00f4tel de charme datant du 19e si\u00e8cle, cet \u00e9tablissement de 80 chambres a r\u00e9cemment \u00e9t\u00e9 r\u00e9nov\u00e9 pour offrir le plus grand confort aux visiteurs tout en respectant l\u2019architecture des maisons de ma\u00eetres.\u00a0<\/p>\n","protected":false},"excerpt":{"rendered":"<p>H\u00f4tel du Congr\u00e8s H\u00f4tel Rue du Congr\u00e8s 42, 1000 Bruxelles Label : Embellissement https:\/\/www.hotelducongres.be\/ H\u00f4tel de charme datant du 19e si\u00e8cle, cet \u00e9tablissement de 80 chambres a r\u00e9cemment \u00e9t\u00e9 r\u00e9nov\u00e9 pour offrir le plus grand confort aux visiteurs tout en respectant l\u2019architecture des maisons de ma\u00eetres.\u00a0<\/p>\n","protected":false},"author":5,"featured_media":15196,"comment_status":"closed","ping_status":"closed","template":"","meta":{"_et_pb_use_builder":"","_et_pb_old_content":"","_et_gb_content_width":"","inline_featured_image":false,"footnotes":""},"project_category":[1198],"project_tag":[1212],"wf_project_folders":[1224],"class_list":["post-16279","project","type-project","status-publish","has-post-thumbnail","hentry","project_category-congres-royal","project_tag-hotel"],"yoast_head":"<!-- This site is optimized with the Yoast SEO plugin v27.5 - https:\/\/yoast.com\/product\/yoast-seo-wordpress\/ -->\n<title>H\u00f4tel du Congr\u00e8s - Le commerce local \u00e0 Bruxelles<\/title>\n<meta name=\"robots\" content=\"noindex, follow\" \/>\n<meta property=\"og:locale\" content=\"fr_FR\" \/>\n<meta property=\"og:type\" content=\"article\" \/>\n<meta property=\"og:title\" content=\"H\u00f4tel du Congr\u00e8s - Le commerce local \u00e0 Bruxelles\" \/>\n<meta property=\"og:description\" content=\"H\u00f4tel du Congr\u00e8s H\u00f4tel Rue du Congr\u00e8s 42, 1000 Bruxelles Label : Embellissement https:\/\/www.hotelducongres.be\/ H\u00f4tel de charme datant du 19e si\u00e8cle, cet \u00e9tablissement de 80 chambres a r\u00e9cemment \u00e9t\u00e9 r\u00e9nov\u00e9 pour offrir le plus grand confort aux visiteurs tout en respectant l\u2019architecture des maisons de ma\u00eetres.\u00a0\" \/>\n<meta property=\"og:url\" content=\"https:\/\/ultraviolet.work\/_commercelocal\/project\/hotel-du-congres\/\" \/>\n<meta property=\"og:site_name\" content=\"Le commerce local \u00e0 Bruxelles\" \/>\n<meta property=\"article:publisher\" content=\"https:\/\/www.facebook.com\/ishopinbrussels\/\" \/>\n<meta property=\"og:image\" content=\"https:\/\/ultraviolet.work\/_commercelocal\/wp-content\/uploads\/2022\/10\/hotel-du-congres-1400.jpg\" \/>\n\t<meta property=\"og:image:width\" content=\"1400\" \/>\n\t<meta property=\"og:image:height\" content=\"815\" \/>\n\t<meta property=\"og:image:type\" content=\"image\/jpeg\" \/>\n<meta name=\"twitter:card\" content=\"summary_large_image\" \/>\n<script type=\"application\/ld+json\" class=\"yoast-schema-graph\">{\"@context\":\"https:\\\/\\\/schema.org\",\"@graph\":[{\"@type\":\"WebPage\",\"@id\":\"https:\\\/\\\/ultraviolet.work\\\/_commercelocal\\\/project\\\/hotel-du-congres\\\/\",\"url\":\"https:\\\/\\\/ultraviolet.work\\\/_commercelocal\\\/project\\\/hotel-du-congres\\\/\",\"name\":\"H\u00f4tel du Congr\u00e8s - Le commerce local \u00e0 Bruxelles\",\"isPartOf\":{\"@id\":\"https:\\\/\\\/ultraviolet.work\\\/_commercelocal\\\/#website\"},\"primaryImageOfPage\":{\"@id\":\"https:\\\/\\\/ultraviolet.work\\\/_commercelocal\\\/project\\\/hotel-du-congres\\\/#primaryimage\"},\"image\":{\"@id\":\"https:\\\/\\\/ultraviolet.work\\\/_commercelocal\\\/project\\\/hotel-du-congres\\\/#primaryimage\"},\"thumbnailUrl\":\"https:\\\/\\\/ultraviolet.work\\\/_commercelocal\\\/wp-content\\\/uploads\\\/2022\\\/10\\\/hotel-du-congres-1400.jpg\",\"datePublished\":\"2022-10-14T07:54:21+00:00\",\"breadcrumb\":{\"@id\":\"https:\\\/\\\/ultraviolet.work\\\/_commercelocal\\\/project\\\/hotel-du-congres\\\/#breadcrumb\"},\"inLanguage\":\"fr-FR\",\"potentialAction\":[{\"@type\":\"ReadAction\",\"target\":[\"https:\\\/\\\/ultraviolet.work\\\/_commercelocal\\\/project\\\/hotel-du-congres\\\/\"]}]},{\"@type\":\"ImageObject\",\"inLanguage\":\"fr-FR\",\"@id\":\"https:\\\/\\\/ultraviolet.work\\\/_commercelocal\\\/project\\\/hotel-du-congres\\\/#primaryimage\",\"url\":\"https:\\\/\\\/ultraviolet.work\\\/_commercelocal\\\/wp-content\\\/uploads\\\/2022\\\/10\\\/hotel-du-congres-1400.jpg\",\"contentUrl\":\"https:\\\/\\\/ultraviolet.work\\\/_commercelocal\\\/wp-content\\\/uploads\\\/2022\\\/10\\\/hotel-du-congres-1400.jpg\",\"width\":1400,\"height\":815},{\"@type\":\"BreadcrumbList\",\"@id\":\"https:\\\/\\\/ultraviolet.work\\\/_commercelocal\\\/project\\\/hotel-du-congres\\\/#breadcrumb\",\"itemListElement\":[{\"@type\":\"ListItem\",\"position\":1,\"name\":\"Accueil\",\"item\":\"https:\\\/\\\/ultraviolet.work\\\/_commercelocal\\\/\"},{\"@type\":\"ListItem\",\"position\":2,\"name\":\"Projets\",\"item\":\"https:\\\/\\\/ultraviolet.work\\\/_commercelocal\\\/project\\\/\"},{\"@type\":\"ListItem\",\"position\":3,\"name\":\"H\u00f4tel du Congr\u00e8s\"}]},{\"@type\":\"WebSite\",\"@id\":\"https:\\\/\\\/ultraviolet.work\\\/_commercelocal\\\/#website\",\"url\":\"https:\\\/\\\/ultraviolet.work\\\/_commercelocal\\\/\",\"name\":\"Le commerce local \u00e0 Bruxelles\",\"description\":\"\",\"publisher\":{\"@id\":\"https:\\\/\\\/ultraviolet.work\\\/_commercelocal\\\/#organization\"},\"potentialAction\":[{\"@type\":\"SearchAction\",\"target\":{\"@type\":\"EntryPoint\",\"urlTemplate\":\"https:\\\/\\\/ultraviolet.work\\\/_commercelocal\\\/?s={search_term_string}\"},\"query-input\":{\"@type\":\"PropertyValueSpecification\",\"valueRequired\":true,\"valueName\":\"search_term_string\"}}],\"inLanguage\":\"fr-FR\"},{\"@type\":\"Organization\",\"@id\":\"https:\\\/\\\/ultraviolet.work\\\/_commercelocal\\\/#organization\",\"name\":\"Le commerce local \u00e0 Bruxelles - I shop in Brussels\",\"url\":\"https:\\\/\\\/ultraviolet.work\\\/_commercelocal\\\/\",\"logo\":{\"@type\":\"ImageObject\",\"inLanguage\":\"fr-FR\",\"@id\":\"https:\\\/\\\/ultraviolet.work\\\/_commercelocal\\\/#\\\/schema\\\/logo\\\/image\\\/\",\"url\":\"https:\\\/\\\/ultraviolet.work\\\/_commercelocal\\\/wp-content\\\/uploads\\\/2020\\\/11\\\/IShopBrussels_w400.png\",\"contentUrl\":\"https:\\\/\\\/ultraviolet.work\\\/_commercelocal\\\/wp-content\\\/uploads\\\/2020\\\/11\\\/IShopBrussels_w400.png\",\"width\":400,\"height\":200,\"caption\":\"Le commerce local \u00e0 Bruxelles - I shop in Brussels\"},\"image\":{\"@id\":\"https:\\\/\\\/ultraviolet.work\\\/_commercelocal\\\/#\\\/schema\\\/logo\\\/image\\\/\"},\"sameAs\":[\"https:\\\/\\\/www.facebook.com\\\/ishopinbrussels\\\/\"]}]}<\/script>\n<!-- \/ Yoast SEO plugin. -->","yoast_head_json":{"title":"H\u00f4tel du Congr\u00e8s - Le commerce local \u00e0 Bruxelles","robots":{"index":"noindex","follow":"follow"},"og_locale":"fr_FR","og_type":"article","og_title":"H\u00f4tel du Congr\u00e8s - Le commerce local \u00e0 Bruxelles","og_description":"H\u00f4tel du Congr\u00e8s H\u00f4tel Rue du Congr\u00e8s 42, 1000 Bruxelles Label : Embellissement https:\/\/www.hotelducongres.be\/ H\u00f4tel de charme datant du 19e si\u00e8cle, cet \u00e9tablissement de 80 chambres a r\u00e9cemment \u00e9t\u00e9 r\u00e9nov\u00e9 pour offrir le plus grand confort aux visiteurs tout en respectant l\u2019architecture des maisons de ma\u00eetres.\u00a0","og_url":"https:\/\/ultraviolet.work\/_commercelocal\/project\/hotel-du-congres\/","og_site_name":"Le commerce local \u00e0 Bruxelles","article_publisher":"https:\/\/www.facebook.com\/ishopinbrussels\/","og_image":[{"width":1400,"height":815,"url":"https:\/\/ultraviolet.work\/_commercelocal\/wp-content\/uploads\/2022\/10\/hotel-du-congres-1400.jpg","type":"image\/jpeg"}],"twitter_card":"summary_large_image","schema":{"@context":"https:\/\/schema.org","@graph":[{"@type":"WebPage","@id":"https:\/\/ultraviolet.work\/_commercelocal\/project\/hotel-du-congres\/","url":"https:\/\/ultraviolet.work\/_commercelocal\/project\/hotel-du-congres\/","name":"H\u00f4tel du Congr\u00e8s - Le commerce local \u00e0 Bruxelles","isPartOf":{"@id":"https:\/\/ultraviolet.work\/_commercelocal\/#website"},"primaryImageOfPage":{"@id":"https:\/\/ultraviolet.work\/_commercelocal\/project\/hotel-du-congres\/#primaryimage"},"image":{"@id":"https:\/\/ultraviolet.work\/_commercelocal\/project\/hotel-du-congres\/#primaryimage"},"thumbnailUrl":"https:\/\/ultraviolet.work\/_commercelocal\/wp-content\/uploads\/2022\/10\/hotel-du-congres-1400.jpg","datePublished":"2022-10-14T07:54:21+00:00","breadcrumb":{"@id":"https:\/\/ultraviolet.work\/_commercelocal\/project\/hotel-du-congres\/#breadcrumb"},"inLanguage":"fr-FR","potentialAction":[{"@type":"ReadAction","target":["https:\/\/ultraviolet.work\/_commercelocal\/project\/hotel-du-congres\/"]}]},{"@type":"ImageObject","inLanguage":"fr-FR","@id":"https:\/\/ultraviolet.work\/_commercelocal\/project\/hotel-du-congres\/#primaryimage","url":"https:\/\/ultraviolet.work\/_commercelocal\/wp-content\/uploads\/2022\/10\/hotel-du-congres-1400.jpg","contentUrl":"https:\/\/ultraviolet.work\/_commercelocal\/wp-content\/uploads\/2022\/10\/hotel-du-congres-1400.jpg","width":1400,"height":815},{"@type":"BreadcrumbList","@id":"https:\/\/ultraviolet.work\/_commercelocal\/project\/hotel-du-congres\/#breadcrumb","itemListElement":[{"@type":"ListItem","position":1,"name":"Accueil","item":"https:\/\/ultraviolet.work\/_commercelocal\/"},{"@type":"ListItem","position":2,"name":"Projets","item":"https:\/\/ultraviolet.work\/_commercelocal\/project\/"},{"@type":"ListItem","position":3,"name":"H\u00f4tel du Congr\u00e8s"}]},{"@type":"WebSite","@id":"https:\/\/ultraviolet.work\/_commercelocal\/#website","url":"https:\/\/ultraviolet.work\/_commercelocal\/","name":"Le commerce local \u00e0 Bruxelles","description":"","publisher":{"@id":"https:\/\/ultraviolet.work\/_commercelocal\/#organization"},"potentialAction":[{"@type":"SearchAction","target":{"@type":"EntryPoint","urlTemplate":"https:\/\/ultraviolet.work\/_commercelocal\/?s={search_term_string}"},"query-input":{"@type":"PropertyValueSpecification","valueRequired":true,"valueName":"search_term_string"}}],"inLanguage":"fr-FR"},{"@type":"Organization","@id":"https:\/\/ultraviolet.work\/_commercelocal\/#organization","name":"Le commerce local \u00e0 Bruxelles - I shop in Brussels","url":"https:\/\/ultraviolet.work\/_commercelocal\/","logo":{"@type":"ImageObject","inLanguage":"fr-FR","@id":"https:\/\/ultraviolet.work\/_commercelocal\/#\/schema\/logo\/image\/","url":"https:\/\/ultraviolet.work\/_commercelocal\/wp-content\/uploads\/2020\/11\/IShopBrussels_w400.png","contentUrl":"https:\/\/ultraviolet.work\/_commercelocal\/wp-content\/uploads\/2020\/11\/IShopBrussels_w400.png","width":400,"height":200,"caption":"Le commerce local \u00e0 Bruxelles - I shop in Brussels"},"image":{"@id":"https:\/\/ultraviolet.work\/_commercelocal\/#\/schema\/logo\/image\/"},"sameAs":["https:\/\/www.facebook.com\/ishopinbrussels\/"]}]}},"_links":{"self":[{"href":"https:\/\/ultraviolet.work\/_commercelocal\/wp-json\/wp\/v2\/project\/16279","targetHints":{"allow":["GET"]}}],"collection":[{"href":"https:\/\/ultraviolet.work\/_commercelocal\/wp-json\/wp\/v2\/project"}],"about":[{"href":"https:\/\/ultraviolet.work\/_commercelocal\/wp-json\/wp\/v2\/types\/project"}],"author":[{"embeddable":true,"href":"https:\/\/ultraviolet.work\/_commercelocal\/wp-json\/wp\/v2\/users\/5"}],"replies":[{"embeddable":true,"href":"https:\/\/ultraviolet.work\/_commercelocal\/wp-json\/wp\/v2\/comments?post=16279"}],"version-history":[{"count":0,"href":"https:\/\/ultraviolet.work\/_commercelocal\/wp-json\/wp\/v2\/project\/16279\/revisions"}],"wp:featuredmedia":[{"embeddable":true,"href":"https:\/\/ultraviolet.work\/_commercelocal\/wp-json\/wp\/v2\/media\/15196"}],"wp:attachment":[{"href":"https:\/\/ultraviolet.work\/_commercelocal\/wp-json\/wp\/v2\/media?parent=16279"}],"wp:term":[{"taxonomy":"project_category","embeddable":true,"href":"https:\/\/ultraviolet.work\/_commercelocal\/wp-json\/wp\/v2\/project_category?post=16279"},{"taxonomy":"project_tag","embeddable":true,"href":"https:\/\/ultraviolet.work\/_commercelocal\/wp-json\/wp\/v2\/project_tag?post=16279"},{"taxonomy":"wf_project_folders","embeddable":true,"href":"https:\/\/ultraviolet.work\/_commercelocal\/wp-json\/wp\/v2\/wf_project_folders?post=16279"}],"curies":[{"name":"wp","href":"https:\/\/api.w.org\/{rel}","templated":true}]}}

Hôtel du Congrès

<h2>Hôtel du Congrès</h2>
<h5>Hôtel</h5>
<h4>Rue du Congrès 42, 1000 Bruxelles</h4>
<h5>Label : Embellissement</h5>
<h6><a href="https://www.hotelducongres.be/" target="_blank" rel="noopener">https://www.hotelducongres.be/</a></h6>
<p>Hôtel de charme datant du 19e siècle, cet établissement de 80 chambres a récemment été rénové pour offrir le plus grand confort aux visiteurs tout en respectant l’architecture des maisons de maîtres. </p>

<p>Hôtel du Congrès Hôtel Rue du Congrès 42, 1000 Bruxelles Label : Embellissement https://www.hotelducongres.be/ Hôtel de charme datant du 19e siècle, cet établissement de 80 chambres a récemment été rénové pour offrir le plus grand confort aux visiteurs tout en respectant l’architecture des maisons de maîtres. </p>

<!-- This site is optimized with the Yoast SEO plugin v27.5 - https://yoast.com/product/yoast-seo-wordpress/ -->
<title>Hôtel du Congrès - Le commerce local à Bruxelles</title>
<meta name="robots" content="noindex, follow" />
<meta property="og:locale" content="fr_FR" />
<meta property="og:type" content="article" />
<meta property="og:title" content="Hôtel du Congrès - Le commerce local à Bruxelles" />
<meta property="og:description" content="Hôtel du Congrès Hôtel Rue du Congrès 42, 1000 Bruxelles Label : Embellissement https://www.hotelducongres.be/ Hôtel de charme datant du 19e siècle, cet établissement de 80 chambres a récemment été rénové pour offrir le plus grand confort aux visiteurs tout en respectant l’architecture des maisons de maîtres. " />
<meta property="og:url" content="https://ultraviolet.work/_commercelocal/project/hotel-du-congres/" />
<meta property="og:site_name" content="Le commerce local à Bruxelles" />
<meta property="article:publisher" content="https://www.facebook.com/ishopinbrussels/" />
<meta property="og:image" content="https://ultraviolet.work/_commercelocal/wp-content/uploads/2022/10/hotel-du-congres-1400.jpg" />
	<meta property="og:image:width" content="1400" />
	<meta property="og:image:height" content="815" />
	<meta property="og:image:type" content="image/jpeg" />
<meta name="twitter:card" content="summary_large_image" />
<script type="application/ld+json" class="yoast-schema-graph">{"@context":"https:\/\/schema.org","@graph":[{"@type":"WebPage","@id":"https:\/\/ultraviolet.work\/_commercelocal\/project\/hotel-du-congres\/","url":"https:\/\/ultraviolet.work\/_commercelocal\/project\/hotel-du-congres\/","name":"Hôtel du Congrès - Le commerce local à Bruxelles","isPartOf":{"@id":"https:\/\/ultraviolet.work\/_commercelocal\/#website"},"primaryImageOfPage":{"@id":"https:\/\/ultraviolet.work\/_commercelocal\/project\/hotel-du-congres\/#primaryimage"},"image":{"@id":"https:\/\/ultraviolet.work\/_commercelocal\/project\/hotel-du-congres\/#primaryimage"},"thumbnailUrl":"https:\/\/ultraviolet.work\/_commercelocal\/wp-content\/uploads\/2022\/10\/hotel-du-congres-1400.jpg","datePublished":"2022-10-14T07:54:21+00:00","breadcrumb":{"@id":"https:\/\/ultraviolet.work\/_commercelocal\/project\/hotel-du-congres\/#breadcrumb"},"inLanguage":"fr-FR","potentialAction":[{"@type":"ReadAction","target":["https:\/\/ultraviolet.work\/_commercelocal\/project\/hotel-du-congres\/"]}]},{"@type":"ImageObject","inLanguage":"fr-FR","@id":"https:\/\/ultraviolet.work\/_commercelocal\/project\/hotel-du-congres\/#primaryimage","url":"https:\/\/ultraviolet.work\/_commercelocal\/wp-content\/uploads\/2022\/10\/hotel-du-congres-1400.jpg","contentUrl":"https:\/\/ultraviolet.work\/_commercelocal\/wp-content\/uploads\/2022\/10\/hotel-du-congres-1400.jpg","width":1400,"height":815},{"@type":"BreadcrumbList","@id":"https:\/\/ultraviolet.work\/_commercelocal\/project\/hotel-du-congres\/#breadcrumb","itemListElement":[{"@type":"ListItem","position":1,"name":"Accueil","item":"https:\/\/ultraviolet.work\/_commercelocal\/"},{"@type":"ListItem","position":2,"name":"Projets","item":"https:\/\/ultraviolet.work\/_commercelocal\/project\/"},{"@type":"ListItem","position":3,"name":"Hôtel du Congrès"}]},{"@type":"WebSite","@id":"https:\/\/ultraviolet.work\/_commercelocal\/#website","url":"https:\/\/ultraviolet.work\/_commercelocal\/","name":"Le commerce local à Bruxelles","description":"","publisher":{"@id":"https:\/\/ultraviolet.work\/_commercelocal\/#organization"},"potentialAction":[{"@type":"SearchAction","target":{"@type":"EntryPoint","urlTemplate":"https:\/\/ultraviolet.work\/_commercelocal\/?s={search_term_string}"},"query-input":{"@type":"PropertyValueSpecification","valueRequired":true,"valueName":"search_term_string"}}],"inLanguage":"fr-FR"},{"@type":"Organization","@id":"https:\/\/ultraviolet.work\/_commercelocal\/#organization","name":"Le commerce local à Bruxelles - I shop in Brussels","url":"https:\/\/ultraviolet.work\/_commercelocal\/","logo":{"@type":"ImageObject","inLanguage":"fr-FR","@id":"https:\/\/ultraviolet.work\/_commercelocal\/#\/schema\/logo\/image\/","url":"https:\/\/ultraviolet.work\/_commercelocal\/wp-content\/uploads\/2020\/11\/IShopBrussels_w400.png","contentUrl":"https:\/\/ultraviolet.work\/_commercelocal\/wp-content\/uploads\/2020\/11\/IShopBrussels_w400.png","width":400,"height":200,"caption":"Le commerce local à Bruxelles - I shop in Brussels"},"image":{"@id":"https:\/\/ultraviolet.work\/_commercelocal\/#\/schema\/logo\/image\/"},"sameAs":["https:\/\/www.facebook.com\/ishopinbrussels\/"]}]}</script>
<!-- / Yoast SEO plugin. -->

Hôtel du Congrès - Le commerce local à Bruxelles

Hôtel du Congrès Hôtel Rue du Congrès 42, 1000 Bruxelles Label : Embellissement https://www.hotelducongres.be/ Hôtel de charme datant du 19e siècle, cet établissement de 80 chambres a récemment été rénové pour offrir le plus grand confort aux visiteurs tout en respectant l’architecture des maisons de maîtres.

Le commerce local à Bruxelles

Le commerce local à Bruxelles - I shop in Brussels
