{"id":16303,"date":"2022-10-14T09:55:22","date_gmt":"2022-10-14T07:55:22","guid":{"rendered":"https:\/\/ultraviolet.work\/_commercelocal\/project\/les-savonneries-bruxelloises-3\/"},"modified":"2022-10-14T09:55:22","modified_gmt":"2022-10-14T07:55:22","slug":"les-savonneries-bruxelloises-3","status":"publish","type":"project","link":"https:\/\/ultraviolet.work\/_commercelocal\/project\/les-savonneries-bruxelloises-3\/","title":{"rendered":"Les Savonneries Bruxelloises"},"content":{"rendered":"<h2>Les Savonneries Bruxelloises<\/h2>\n<h5>Cosm\u00e9tiques<\/h5>\n<h4>Galerie du Roi 4, 1000 Bruxelles Koningsgalerij 4, 1000 Bruxelles<\/h4>\n<h5>Label : Qualit\u00e9 &#038; Savoir-faire<\/h5>\n<h6><a href=\"https:\/\/www.savonneriesbruxelloises.com\/fr\" target=\"_blank\" rel=\"noopener\">https:\/\/www.savonneriesbruxelloises.com\/fr<\/a><\/h6>\n<p>Les Savonneries Bruxelloises ont \u00e9t\u00e9 fond\u00e9es au d\u00e9but du 20e si\u00e8cle. Cette boutique propose toute la gamme de la v\u00e9n\u00e9rable institution, des barres glyc\u00e9rin\u00e9es aux savons moul\u00e9s. \u00c0 la fois design et respectueuse de la tradition, la boutique arbore notamment un mur contemporain en savons recycl\u00e9s et un \u00e9vier en porcelaine o\u00f9 les clients sont invit\u00e9s \u00e0 se laver les mains avec les produits de la Savonnerie d\u00e8s leur arriv\u00e9e.<\/p>\n","protected":false},"excerpt":{"rendered":"<p>Les Savonneries Bruxelloises Cosm\u00e9tiques Galerie du Roi 4, 1000 Bruxelles Koningsgalerij 4, 1000 Bruxelles Label : Qualit\u00e9 &#038; Savoir-faire https:\/\/www.savonneriesbruxelloises.com\/fr Les Savonneries Bruxelloises ont \u00e9t\u00e9 fond\u00e9es au d\u00e9but du 20e si\u00e8cle. Cette boutique propose toute la gamme de la v\u00e9n\u00e9rable institution, des barres glyc\u00e9rin\u00e9es aux savons moul\u00e9s. \u00c0 la fois design et respectueuse de la [&hellip;]<\/p>\n","protected":false},"author":5,"featured_media":15432,"comment_status":"closed","ping_status":"closed","template":"","meta":{"_et_pb_use_builder":"","_et_pb_old_content":"","_et_gb_content_width":"","inline_featured_image":false,"footnotes":""},"project_category":[1184],"project_tag":[1216],"wf_project_folders":[1224],"class_list":["post-16303","project","type-project","status-publish","has-post-thumbnail","hentry","project_category-grand-place","project_tag-cosmetiques"],"yoast_head":"<!-- This site is optimized with the Yoast SEO plugin v27.5 - https:\/\/yoast.com\/product\/yoast-seo-wordpress\/ -->\n<title>Les Savonneries Bruxelloises - Le commerce local \u00e0 Bruxelles<\/title>\n<meta name=\"robots\" content=\"noindex, follow\" \/>\n<meta property=\"og:locale\" content=\"fr_FR\" \/>\n<meta property=\"og:type\" content=\"article\" \/>\n<meta property=\"og:title\" content=\"Les Savonneries Bruxelloises - Le commerce local \u00e0 Bruxelles\" \/>\n<meta property=\"og:description\" content=\"Les Savonneries Bruxelloises Cosm\u00e9tiques Galerie du Roi 4, 1000 Bruxelles Koningsgalerij 4, 1000 Bruxelles Label : Qualit\u00e9 &#038; Savoir-faire https:\/\/www.savonneriesbruxelloises.com\/fr Les Savonneries Bruxelloises ont \u00e9t\u00e9 fond\u00e9es au d\u00e9but du 20e si\u00e8cle. Cette boutique propose toute la gamme de la v\u00e9n\u00e9rable institution, des barres glyc\u00e9rin\u00e9es aux savons moul\u00e9s. \u00c0 la fois design et respectueuse de la [&hellip;]\" \/>\n<meta property=\"og:url\" content=\"https:\/\/ultraviolet.work\/_commercelocal\/project\/les-savonneries-bruxelloises-3\/\" \/>\n<meta property=\"og:site_name\" content=\"Le commerce local \u00e0 Bruxelles\" \/>\n<meta property=\"article:publisher\" content=\"https:\/\/www.facebook.com\/ishopinbrussels\/\" \/>\n<meta property=\"og:image\" content=\"https:\/\/ultraviolet.work\/_commercelocal\/wp-content\/uploads\/2022\/10\/savonneriesbruxelloises-1400.jpg\" \/>\n\t<meta property=\"og:image:width\" content=\"1400\" \/>\n\t<meta property=\"og:image:height\" content=\"2100\" \/>\n\t<meta property=\"og:image:type\" content=\"image\/jpeg\" \/>\n<meta name=\"twitter:card\" content=\"summary_large_image\" \/>\n<script type=\"application\/ld+json\" class=\"yoast-schema-graph\">{\"@context\":\"https:\\\/\\\/schema.org\",\"@graph\":[{\"@type\":\"WebPage\",\"@id\":\"https:\\\/\\\/ultraviolet.work\\\/_commercelocal\\\/project\\\/les-savonneries-bruxelloises-3\\\/\",\"url\":\"https:\\\/\\\/ultraviolet.work\\\/_commercelocal\\\/project\\\/les-savonneries-bruxelloises-3\\\/\",\"name\":\"Les Savonneries Bruxelloises - Le commerce local \u00e0 Bruxelles\",\"isPartOf\":{\"@id\":\"https:\\\/\\\/ultraviolet.work\\\/_commercelocal\\\/#website\"},\"primaryImageOfPage\":{\"@id\":\"https:\\\/\\\/ultraviolet.work\\\/_commercelocal\\\/project\\\/les-savonneries-bruxelloises-3\\\/#primaryimage\"},\"image\":{\"@id\":\"https:\\\/\\\/ultraviolet.work\\\/_commercelocal\\\/project\\\/les-savonneries-bruxelloises-3\\\/#primaryimage\"},\"thumbnailUrl\":\"https:\\\/\\\/ultraviolet.work\\\/_commercelocal\\\/wp-content\\\/uploads\\\/2022\\\/10\\\/savonneriesbruxelloises-1400.jpg\",\"datePublished\":\"2022-10-14T07:55:22+00:00\",\"breadcrumb\":{\"@id\":\"https:\\\/\\\/ultraviolet.work\\\/_commercelocal\\\/project\\\/les-savonneries-bruxelloises-3\\\/#breadcrumb\"},\"inLanguage\":\"fr-FR\",\"potentialAction\":[{\"@type\":\"ReadAction\",\"target\":[\"https:\\\/\\\/ultraviolet.work\\\/_commercelocal\\\/project\\\/les-savonneries-bruxelloises-3\\\/\"]}]},{\"@type\":\"ImageObject\",\"inLanguage\":\"fr-FR\",\"@id\":\"https:\\\/\\\/ultraviolet.work\\\/_commercelocal\\\/project\\\/les-savonneries-bruxelloises-3\\\/#primaryimage\",\"url\":\"https:\\\/\\\/ultraviolet.work\\\/_commercelocal\\\/wp-content\\\/uploads\\\/2022\\\/10\\\/savonneriesbruxelloises-1400.jpg\",\"contentUrl\":\"https:\\\/\\\/ultraviolet.work\\\/_commercelocal\\\/wp-content\\\/uploads\\\/2022\\\/10\\\/savonneriesbruxelloises-1400.jpg\",\"width\":1400,\"height\":2100},{\"@type\":\"BreadcrumbList\",\"@id\":\"https:\\\/\\\/ultraviolet.work\\\/_commercelocal\\\/project\\\/les-savonneries-bruxelloises-3\\\/#breadcrumb\",\"itemListElement\":[{\"@type\":\"ListItem\",\"position\":1,\"name\":\"Accueil\",\"item\":\"https:\\\/\\\/ultraviolet.work\\\/_commercelocal\\\/\"},{\"@type\":\"ListItem\",\"position\":2,\"name\":\"Projets\",\"item\":\"https:\\\/\\\/ultraviolet.work\\\/_commercelocal\\\/project\\\/\"},{\"@type\":\"ListItem\",\"position\":3,\"name\":\"Les Savonneries Bruxelloises\"}]},{\"@type\":\"WebSite\",\"@id\":\"https:\\\/\\\/ultraviolet.work\\\/_commercelocal\\\/#website\",\"url\":\"https:\\\/\\\/ultraviolet.work\\\/_commercelocal\\\/\",\"name\":\"Le commerce local \u00e0 Bruxelles\",\"description\":\"\",\"publisher\":{\"@id\":\"https:\\\/\\\/ultraviolet.work\\\/_commercelocal\\\/#organization\"},\"potentialAction\":[{\"@type\":\"SearchAction\",\"target\":{\"@type\":\"EntryPoint\",\"urlTemplate\":\"https:\\\/\\\/ultraviolet.work\\\/_commercelocal\\\/?s={search_term_string}\"},\"query-input\":{\"@type\":\"PropertyValueSpecification\",\"valueRequired\":true,\"valueName\":\"search_term_string\"}}],\"inLanguage\":\"fr-FR\"},{\"@type\":\"Organization\",\"@id\":\"https:\\\/\\\/ultraviolet.work\\\/_commercelocal\\\/#organization\",\"name\":\"Le commerce local \u00e0 Bruxelles - I shop in Brussels\",\"url\":\"https:\\\/\\\/ultraviolet.work\\\/_commercelocal\\\/\",\"logo\":{\"@type\":\"ImageObject\",\"inLanguage\":\"fr-FR\",\"@id\":\"https:\\\/\\\/ultraviolet.work\\\/_commercelocal\\\/#\\\/schema\\\/logo\\\/image\\\/\",\"url\":\"https:\\\/\\\/ultraviolet.work\\\/_commercelocal\\\/wp-content\\\/uploads\\\/2020\\\/11\\\/IShopBrussels_w400.png\",\"contentUrl\":\"https:\\\/\\\/ultraviolet.work\\\/_commercelocal\\\/wp-content\\\/uploads\\\/2020\\\/11\\\/IShopBrussels_w400.png\",\"width\":400,\"height\":200,\"caption\":\"Le commerce local \u00e0 Bruxelles - I shop in Brussels\"},\"image\":{\"@id\":\"https:\\\/\\\/ultraviolet.work\\\/_commercelocal\\\/#\\\/schema\\\/logo\\\/image\\\/\"},\"sameAs\":[\"https:\\\/\\\/www.facebook.com\\\/ishopinbrussels\\\/\"]}]}<\/script>\n<!-- \/ Yoast SEO plugin. -->","yoast_head_json":{"title":"Les Savonneries Bruxelloises - Le commerce local \u00e0 Bruxelles","robots":{"index":"noindex","follow":"follow"},"og_locale":"fr_FR","og_type":"article","og_title":"Les Savonneries Bruxelloises - Le commerce local \u00e0 Bruxelles","og_description":"Les Savonneries Bruxelloises Cosm\u00e9tiques Galerie du Roi 4, 1000 Bruxelles Koningsgalerij 4, 1000 Bruxelles Label : Qualit\u00e9 &#038; Savoir-faire https:\/\/www.savonneriesbruxelloises.com\/fr Les Savonneries Bruxelloises ont \u00e9t\u00e9 fond\u00e9es au d\u00e9but du 20e si\u00e8cle. Cette boutique propose toute la gamme de la v\u00e9n\u00e9rable institution, des barres glyc\u00e9rin\u00e9es aux savons moul\u00e9s. \u00c0 la fois design et respectueuse de la [&hellip;]","og_url":"https:\/\/ultraviolet.work\/_commercelocal\/project\/les-savonneries-bruxelloises-3\/","og_site_name":"Le commerce local \u00e0 Bruxelles","article_publisher":"https:\/\/www.facebook.com\/ishopinbrussels\/","og_image":[{"width":1400,"height":2100,"url":"https:\/\/ultraviolet.work\/_commercelocal\/wp-content\/uploads\/2022\/10\/savonneriesbruxelloises-1400.jpg","type":"image\/jpeg"}],"twitter_card":"summary_large_image","schema":{"@context":"https:\/\/schema.org","@graph":[{"@type":"WebPage","@id":"https:\/\/ultraviolet.work\/_commercelocal\/project\/les-savonneries-bruxelloises-3\/","url":"https:\/\/ultraviolet.work\/_commercelocal\/project\/les-savonneries-bruxelloises-3\/","name":"Les Savonneries Bruxelloises - Le commerce local \u00e0 Bruxelles","isPartOf":{"@id":"https:\/\/ultraviolet.work\/_commercelocal\/#website"},"primaryImageOfPage":{"@id":"https:\/\/ultraviolet.work\/_commercelocal\/project\/les-savonneries-bruxelloises-3\/#primaryimage"},"image":{"@id":"https:\/\/ultraviolet.work\/_commercelocal\/project\/les-savonneries-bruxelloises-3\/#primaryimage"},"thumbnailUrl":"https:\/\/ultraviolet.work\/_commercelocal\/wp-content\/uploads\/2022\/10\/savonneriesbruxelloises-1400.jpg","datePublished":"2022-10-14T07:55:22+00:00","breadcrumb":{"@id":"https:\/\/ultraviolet.work\/_commercelocal\/project\/les-savonneries-bruxelloises-3\/#breadcrumb"},"inLanguage":"fr-FR","potentialAction":[{"@type":"ReadAction","target":["https:\/\/ultraviolet.work\/_commercelocal\/project\/les-savonneries-bruxelloises-3\/"]}]},{"@type":"ImageObject","inLanguage":"fr-FR","@id":"https:\/\/ultraviolet.work\/_commercelocal\/project\/les-savonneries-bruxelloises-3\/#primaryimage","url":"https:\/\/ultraviolet.work\/_commercelocal\/wp-content\/uploads\/2022\/10\/savonneriesbruxelloises-1400.jpg","contentUrl":"https:\/\/ultraviolet.work\/_commercelocal\/wp-content\/uploads\/2022\/10\/savonneriesbruxelloises-1400.jpg","width":1400,"height":2100},{"@type":"BreadcrumbList","@id":"https:\/\/ultraviolet.work\/_commercelocal\/project\/les-savonneries-bruxelloises-3\/#breadcrumb","itemListElement":[{"@type":"ListItem","position":1,"name":"Accueil","item":"https:\/\/ultraviolet.work\/_commercelocal\/"},{"@type":"ListItem","position":2,"name":"Projets","item":"https:\/\/ultraviolet.work\/_commercelocal\/project\/"},{"@type":"ListItem","position":3,"name":"Les Savonneries Bruxelloises"}]},{"@type":"WebSite","@id":"https:\/\/ultraviolet.work\/_commercelocal\/#website","url":"https:\/\/ultraviolet.work\/_commercelocal\/","name":"Le commerce local \u00e0 Bruxelles","description":"","publisher":{"@id":"https:\/\/ultraviolet.work\/_commercelocal\/#organization"},"potentialAction":[{"@type":"SearchAction","target":{"@type":"EntryPoint","urlTemplate":"https:\/\/ultraviolet.work\/_commercelocal\/?s={search_term_string}"},"query-input":{"@type":"PropertyValueSpecification","valueRequired":true,"valueName":"search_term_string"}}],"inLanguage":"fr-FR"},{"@type":"Organization","@id":"https:\/\/ultraviolet.work\/_commercelocal\/#organization","name":"Le commerce local \u00e0 Bruxelles - I shop in Brussels","url":"https:\/\/ultraviolet.work\/_commercelocal\/","logo":{"@type":"ImageObject","inLanguage":"fr-FR","@id":"https:\/\/ultraviolet.work\/_commercelocal\/#\/schema\/logo\/image\/","url":"https:\/\/ultraviolet.work\/_commercelocal\/wp-content\/uploads\/2020\/11\/IShopBrussels_w400.png","contentUrl":"https:\/\/ultraviolet.work\/_commercelocal\/wp-content\/uploads\/2020\/11\/IShopBrussels_w400.png","width":400,"height":200,"caption":"Le commerce local \u00e0 Bruxelles - I shop in Brussels"},"image":{"@id":"https:\/\/ultraviolet.work\/_commercelocal\/#\/schema\/logo\/image\/"},"sameAs":["https:\/\/www.facebook.com\/ishopinbrussels\/"]}]}},"_links":{"self":[{"href":"https:\/\/ultraviolet.work\/_commercelocal\/wp-json\/wp\/v2\/project\/16303","targetHints":{"allow":["GET"]}}],"collection":[{"href":"https:\/\/ultraviolet.work\/_commercelocal\/wp-json\/wp\/v2\/project"}],"about":[{"href":"https:\/\/ultraviolet.work\/_commercelocal\/wp-json\/wp\/v2\/types\/project"}],"author":[{"embeddable":true,"href":"https:\/\/ultraviolet.work\/_commercelocal\/wp-json\/wp\/v2\/users\/5"}],"replies":[{"embeddable":true,"href":"https:\/\/ultraviolet.work\/_commercelocal\/wp-json\/wp\/v2\/comments?post=16303"}],"version-history":[{"count":0,"href":"https:\/\/ultraviolet.work\/_commercelocal\/wp-json\/wp\/v2\/project\/16303\/revisions"}],"wp:featuredmedia":[{"embeddable":true,"href":"https:\/\/ultraviolet.work\/_commercelocal\/wp-json\/wp\/v2\/media\/15432"}],"wp:attachment":[{"href":"https:\/\/ultraviolet.work\/_commercelocal\/wp-json\/wp\/v2\/media?parent=16303"}],"wp:term":[{"taxonomy":"project_category","embeddable":true,"href":"https:\/\/ultraviolet.work\/_commercelocal\/wp-json\/wp\/v2\/project_category?post=16303"},{"taxonomy":"project_tag","embeddable":true,"href":"https:\/\/ultraviolet.work\/_commercelocal\/wp-json\/wp\/v2\/project_tag?post=16303"},{"taxonomy":"wf_project_folders","embeddable":true,"href":"https:\/\/ultraviolet.work\/_commercelocal\/wp-json\/wp\/v2\/wf_project_folders?post=16303"}],"curies":[{"name":"wp","href":"https:\/\/api.w.org\/{rel}","templated":true}]}}

<h2>Les Savonneries Bruxelloises</h2>
<h5>Cosmétiques</h5>
<h4>Galerie du Roi 4, 1000 Bruxelles Koningsgalerij 4, 1000 Bruxelles</h4>
<h5>Label : Qualité &#038; Savoir-faire</h5>
<h6><a href="https://www.savonneriesbruxelloises.com/fr" target="_blank" rel="noopener">https://www.savonneriesbruxelloises.com/fr</a></h6>
<p>Les Savonneries Bruxelloises ont été fondées au début du 20e siècle. Cette boutique propose toute la gamme de la vénérable institution, des barres glycérinées aux savons moulés. À la fois design et respectueuse de la tradition, la boutique arbore notamment un mur contemporain en savons recyclés et un évier en porcelaine où les clients sont invités à se laver les mains avec les produits de la Savonnerie dès leur arrivée.</p>

<p>Les Savonneries Bruxelloises Cosmétiques Galerie du Roi 4, 1000 Bruxelles Koningsgalerij 4, 1000 Bruxelles Label : Qualité &#038; Savoir-faire https://www.savonneriesbruxelloises.com/fr Les Savonneries Bruxelloises ont été fondées au début du 20e siècle. Cette boutique propose toute la gamme de la vénérable institution, des barres glycérinées aux savons moulés. À la fois design et respectueuse de la [&hellip;]</p>

<!-- This site is optimized with the Yoast SEO plugin v27.5 - https://yoast.com/product/yoast-seo-wordpress/ -->
<title>Les Savonneries Bruxelloises - Le commerce local à Bruxelles</title>
<meta name="robots" content="noindex, follow" />
<meta property="og:locale" content="fr_FR" />
<meta property="og:type" content="article" />
<meta property="og:title" content="Les Savonneries Bruxelloises - Le commerce local à Bruxelles" />
<meta property="og:description" content="Les Savonneries Bruxelloises Cosmétiques Galerie du Roi 4, 1000 Bruxelles Koningsgalerij 4, 1000 Bruxelles Label : Qualité &#038; Savoir-faire https://www.savonneriesbruxelloises.com/fr Les Savonneries Bruxelloises ont été fondées au début du 20e siècle. Cette boutique propose toute la gamme de la vénérable institution, des barres glycérinées aux savons moulés. À la fois design et respectueuse de la [&hellip;]" />
<meta property="og:url" content="https://ultraviolet.work/_commercelocal/project/les-savonneries-bruxelloises-3/" />
<meta property="og:site_name" content="Le commerce local à Bruxelles" />
<meta property="article:publisher" content="https://www.facebook.com/ishopinbrussels/" />
<meta property="og:image" content="https://ultraviolet.work/_commercelocal/wp-content/uploads/2022/10/savonneriesbruxelloises-1400.jpg" />
	<meta property="og:image:width" content="1400" />
	<meta property="og:image:height" content="2100" />
	<meta property="og:image:type" content="image/jpeg" />
<meta name="twitter:card" content="summary_large_image" />
<script type="application/ld+json" class="yoast-schema-graph">{"@context":"https:\/\/schema.org","@graph":[{"@type":"WebPage","@id":"https:\/\/ultraviolet.work\/_commercelocal\/project\/les-savonneries-bruxelloises-3\/","url":"https:\/\/ultraviolet.work\/_commercelocal\/project\/les-savonneries-bruxelloises-3\/","name":"Les Savonneries Bruxelloises - Le commerce local à Bruxelles","isPartOf":{"@id":"https:\/\/ultraviolet.work\/_commercelocal\/#website"},"primaryImageOfPage":{"@id":"https:\/\/ultraviolet.work\/_commercelocal\/project\/les-savonneries-bruxelloises-3\/#primaryimage"},"image":{"@id":"https:\/\/ultraviolet.work\/_commercelocal\/project\/les-savonneries-bruxelloises-3\/#primaryimage"},"thumbnailUrl":"https:\/\/ultraviolet.work\/_commercelocal\/wp-content\/uploads\/2022\/10\/savonneriesbruxelloises-1400.jpg","datePublished":"2022-10-14T07:55:22+00:00","breadcrumb":{"@id":"https:\/\/ultraviolet.work\/_commercelocal\/project\/les-savonneries-bruxelloises-3\/#breadcrumb"},"inLanguage":"fr-FR","potentialAction":[{"@type":"ReadAction","target":["https:\/\/ultraviolet.work\/_commercelocal\/project\/les-savonneries-bruxelloises-3\/"]}]},{"@type":"ImageObject","inLanguage":"fr-FR","@id":"https:\/\/ultraviolet.work\/_commercelocal\/project\/les-savonneries-bruxelloises-3\/#primaryimage","url":"https:\/\/ultraviolet.work\/_commercelocal\/wp-content\/uploads\/2022\/10\/savonneriesbruxelloises-1400.jpg","contentUrl":"https:\/\/ultraviolet.work\/_commercelocal\/wp-content\/uploads\/2022\/10\/savonneriesbruxelloises-1400.jpg","width":1400,"height":2100},{"@type":"BreadcrumbList","@id":"https:\/\/ultraviolet.work\/_commercelocal\/project\/les-savonneries-bruxelloises-3\/#breadcrumb","itemListElement":[{"@type":"ListItem","position":1,"name":"Accueil","item":"https:\/\/ultraviolet.work\/_commercelocal\/"},{"@type":"ListItem","position":2,"name":"Projets","item":"https:\/\/ultraviolet.work\/_commercelocal\/project\/"},{"@type":"ListItem","position":3,"name":"Les Savonneries Bruxelloises"}]},{"@type":"WebSite","@id":"https:\/\/ultraviolet.work\/_commercelocal\/#website","url":"https:\/\/ultraviolet.work\/_commercelocal\/","name":"Le commerce local à Bruxelles","description":"","publisher":{"@id":"https:\/\/ultraviolet.work\/_commercelocal\/#organization"},"potentialAction":[{"@type":"SearchAction","target":{"@type":"EntryPoint","urlTemplate":"https:\/\/ultraviolet.work\/_commercelocal\/?s={search_term_string}"},"query-input":{"@type":"PropertyValueSpecification","valueRequired":true,"valueName":"search_term_string"}}],"inLanguage":"fr-FR"},{"@type":"Organization","@id":"https:\/\/ultraviolet.work\/_commercelocal\/#organization","name":"Le commerce local à Bruxelles - I shop in Brussels","url":"https:\/\/ultraviolet.work\/_commercelocal\/","logo":{"@type":"ImageObject","inLanguage":"fr-FR","@id":"https:\/\/ultraviolet.work\/_commercelocal\/#\/schema\/logo\/image\/","url":"https:\/\/ultraviolet.work\/_commercelocal\/wp-content\/uploads\/2020\/11\/IShopBrussels_w400.png","contentUrl":"https:\/\/ultraviolet.work\/_commercelocal\/wp-content\/uploads\/2020\/11\/IShopBrussels_w400.png","width":400,"height":200,"caption":"Le commerce local à Bruxelles - I shop in Brussels"},"image":{"@id":"https:\/\/ultraviolet.work\/_commercelocal\/#\/schema\/logo\/image\/"},"sameAs":["https:\/\/www.facebook.com\/ishopinbrussels\/"]}]}</script>
<!-- / Yoast SEO plugin. -->

Les Savonneries Bruxelloises - Le commerce local à Bruxelles

Les Savonneries Bruxelloises Cosmétiques Galerie du Roi 4, 1000 Bruxelles Koningsgalerij 4, 1000 Bruxelles Label : Qualité &#038; Savoir-faire https://www.savonneriesbruxelloises.com/fr Les Savonneries Bruxelloises ont été fondées au début du 20e siècle. Cette boutique propose toute la gamme de la vénérable institution, des barres glycérinées aux savons moulés. À la fois design et respectueuse de la [&hellip;]

Le commerce local à Bruxelles

Le commerce local à Bruxelles - I shop in Brussels
