{"id":16486,"date":"2022-10-14T10:03:10","date_gmt":"2022-10-14T08:03:10","guid":{"rendered":"https:\/\/ultraviolet.work\/_commercelocal\/project\/lami-de-claire-fontaine-3\/"},"modified":"2022-10-14T10:03:10","modified_gmt":"2022-10-14T08:03:10","slug":"lami-de-claire-fontaine-3","status":"publish","type":"project","link":"https:\/\/ultraviolet.work\/_commercelocal\/project\/lami-de-claire-fontaine-3\/","title":{"rendered":"L&rsquo;Ami de Claire Fontaine"},"content":{"rendered":"<h2>L&rsquo;Ami de Claire Fontaine<\/h2>\n<h5>Alimentation<\/h5>\n<h4>Rue Ernest Allard 3, 1000 Bruxelles <\/h4>\n<h5>Label : Qualit\u00e9 &#038; Savoir-faire<\/h5>\n<h6><a href=\"https:\/\/www.lamideclairefontaine.be\/\" target=\"_blank\" rel=\"noopener\">https:\/\/www.lamideclairefontaine.be\/<\/a><\/h6>\n<p>Institution du Sablon depuis 35 ans, l\u2019\u00e9picerie fine \u201cL\u2019Ami de Claire Fontaine\u201d propose des produits du terroir belge, ainsi que des \u00e9pices et condiments du monde entier. Dans un d\u00e9cor unique et d\u00e9cal\u00e9, aiguisez votre palais aventurier et laissez le fin gourmet en vous s\u2019exprimer.<\/p>\n","protected":false},"excerpt":{"rendered":"<p>L&rsquo;Ami de Claire Fontaine Alimentation Rue Ernest Allard 3, 1000 Bruxelles Label : Qualit\u00e9 &#038; Savoir-faire https:\/\/www.lamideclairefontaine.be\/ Institution du Sablon depuis 35 ans, l\u2019\u00e9picerie fine \u201cL\u2019Ami de Claire Fontaine\u201d propose des produits du terroir belge, ainsi que des \u00e9pices et condiments du monde entier. Dans un d\u00e9cor unique et d\u00e9cal\u00e9, aiguisez votre palais aventurier et [&hellip;]<\/p>\n","protected":false},"author":5,"featured_media":15231,"comment_status":"closed","ping_status":"closed","template":"","meta":{"_et_pb_use_builder":"","_et_pb_old_content":"","_et_gb_content_width":"","inline_featured_image":false,"footnotes":""},"project_category":[1178],"project_tag":[1222],"wf_project_folders":[1224],"class_list":["post-16486","project","type-project","status-publish","has-post-thumbnail","hentry","project_category-sablon","project_tag-alimentation"],"yoast_head":"<!-- This site is optimized with the Yoast SEO plugin v27.5 - https:\/\/yoast.com\/product\/yoast-seo-wordpress\/ -->\n<title>L&#039;Ami de Claire Fontaine - Le commerce local \u00e0 Bruxelles<\/title>\n<meta name=\"robots\" content=\"noindex, follow\" \/>\n<meta property=\"og:locale\" content=\"fr_FR\" \/>\n<meta property=\"og:type\" content=\"article\" \/>\n<meta property=\"og:title\" content=\"L&#039;Ami de Claire Fontaine - Le commerce local \u00e0 Bruxelles\" \/>\n<meta property=\"og:description\" content=\"L&rsquo;Ami de Claire Fontaine Alimentation Rue Ernest Allard 3, 1000 Bruxelles Label : Qualit\u00e9 &#038; Savoir-faire https:\/\/www.lamideclairefontaine.be\/ Institution du Sablon depuis 35 ans, l\u2019\u00e9picerie fine \u201cL\u2019Ami de Claire Fontaine\u201d propose des produits du terroir belge, ainsi que des \u00e9pices et condiments du monde entier. Dans un d\u00e9cor unique et d\u00e9cal\u00e9, aiguisez votre palais aventurier et [&hellip;]\" \/>\n<meta property=\"og:url\" content=\"https:\/\/ultraviolet.work\/_commercelocal\/project\/lami-de-claire-fontaine-3\/\" \/>\n<meta property=\"og:site_name\" content=\"Le commerce local \u00e0 Bruxelles\" \/>\n<meta property=\"article:publisher\" content=\"https:\/\/www.facebook.com\/ishopinbrussels\/\" \/>\n<meta property=\"og:image\" content=\"https:\/\/ultraviolet.work\/_commercelocal\/wp-content\/uploads\/2022\/10\/l-ami-de-claire-fontaine-1400.jpg\" \/>\n\t<meta property=\"og:image:width\" content=\"1400\" \/>\n\t<meta property=\"og:image:height\" content=\"1050\" \/>\n\t<meta property=\"og:image:type\" content=\"image\/jpeg\" \/>\n<meta name=\"twitter:card\" content=\"summary_large_image\" \/>\n<script type=\"application\/ld+json\" class=\"yoast-schema-graph\">{\"@context\":\"https:\\\/\\\/schema.org\",\"@graph\":[{\"@type\":\"WebPage\",\"@id\":\"https:\\\/\\\/ultraviolet.work\\\/_commercelocal\\\/project\\\/lami-de-claire-fontaine-3\\\/\",\"url\":\"https:\\\/\\\/ultraviolet.work\\\/_commercelocal\\\/project\\\/lami-de-claire-fontaine-3\\\/\",\"name\":\"L'Ami de Claire Fontaine - Le commerce local \u00e0 Bruxelles\",\"isPartOf\":{\"@id\":\"https:\\\/\\\/ultraviolet.work\\\/_commercelocal\\\/#website\"},\"primaryImageOfPage\":{\"@id\":\"https:\\\/\\\/ultraviolet.work\\\/_commercelocal\\\/project\\\/lami-de-claire-fontaine-3\\\/#primaryimage\"},\"image\":{\"@id\":\"https:\\\/\\\/ultraviolet.work\\\/_commercelocal\\\/project\\\/lami-de-claire-fontaine-3\\\/#primaryimage\"},\"thumbnailUrl\":\"https:\\\/\\\/ultraviolet.work\\\/_commercelocal\\\/wp-content\\\/uploads\\\/2022\\\/10\\\/l-ami-de-claire-fontaine-1400.jpg\",\"datePublished\":\"2022-10-14T08:03:10+00:00\",\"breadcrumb\":{\"@id\":\"https:\\\/\\\/ultraviolet.work\\\/_commercelocal\\\/project\\\/lami-de-claire-fontaine-3\\\/#breadcrumb\"},\"inLanguage\":\"fr-FR\",\"potentialAction\":[{\"@type\":\"ReadAction\",\"target\":[\"https:\\\/\\\/ultraviolet.work\\\/_commercelocal\\\/project\\\/lami-de-claire-fontaine-3\\\/\"]}]},{\"@type\":\"ImageObject\",\"inLanguage\":\"fr-FR\",\"@id\":\"https:\\\/\\\/ultraviolet.work\\\/_commercelocal\\\/project\\\/lami-de-claire-fontaine-3\\\/#primaryimage\",\"url\":\"https:\\\/\\\/ultraviolet.work\\\/_commercelocal\\\/wp-content\\\/uploads\\\/2022\\\/10\\\/l-ami-de-claire-fontaine-1400.jpg\",\"contentUrl\":\"https:\\\/\\\/ultraviolet.work\\\/_commercelocal\\\/wp-content\\\/uploads\\\/2022\\\/10\\\/l-ami-de-claire-fontaine-1400.jpg\",\"width\":1400,\"height\":1050},{\"@type\":\"BreadcrumbList\",\"@id\":\"https:\\\/\\\/ultraviolet.work\\\/_commercelocal\\\/project\\\/lami-de-claire-fontaine-3\\\/#breadcrumb\",\"itemListElement\":[{\"@type\":\"ListItem\",\"position\":1,\"name\":\"Accueil\",\"item\":\"https:\\\/\\\/ultraviolet.work\\\/_commercelocal\\\/\"},{\"@type\":\"ListItem\",\"position\":2,\"name\":\"Projets\",\"item\":\"https:\\\/\\\/ultraviolet.work\\\/_commercelocal\\\/project\\\/\"},{\"@type\":\"ListItem\",\"position\":3,\"name\":\"L&rsquo;Ami de Claire Fontaine\"}]},{\"@type\":\"WebSite\",\"@id\":\"https:\\\/\\\/ultraviolet.work\\\/_commercelocal\\\/#website\",\"url\":\"https:\\\/\\\/ultraviolet.work\\\/_commercelocal\\\/\",\"name\":\"Le commerce local \u00e0 Bruxelles\",\"description\":\"\",\"publisher\":{\"@id\":\"https:\\\/\\\/ultraviolet.work\\\/_commercelocal\\\/#organization\"},\"potentialAction\":[{\"@type\":\"SearchAction\",\"target\":{\"@type\":\"EntryPoint\",\"urlTemplate\":\"https:\\\/\\\/ultraviolet.work\\\/_commercelocal\\\/?s={search_term_string}\"},\"query-input\":{\"@type\":\"PropertyValueSpecification\",\"valueRequired\":true,\"valueName\":\"search_term_string\"}}],\"inLanguage\":\"fr-FR\"},{\"@type\":\"Organization\",\"@id\":\"https:\\\/\\\/ultraviolet.work\\\/_commercelocal\\\/#organization\",\"name\":\"Le commerce local \u00e0 Bruxelles - I shop in Brussels\",\"url\":\"https:\\\/\\\/ultraviolet.work\\\/_commercelocal\\\/\",\"logo\":{\"@type\":\"ImageObject\",\"inLanguage\":\"fr-FR\",\"@id\":\"https:\\\/\\\/ultraviolet.work\\\/_commercelocal\\\/#\\\/schema\\\/logo\\\/image\\\/\",\"url\":\"https:\\\/\\\/ultraviolet.work\\\/_commercelocal\\\/wp-content\\\/uploads\\\/2020\\\/11\\\/IShopBrussels_w400.png\",\"contentUrl\":\"https:\\\/\\\/ultraviolet.work\\\/_commercelocal\\\/wp-content\\\/uploads\\\/2020\\\/11\\\/IShopBrussels_w400.png\",\"width\":400,\"height\":200,\"caption\":\"Le commerce local \u00e0 Bruxelles - I shop in Brussels\"},\"image\":{\"@id\":\"https:\\\/\\\/ultraviolet.work\\\/_commercelocal\\\/#\\\/schema\\\/logo\\\/image\\\/\"},\"sameAs\":[\"https:\\\/\\\/www.facebook.com\\\/ishopinbrussels\\\/\"]}]}<\/script>\n<!-- \/ Yoast SEO plugin. -->","yoast_head_json":{"title":"L'Ami de Claire Fontaine - Le commerce local \u00e0 Bruxelles","robots":{"index":"noindex","follow":"follow"},"og_locale":"fr_FR","og_type":"article","og_title":"L'Ami de Claire Fontaine - Le commerce local \u00e0 Bruxelles","og_description":"L&rsquo;Ami de Claire Fontaine Alimentation Rue Ernest Allard 3, 1000 Bruxelles Label : Qualit\u00e9 &#038; Savoir-faire https:\/\/www.lamideclairefontaine.be\/ Institution du Sablon depuis 35 ans, l\u2019\u00e9picerie fine \u201cL\u2019Ami de Claire Fontaine\u201d propose des produits du terroir belge, ainsi que des \u00e9pices et condiments du monde entier. Dans un d\u00e9cor unique et d\u00e9cal\u00e9, aiguisez votre palais aventurier et [&hellip;]","og_url":"https:\/\/ultraviolet.work\/_commercelocal\/project\/lami-de-claire-fontaine-3\/","og_site_name":"Le commerce local \u00e0 Bruxelles","article_publisher":"https:\/\/www.facebook.com\/ishopinbrussels\/","og_image":[{"width":1400,"height":1050,"url":"https:\/\/ultraviolet.work\/_commercelocal\/wp-content\/uploads\/2022\/10\/l-ami-de-claire-fontaine-1400.jpg","type":"image\/jpeg"}],"twitter_card":"summary_large_image","schema":{"@context":"https:\/\/schema.org","@graph":[{"@type":"WebPage","@id":"https:\/\/ultraviolet.work\/_commercelocal\/project\/lami-de-claire-fontaine-3\/","url":"https:\/\/ultraviolet.work\/_commercelocal\/project\/lami-de-claire-fontaine-3\/","name":"L'Ami de Claire Fontaine - Le commerce local \u00e0 Bruxelles","isPartOf":{"@id":"https:\/\/ultraviolet.work\/_commercelocal\/#website"},"primaryImageOfPage":{"@id":"https:\/\/ultraviolet.work\/_commercelocal\/project\/lami-de-claire-fontaine-3\/#primaryimage"},"image":{"@id":"https:\/\/ultraviolet.work\/_commercelocal\/project\/lami-de-claire-fontaine-3\/#primaryimage"},"thumbnailUrl":"https:\/\/ultraviolet.work\/_commercelocal\/wp-content\/uploads\/2022\/10\/l-ami-de-claire-fontaine-1400.jpg","datePublished":"2022-10-14T08:03:10+00:00","breadcrumb":{"@id":"https:\/\/ultraviolet.work\/_commercelocal\/project\/lami-de-claire-fontaine-3\/#breadcrumb"},"inLanguage":"fr-FR","potentialAction":[{"@type":"ReadAction","target":["https:\/\/ultraviolet.work\/_commercelocal\/project\/lami-de-claire-fontaine-3\/"]}]},{"@type":"ImageObject","inLanguage":"fr-FR","@id":"https:\/\/ultraviolet.work\/_commercelocal\/project\/lami-de-claire-fontaine-3\/#primaryimage","url":"https:\/\/ultraviolet.work\/_commercelocal\/wp-content\/uploads\/2022\/10\/l-ami-de-claire-fontaine-1400.jpg","contentUrl":"https:\/\/ultraviolet.work\/_commercelocal\/wp-content\/uploads\/2022\/10\/l-ami-de-claire-fontaine-1400.jpg","width":1400,"height":1050},{"@type":"BreadcrumbList","@id":"https:\/\/ultraviolet.work\/_commercelocal\/project\/lami-de-claire-fontaine-3\/#breadcrumb","itemListElement":[{"@type":"ListItem","position":1,"name":"Accueil","item":"https:\/\/ultraviolet.work\/_commercelocal\/"},{"@type":"ListItem","position":2,"name":"Projets","item":"https:\/\/ultraviolet.work\/_commercelocal\/project\/"},{"@type":"ListItem","position":3,"name":"L&rsquo;Ami de Claire Fontaine"}]},{"@type":"WebSite","@id":"https:\/\/ultraviolet.work\/_commercelocal\/#website","url":"https:\/\/ultraviolet.work\/_commercelocal\/","name":"Le commerce local \u00e0 Bruxelles","description":"","publisher":{"@id":"https:\/\/ultraviolet.work\/_commercelocal\/#organization"},"potentialAction":[{"@type":"SearchAction","target":{"@type":"EntryPoint","urlTemplate":"https:\/\/ultraviolet.work\/_commercelocal\/?s={search_term_string}"},"query-input":{"@type":"PropertyValueSpecification","valueRequired":true,"valueName":"search_term_string"}}],"inLanguage":"fr-FR"},{"@type":"Organization","@id":"https:\/\/ultraviolet.work\/_commercelocal\/#organization","name":"Le commerce local \u00e0 Bruxelles - I shop in Brussels","url":"https:\/\/ultraviolet.work\/_commercelocal\/","logo":{"@type":"ImageObject","inLanguage":"fr-FR","@id":"https:\/\/ultraviolet.work\/_commercelocal\/#\/schema\/logo\/image\/","url":"https:\/\/ultraviolet.work\/_commercelocal\/wp-content\/uploads\/2020\/11\/IShopBrussels_w400.png","contentUrl":"https:\/\/ultraviolet.work\/_commercelocal\/wp-content\/uploads\/2020\/11\/IShopBrussels_w400.png","width":400,"height":200,"caption":"Le commerce local \u00e0 Bruxelles - I shop in Brussels"},"image":{"@id":"https:\/\/ultraviolet.work\/_commercelocal\/#\/schema\/logo\/image\/"},"sameAs":["https:\/\/www.facebook.com\/ishopinbrussels\/"]}]}},"_links":{"self":[{"href":"https:\/\/ultraviolet.work\/_commercelocal\/wp-json\/wp\/v2\/project\/16486","targetHints":{"allow":["GET"]}}],"collection":[{"href":"https:\/\/ultraviolet.work\/_commercelocal\/wp-json\/wp\/v2\/project"}],"about":[{"href":"https:\/\/ultraviolet.work\/_commercelocal\/wp-json\/wp\/v2\/types\/project"}],"author":[{"embeddable":true,"href":"https:\/\/ultraviolet.work\/_commercelocal\/wp-json\/wp\/v2\/users\/5"}],"replies":[{"embeddable":true,"href":"https:\/\/ultraviolet.work\/_commercelocal\/wp-json\/wp\/v2\/comments?post=16486"}],"version-history":[{"count":0,"href":"https:\/\/ultraviolet.work\/_commercelocal\/wp-json\/wp\/v2\/project\/16486\/revisions"}],"wp:featuredmedia":[{"embeddable":true,"href":"https:\/\/ultraviolet.work\/_commercelocal\/wp-json\/wp\/v2\/media\/15231"}],"wp:attachment":[{"href":"https:\/\/ultraviolet.work\/_commercelocal\/wp-json\/wp\/v2\/media?parent=16486"}],"wp:term":[{"taxonomy":"project_category","embeddable":true,"href":"https:\/\/ultraviolet.work\/_commercelocal\/wp-json\/wp\/v2\/project_category?post=16486"},{"taxonomy":"project_tag","embeddable":true,"href":"https:\/\/ultraviolet.work\/_commercelocal\/wp-json\/wp\/v2\/project_tag?post=16486"},{"taxonomy":"wf_project_folders","embeddable":true,"href":"https:\/\/ultraviolet.work\/_commercelocal\/wp-json\/wp\/v2\/wf_project_folders?post=16486"}],"curies":[{"name":"wp","href":"https:\/\/api.w.org\/{rel}","templated":true}]}}

<h2>L&rsquo;Ami de Claire Fontaine</h2>
<h5>Alimentation</h5>
<h4>Rue Ernest Allard 3, 1000 Bruxelles </h4>
<h5>Label : Qualité &#038; Savoir-faire</h5>
<h6><a href="https://www.lamideclairefontaine.be/" target="_blank" rel="noopener">https://www.lamideclairefontaine.be/</a></h6>
<p>Institution du Sablon depuis 35 ans, l’épicerie fine “L’Ami de Claire Fontaine” propose des produits du terroir belge, ainsi que des épices et condiments du monde entier. Dans un décor unique et décalé, aiguisez votre palais aventurier et laissez le fin gourmet en vous s’exprimer.</p>

<p>L&rsquo;Ami de Claire Fontaine Alimentation Rue Ernest Allard 3, 1000 Bruxelles Label : Qualité &#038; Savoir-faire https://www.lamideclairefontaine.be/ Institution du Sablon depuis 35 ans, l’épicerie fine “L’Ami de Claire Fontaine” propose des produits du terroir belge, ainsi que des épices et condiments du monde entier. Dans un décor unique et décalé, aiguisez votre palais aventurier et [&hellip;]</p>

<!-- This site is optimized with the Yoast SEO plugin v27.5 - https://yoast.com/product/yoast-seo-wordpress/ -->
<title>L&#039;Ami de Claire Fontaine - Le commerce local à Bruxelles</title>
<meta name="robots" content="noindex, follow" />
<meta property="og:locale" content="fr_FR" />
<meta property="og:type" content="article" />
<meta property="og:title" content="L&#039;Ami de Claire Fontaine - Le commerce local à Bruxelles" />
<meta property="og:description" content="L&rsquo;Ami de Claire Fontaine Alimentation Rue Ernest Allard 3, 1000 Bruxelles Label : Qualité &#038; Savoir-faire https://www.lamideclairefontaine.be/ Institution du Sablon depuis 35 ans, l’épicerie fine “L’Ami de Claire Fontaine” propose des produits du terroir belge, ainsi que des épices et condiments du monde entier. Dans un décor unique et décalé, aiguisez votre palais aventurier et [&hellip;]" />
<meta property="og:url" content="https://ultraviolet.work/_commercelocal/project/lami-de-claire-fontaine-3/" />
<meta property="og:site_name" content="Le commerce local à Bruxelles" />
<meta property="article:publisher" content="https://www.facebook.com/ishopinbrussels/" />
<meta property="og:image" content="https://ultraviolet.work/_commercelocal/wp-content/uploads/2022/10/l-ami-de-claire-fontaine-1400.jpg" />
	<meta property="og:image:width" content="1400" />
	<meta property="og:image:height" content="1050" />
	<meta property="og:image:type" content="image/jpeg" />
<meta name="twitter:card" content="summary_large_image" />
<script type="application/ld+json" class="yoast-schema-graph">{"@context":"https:\/\/schema.org","@graph":[{"@type":"WebPage","@id":"https:\/\/ultraviolet.work\/_commercelocal\/project\/lami-de-claire-fontaine-3\/","url":"https:\/\/ultraviolet.work\/_commercelocal\/project\/lami-de-claire-fontaine-3\/","name":"L'Ami de Claire Fontaine - Le commerce local à Bruxelles","isPartOf":{"@id":"https:\/\/ultraviolet.work\/_commercelocal\/#website"},"primaryImageOfPage":{"@id":"https:\/\/ultraviolet.work\/_commercelocal\/project\/lami-de-claire-fontaine-3\/#primaryimage"},"image":{"@id":"https:\/\/ultraviolet.work\/_commercelocal\/project\/lami-de-claire-fontaine-3\/#primaryimage"},"thumbnailUrl":"https:\/\/ultraviolet.work\/_commercelocal\/wp-content\/uploads\/2022\/10\/l-ami-de-claire-fontaine-1400.jpg","datePublished":"2022-10-14T08:03:10+00:00","breadcrumb":{"@id":"https:\/\/ultraviolet.work\/_commercelocal\/project\/lami-de-claire-fontaine-3\/#breadcrumb"},"inLanguage":"fr-FR","potentialAction":[{"@type":"ReadAction","target":["https:\/\/ultraviolet.work\/_commercelocal\/project\/lami-de-claire-fontaine-3\/"]}]},{"@type":"ImageObject","inLanguage":"fr-FR","@id":"https:\/\/ultraviolet.work\/_commercelocal\/project\/lami-de-claire-fontaine-3\/#primaryimage","url":"https:\/\/ultraviolet.work\/_commercelocal\/wp-content\/uploads\/2022\/10\/l-ami-de-claire-fontaine-1400.jpg","contentUrl":"https:\/\/ultraviolet.work\/_commercelocal\/wp-content\/uploads\/2022\/10\/l-ami-de-claire-fontaine-1400.jpg","width":1400,"height":1050},{"@type":"BreadcrumbList","@id":"https:\/\/ultraviolet.work\/_commercelocal\/project\/lami-de-claire-fontaine-3\/#breadcrumb","itemListElement":[{"@type":"ListItem","position":1,"name":"Accueil","item":"https:\/\/ultraviolet.work\/_commercelocal\/"},{"@type":"ListItem","position":2,"name":"Projets","item":"https:\/\/ultraviolet.work\/_commercelocal\/project\/"},{"@type":"ListItem","position":3,"name":"L&rsquo;Ami de Claire Fontaine"}]},{"@type":"WebSite","@id":"https:\/\/ultraviolet.work\/_commercelocal\/#website","url":"https:\/\/ultraviolet.work\/_commercelocal\/","name":"Le commerce local à Bruxelles","description":"","publisher":{"@id":"https:\/\/ultraviolet.work\/_commercelocal\/#organization"},"potentialAction":[{"@type":"SearchAction","target":{"@type":"EntryPoint","urlTemplate":"https:\/\/ultraviolet.work\/_commercelocal\/?s={search_term_string}"},"query-input":{"@type":"PropertyValueSpecification","valueRequired":true,"valueName":"search_term_string"}}],"inLanguage":"fr-FR"},{"@type":"Organization","@id":"https:\/\/ultraviolet.work\/_commercelocal\/#organization","name":"Le commerce local à Bruxelles - I shop in Brussels","url":"https:\/\/ultraviolet.work\/_commercelocal\/","logo":{"@type":"ImageObject","inLanguage":"fr-FR","@id":"https:\/\/ultraviolet.work\/_commercelocal\/#\/schema\/logo\/image\/","url":"https:\/\/ultraviolet.work\/_commercelocal\/wp-content\/uploads\/2020\/11\/IShopBrussels_w400.png","contentUrl":"https:\/\/ultraviolet.work\/_commercelocal\/wp-content\/uploads\/2020\/11\/IShopBrussels_w400.png","width":400,"height":200,"caption":"Le commerce local à Bruxelles - I shop in Brussels"},"image":{"@id":"https:\/\/ultraviolet.work\/_commercelocal\/#\/schema\/logo\/image\/"},"sameAs":["https:\/\/www.facebook.com\/ishopinbrussels\/"]}]}</script>
<!-- / Yoast SEO plugin. -->

L'Ami de Claire Fontaine - Le commerce local à Bruxelles

L&rsquo;Ami de Claire Fontaine Alimentation Rue Ernest Allard 3, 1000 Bruxelles Label : Qualité &#038; Savoir-faire https://www.lamideclairefontaine.be/ Institution du Sablon depuis 35 ans, l’épicerie fine “L’Ami de Claire Fontaine” propose des produits du terroir belge, ainsi que des épices et condiments du monde entier. Dans un décor unique et décalé, aiguisez votre palais aventurier et [&hellip;]

Le commerce local à Bruxelles

Le commerce local à Bruxelles - I shop in Brussels
