{"id":16489,"date":"2022-10-14T10:03:17","date_gmt":"2022-10-14T08:03:17","guid":{"rendered":"https:\/\/ultraviolet.work\/_commercelocal\/project\/friterie-chez-jef\/"},"modified":"2022-10-14T10:03:17","modified_gmt":"2022-10-14T08:03:17","slug":"friterie-chez-jef","status":"publish","type":"project","link":"https:\/\/ultraviolet.work\/_commercelocal\/project\/friterie-chez-jef\/","title":{"rendered":"Friterie Chez Jef"},"content":{"rendered":"<h2>Friterie Chez Jef<\/h2>\n<h5>Alimentation<\/h5>\n<h4>Place Peter Benoit 1120 Neder-Over-Heembeek<\/h4>\n<h5>Label : Qualit\u00e9 &#038; Savoir-faire<\/h5>\n<h6><a href=\"https:\/\/www.facebook.com\/La-friterie-chez-Jeff-230181951057011\/\" target=\"_blank\" rel=\"noopener\">https:\/\/www.facebook.com\/La-friterie-chez-Jeff-230181951057011\/<\/a><\/h6>\n<p>Si vous demandez autour de vous o\u00f9 d\u00e9guster les meilleures frites de la capitale, il y a fort \u00e0 parier pour que la r\u00e9ponse soit quasi unanime : celles de Chez Jef ! Ce fritkot peut en effet se targuer d\u2019avoir d\u00e9croch\u00e9 \u00e0 trois reprises le titre de meilleure friterie de Bruxelles, en 2016, en 2017 et en 2019. Et d\u00e9sormais, il pourra \u00e9galement se vanter d\u2019\u00eatre l\u2019un des fritkots les plus modernes de notre plat pays, gr\u00e2ce \u00e0 un lifting financ\u00e9 par la Ville de Bruxelles.\u00a0<\/p>\n","protected":false},"excerpt":{"rendered":"<p>Friterie Chez Jef Alimentation Place Peter Benoit 1120 Neder-Over-Heembeek Label : Qualit\u00e9 &#038; Savoir-faire https:\/\/www.facebook.com\/La-friterie-chez-Jeff-230181951057011\/ Si vous demandez autour de vous o\u00f9 d\u00e9guster les meilleures frites de la capitale, il y a fort \u00e0 parier pour que la r\u00e9ponse soit quasi unanime : celles de Chez Jef ! Ce fritkot peut en effet se targuer [&hellip;]<\/p>\n","protected":false},"author":5,"featured_media":15162,"comment_status":"closed","ping_status":"closed","template":"","meta":{"_et_pb_use_builder":"","_et_pb_old_content":"","_et_gb_content_width":"","inline_featured_image":false,"footnotes":""},"project_category":[1192],"project_tag":[1222],"wf_project_folders":[1224],"class_list":["post-16489","project","type-project","status-publish","has-post-thumbnail","hentry","project_category-neder-over-heembeek","project_tag-alimentation"],"yoast_head":"<!-- This site is optimized with the Yoast SEO plugin v27.5 - https:\/\/yoast.com\/product\/yoast-seo-wordpress\/ -->\n<title>Friterie Chez Jef - Le commerce local \u00e0 Bruxelles<\/title>\n<meta name=\"robots\" content=\"noindex, follow\" \/>\n<meta property=\"og:locale\" content=\"fr_FR\" \/>\n<meta property=\"og:type\" content=\"article\" \/>\n<meta property=\"og:title\" content=\"Friterie Chez Jef - Le commerce local \u00e0 Bruxelles\" \/>\n<meta property=\"og:description\" content=\"Friterie Chez Jef Alimentation Place Peter Benoit 1120 Neder-Over-Heembeek Label : Qualit\u00e9 &#038; Savoir-faire https:\/\/www.facebook.com\/La-friterie-chez-Jeff-230181951057011\/ Si vous demandez autour de vous o\u00f9 d\u00e9guster les meilleures frites de la capitale, il y a fort \u00e0 parier pour que la r\u00e9ponse soit quasi unanime : celles de Chez Jef ! Ce fritkot peut en effet se targuer [&hellip;]\" \/>\n<meta property=\"og:url\" content=\"https:\/\/ultraviolet.work\/_commercelocal\/project\/friterie-chez-jef\/\" \/>\n<meta property=\"og:site_name\" content=\"Le commerce local \u00e0 Bruxelles\" \/>\n<meta property=\"article:publisher\" content=\"https:\/\/www.facebook.com\/ishopinbrussels\/\" \/>\n<meta property=\"og:image\" content=\"https:\/\/ultraviolet.work\/_commercelocal\/wp-content\/uploads\/2022\/10\/friterie-chez-jef-1400.jpg\" \/>\n\t<meta property=\"og:image:width\" content=\"1400\" \/>\n\t<meta property=\"og:image:height\" content=\"1044\" \/>\n\t<meta property=\"og:image:type\" content=\"image\/jpeg\" \/>\n<meta name=\"twitter:card\" content=\"summary_large_image\" \/>\n<meta name=\"twitter:label1\" content=\"Dur\u00e9e de lecture estim\u00e9e\" \/>\n\t<meta name=\"twitter:data1\" content=\"1 minute\" \/>\n<script type=\"application\/ld+json\" class=\"yoast-schema-graph\">{\"@context\":\"https:\\\/\\\/schema.org\",\"@graph\":[{\"@type\":\"WebPage\",\"@id\":\"https:\\\/\\\/ultraviolet.work\\\/_commercelocal\\\/project\\\/friterie-chez-jef\\\/\",\"url\":\"https:\\\/\\\/ultraviolet.work\\\/_commercelocal\\\/project\\\/friterie-chez-jef\\\/\",\"name\":\"Friterie Chez Jef - Le commerce local \u00e0 Bruxelles\",\"isPartOf\":{\"@id\":\"https:\\\/\\\/ultraviolet.work\\\/_commercelocal\\\/#website\"},\"primaryImageOfPage\":{\"@id\":\"https:\\\/\\\/ultraviolet.work\\\/_commercelocal\\\/project\\\/friterie-chez-jef\\\/#primaryimage\"},\"image\":{\"@id\":\"https:\\\/\\\/ultraviolet.work\\\/_commercelocal\\\/project\\\/friterie-chez-jef\\\/#primaryimage\"},\"thumbnailUrl\":\"https:\\\/\\\/ultraviolet.work\\\/_commercelocal\\\/wp-content\\\/uploads\\\/2022\\\/10\\\/friterie-chez-jef-1400.jpg\",\"datePublished\":\"2022-10-14T08:03:17+00:00\",\"breadcrumb\":{\"@id\":\"https:\\\/\\\/ultraviolet.work\\\/_commercelocal\\\/project\\\/friterie-chez-jef\\\/#breadcrumb\"},\"inLanguage\":\"fr-FR\",\"potentialAction\":[{\"@type\":\"ReadAction\",\"target\":[\"https:\\\/\\\/ultraviolet.work\\\/_commercelocal\\\/project\\\/friterie-chez-jef\\\/\"]}]},{\"@type\":\"ImageObject\",\"inLanguage\":\"fr-FR\",\"@id\":\"https:\\\/\\\/ultraviolet.work\\\/_commercelocal\\\/project\\\/friterie-chez-jef\\\/#primaryimage\",\"url\":\"https:\\\/\\\/ultraviolet.work\\\/_commercelocal\\\/wp-content\\\/uploads\\\/2022\\\/10\\\/friterie-chez-jef-1400.jpg\",\"contentUrl\":\"https:\\\/\\\/ultraviolet.work\\\/_commercelocal\\\/wp-content\\\/uploads\\\/2022\\\/10\\\/friterie-chez-jef-1400.jpg\",\"width\":1400,\"height\":1044},{\"@type\":\"BreadcrumbList\",\"@id\":\"https:\\\/\\\/ultraviolet.work\\\/_commercelocal\\\/project\\\/friterie-chez-jef\\\/#breadcrumb\",\"itemListElement\":[{\"@type\":\"ListItem\",\"position\":1,\"name\":\"Accueil\",\"item\":\"https:\\\/\\\/ultraviolet.work\\\/_commercelocal\\\/\"},{\"@type\":\"ListItem\",\"position\":2,\"name\":\"Projets\",\"item\":\"https:\\\/\\\/ultraviolet.work\\\/_commercelocal\\\/project\\\/\"},{\"@type\":\"ListItem\",\"position\":3,\"name\":\"Friterie Chez Jef\"}]},{\"@type\":\"WebSite\",\"@id\":\"https:\\\/\\\/ultraviolet.work\\\/_commercelocal\\\/#website\",\"url\":\"https:\\\/\\\/ultraviolet.work\\\/_commercelocal\\\/\",\"name\":\"Le commerce local \u00e0 Bruxelles\",\"description\":\"\",\"publisher\":{\"@id\":\"https:\\\/\\\/ultraviolet.work\\\/_commercelocal\\\/#organization\"},\"potentialAction\":[{\"@type\":\"SearchAction\",\"target\":{\"@type\":\"EntryPoint\",\"urlTemplate\":\"https:\\\/\\\/ultraviolet.work\\\/_commercelocal\\\/?s={search_term_string}\"},\"query-input\":{\"@type\":\"PropertyValueSpecification\",\"valueRequired\":true,\"valueName\":\"search_term_string\"}}],\"inLanguage\":\"fr-FR\"},{\"@type\":\"Organization\",\"@id\":\"https:\\\/\\\/ultraviolet.work\\\/_commercelocal\\\/#organization\",\"name\":\"Le commerce local \u00e0 Bruxelles - I shop in Brussels\",\"url\":\"https:\\\/\\\/ultraviolet.work\\\/_commercelocal\\\/\",\"logo\":{\"@type\":\"ImageObject\",\"inLanguage\":\"fr-FR\",\"@id\":\"https:\\\/\\\/ultraviolet.work\\\/_commercelocal\\\/#\\\/schema\\\/logo\\\/image\\\/\",\"url\":\"https:\\\/\\\/ultraviolet.work\\\/_commercelocal\\\/wp-content\\\/uploads\\\/2020\\\/11\\\/IShopBrussels_w400.png\",\"contentUrl\":\"https:\\\/\\\/ultraviolet.work\\\/_commercelocal\\\/wp-content\\\/uploads\\\/2020\\\/11\\\/IShopBrussels_w400.png\",\"width\":400,\"height\":200,\"caption\":\"Le commerce local \u00e0 Bruxelles - I shop in Brussels\"},\"image\":{\"@id\":\"https:\\\/\\\/ultraviolet.work\\\/_commercelocal\\\/#\\\/schema\\\/logo\\\/image\\\/\"},\"sameAs\":[\"https:\\\/\\\/www.facebook.com\\\/ishopinbrussels\\\/\"]}]}<\/script>\n<!-- \/ Yoast SEO plugin. -->","yoast_head_json":{"title":"Friterie Chez Jef - Le commerce local \u00e0 Bruxelles","robots":{"index":"noindex","follow":"follow"},"og_locale":"fr_FR","og_type":"article","og_title":"Friterie Chez Jef - Le commerce local \u00e0 Bruxelles","og_description":"Friterie Chez Jef Alimentation Place Peter Benoit 1120 Neder-Over-Heembeek Label : Qualit\u00e9 &#038; Savoir-faire https:\/\/www.facebook.com\/La-friterie-chez-Jeff-230181951057011\/ Si vous demandez autour de vous o\u00f9 d\u00e9guster les meilleures frites de la capitale, il y a fort \u00e0 parier pour que la r\u00e9ponse soit quasi unanime : celles de Chez Jef ! Ce fritkot peut en effet se targuer [&hellip;]","og_url":"https:\/\/ultraviolet.work\/_commercelocal\/project\/friterie-chez-jef\/","og_site_name":"Le commerce local \u00e0 Bruxelles","article_publisher":"https:\/\/www.facebook.com\/ishopinbrussels\/","og_image":[{"width":1400,"height":1044,"url":"https:\/\/ultraviolet.work\/_commercelocal\/wp-content\/uploads\/2022\/10\/friterie-chez-jef-1400.jpg","type":"image\/jpeg"}],"twitter_card":"summary_large_image","twitter_misc":{"Dur\u00e9e de lecture estim\u00e9e":"1 minute"},"schema":{"@context":"https:\/\/schema.org","@graph":[{"@type":"WebPage","@id":"https:\/\/ultraviolet.work\/_commercelocal\/project\/friterie-chez-jef\/","url":"https:\/\/ultraviolet.work\/_commercelocal\/project\/friterie-chez-jef\/","name":"Friterie Chez Jef - Le commerce local \u00e0 Bruxelles","isPartOf":{"@id":"https:\/\/ultraviolet.work\/_commercelocal\/#website"},"primaryImageOfPage":{"@id":"https:\/\/ultraviolet.work\/_commercelocal\/project\/friterie-chez-jef\/#primaryimage"},"image":{"@id":"https:\/\/ultraviolet.work\/_commercelocal\/project\/friterie-chez-jef\/#primaryimage"},"thumbnailUrl":"https:\/\/ultraviolet.work\/_commercelocal\/wp-content\/uploads\/2022\/10\/friterie-chez-jef-1400.jpg","datePublished":"2022-10-14T08:03:17+00:00","breadcrumb":{"@id":"https:\/\/ultraviolet.work\/_commercelocal\/project\/friterie-chez-jef\/#breadcrumb"},"inLanguage":"fr-FR","potentialAction":[{"@type":"ReadAction","target":["https:\/\/ultraviolet.work\/_commercelocal\/project\/friterie-chez-jef\/"]}]},{"@type":"ImageObject","inLanguage":"fr-FR","@id":"https:\/\/ultraviolet.work\/_commercelocal\/project\/friterie-chez-jef\/#primaryimage","url":"https:\/\/ultraviolet.work\/_commercelocal\/wp-content\/uploads\/2022\/10\/friterie-chez-jef-1400.jpg","contentUrl":"https:\/\/ultraviolet.work\/_commercelocal\/wp-content\/uploads\/2022\/10\/friterie-chez-jef-1400.jpg","width":1400,"height":1044},{"@type":"BreadcrumbList","@id":"https:\/\/ultraviolet.work\/_commercelocal\/project\/friterie-chez-jef\/#breadcrumb","itemListElement":[{"@type":"ListItem","position":1,"name":"Accueil","item":"https:\/\/ultraviolet.work\/_commercelocal\/"},{"@type":"ListItem","position":2,"name":"Projets","item":"https:\/\/ultraviolet.work\/_commercelocal\/project\/"},{"@type":"ListItem","position":3,"name":"Friterie Chez Jef"}]},{"@type":"WebSite","@id":"https:\/\/ultraviolet.work\/_commercelocal\/#website","url":"https:\/\/ultraviolet.work\/_commercelocal\/","name":"Le commerce local \u00e0 Bruxelles","description":"","publisher":{"@id":"https:\/\/ultraviolet.work\/_commercelocal\/#organization"},"potentialAction":[{"@type":"SearchAction","target":{"@type":"EntryPoint","urlTemplate":"https:\/\/ultraviolet.work\/_commercelocal\/?s={search_term_string}"},"query-input":{"@type":"PropertyValueSpecification","valueRequired":true,"valueName":"search_term_string"}}],"inLanguage":"fr-FR"},{"@type":"Organization","@id":"https:\/\/ultraviolet.work\/_commercelocal\/#organization","name":"Le commerce local \u00e0 Bruxelles - I shop in Brussels","url":"https:\/\/ultraviolet.work\/_commercelocal\/","logo":{"@type":"ImageObject","inLanguage":"fr-FR","@id":"https:\/\/ultraviolet.work\/_commercelocal\/#\/schema\/logo\/image\/","url":"https:\/\/ultraviolet.work\/_commercelocal\/wp-content\/uploads\/2020\/11\/IShopBrussels_w400.png","contentUrl":"https:\/\/ultraviolet.work\/_commercelocal\/wp-content\/uploads\/2020\/11\/IShopBrussels_w400.png","width":400,"height":200,"caption":"Le commerce local \u00e0 Bruxelles - I shop in Brussels"},"image":{"@id":"https:\/\/ultraviolet.work\/_commercelocal\/#\/schema\/logo\/image\/"},"sameAs":["https:\/\/www.facebook.com\/ishopinbrussels\/"]}]}},"_links":{"self":[{"href":"https:\/\/ultraviolet.work\/_commercelocal\/wp-json\/wp\/v2\/project\/16489","targetHints":{"allow":["GET"]}}],"collection":[{"href":"https:\/\/ultraviolet.work\/_commercelocal\/wp-json\/wp\/v2\/project"}],"about":[{"href":"https:\/\/ultraviolet.work\/_commercelocal\/wp-json\/wp\/v2\/types\/project"}],"author":[{"embeddable":true,"href":"https:\/\/ultraviolet.work\/_commercelocal\/wp-json\/wp\/v2\/users\/5"}],"replies":[{"embeddable":true,"href":"https:\/\/ultraviolet.work\/_commercelocal\/wp-json\/wp\/v2\/comments?post=16489"}],"version-history":[{"count":0,"href":"https:\/\/ultraviolet.work\/_commercelocal\/wp-json\/wp\/v2\/project\/16489\/revisions"}],"wp:featuredmedia":[{"embeddable":true,"href":"https:\/\/ultraviolet.work\/_commercelocal\/wp-json\/wp\/v2\/media\/15162"}],"wp:attachment":[{"href":"https:\/\/ultraviolet.work\/_commercelocal\/wp-json\/wp\/v2\/media?parent=16489"}],"wp:term":[{"taxonomy":"project_category","embeddable":true,"href":"https:\/\/ultraviolet.work\/_commercelocal\/wp-json\/wp\/v2\/project_category?post=16489"},{"taxonomy":"project_tag","embeddable":true,"href":"https:\/\/ultraviolet.work\/_commercelocal\/wp-json\/wp\/v2\/project_tag?post=16489"},{"taxonomy":"wf_project_folders","embeddable":true,"href":"https:\/\/ultraviolet.work\/_commercelocal\/wp-json\/wp\/v2\/wf_project_folders?post=16489"}],"curies":[{"name":"wp","href":"https:\/\/api.w.org\/{rel}","templated":true}]}}

<h2>Friterie Chez Jef</h2>
<h5>Alimentation</h5>
<h4>Place Peter Benoit 1120 Neder-Over-Heembeek</h4>
<h5>Label : Qualité &#038; Savoir-faire</h5>
<h6><a href="https://www.facebook.com/La-friterie-chez-Jeff-230181951057011/" target="_blank" rel="noopener">https://www.facebook.com/La-friterie-chez-Jeff-230181951057011/</a></h6>
<p>Si vous demandez autour de vous où déguster les meilleures frites de la capitale, il y a fort à parier pour que la réponse soit quasi unanime : celles de Chez Jef ! Ce fritkot peut en effet se targuer d’avoir décroché à trois reprises le titre de meilleure friterie de Bruxelles, en 2016, en 2017 et en 2019. Et désormais, il pourra également se vanter d’être l’un des fritkots les plus modernes de notre plat pays, grâce à un lifting financé par la Ville de Bruxelles. </p>

<p>Friterie Chez Jef Alimentation Place Peter Benoit 1120 Neder-Over-Heembeek Label : Qualité &#038; Savoir-faire https://www.facebook.com/La-friterie-chez-Jeff-230181951057011/ Si vous demandez autour de vous où déguster les meilleures frites de la capitale, il y a fort à parier pour que la réponse soit quasi unanime : celles de Chez Jef ! Ce fritkot peut en effet se targuer [&hellip;]</p>

<!-- This site is optimized with the Yoast SEO plugin v27.5 - https://yoast.com/product/yoast-seo-wordpress/ -->
<title>Friterie Chez Jef - Le commerce local à Bruxelles</title>
<meta name="robots" content="noindex, follow" />
<meta property="og:locale" content="fr_FR" />
<meta property="og:type" content="article" />
<meta property="og:title" content="Friterie Chez Jef - Le commerce local à Bruxelles" />
<meta property="og:description" content="Friterie Chez Jef Alimentation Place Peter Benoit 1120 Neder-Over-Heembeek Label : Qualité &#038; Savoir-faire https://www.facebook.com/La-friterie-chez-Jeff-230181951057011/ Si vous demandez autour de vous où déguster les meilleures frites de la capitale, il y a fort à parier pour que la réponse soit quasi unanime : celles de Chez Jef ! Ce fritkot peut en effet se targuer [&hellip;]" />
<meta property="og:url" content="https://ultraviolet.work/_commercelocal/project/friterie-chez-jef/" />
<meta property="og:site_name" content="Le commerce local à Bruxelles" />
<meta property="article:publisher" content="https://www.facebook.com/ishopinbrussels/" />
<meta property="og:image" content="https://ultraviolet.work/_commercelocal/wp-content/uploads/2022/10/friterie-chez-jef-1400.jpg" />
	<meta property="og:image:width" content="1400" />
	<meta property="og:image:height" content="1044" />
	<meta property="og:image:type" content="image/jpeg" />
<meta name="twitter:card" content="summary_large_image" />
<meta name="twitter:label1" content="Durée de lecture estimée" />
	<meta name="twitter:data1" content="1 minute" />
<script type="application/ld+json" class="yoast-schema-graph">{"@context":"https:\/\/schema.org","@graph":[{"@type":"WebPage","@id":"https:\/\/ultraviolet.work\/_commercelocal\/project\/friterie-chez-jef\/","url":"https:\/\/ultraviolet.work\/_commercelocal\/project\/friterie-chez-jef\/","name":"Friterie Chez Jef - Le commerce local à Bruxelles","isPartOf":{"@id":"https:\/\/ultraviolet.work\/_commercelocal\/#website"},"primaryImageOfPage":{"@id":"https:\/\/ultraviolet.work\/_commercelocal\/project\/friterie-chez-jef\/#primaryimage"},"image":{"@id":"https:\/\/ultraviolet.work\/_commercelocal\/project\/friterie-chez-jef\/#primaryimage"},"thumbnailUrl":"https:\/\/ultraviolet.work\/_commercelocal\/wp-content\/uploads\/2022\/10\/friterie-chez-jef-1400.jpg","datePublished":"2022-10-14T08:03:17+00:00","breadcrumb":{"@id":"https:\/\/ultraviolet.work\/_commercelocal\/project\/friterie-chez-jef\/#breadcrumb"},"inLanguage":"fr-FR","potentialAction":[{"@type":"ReadAction","target":["https:\/\/ultraviolet.work\/_commercelocal\/project\/friterie-chez-jef\/"]}]},{"@type":"ImageObject","inLanguage":"fr-FR","@id":"https:\/\/ultraviolet.work\/_commercelocal\/project\/friterie-chez-jef\/#primaryimage","url":"https:\/\/ultraviolet.work\/_commercelocal\/wp-content\/uploads\/2022\/10\/friterie-chez-jef-1400.jpg","contentUrl":"https:\/\/ultraviolet.work\/_commercelocal\/wp-content\/uploads\/2022\/10\/friterie-chez-jef-1400.jpg","width":1400,"height":1044},{"@type":"BreadcrumbList","@id":"https:\/\/ultraviolet.work\/_commercelocal\/project\/friterie-chez-jef\/#breadcrumb","itemListElement":[{"@type":"ListItem","position":1,"name":"Accueil","item":"https:\/\/ultraviolet.work\/_commercelocal\/"},{"@type":"ListItem","position":2,"name":"Projets","item":"https:\/\/ultraviolet.work\/_commercelocal\/project\/"},{"@type":"ListItem","position":3,"name":"Friterie Chez Jef"}]},{"@type":"WebSite","@id":"https:\/\/ultraviolet.work\/_commercelocal\/#website","url":"https:\/\/ultraviolet.work\/_commercelocal\/","name":"Le commerce local à Bruxelles","description":"","publisher":{"@id":"https:\/\/ultraviolet.work\/_commercelocal\/#organization"},"potentialAction":[{"@type":"SearchAction","target":{"@type":"EntryPoint","urlTemplate":"https:\/\/ultraviolet.work\/_commercelocal\/?s={search_term_string}"},"query-input":{"@type":"PropertyValueSpecification","valueRequired":true,"valueName":"search_term_string"}}],"inLanguage":"fr-FR"},{"@type":"Organization","@id":"https:\/\/ultraviolet.work\/_commercelocal\/#organization","name":"Le commerce local à Bruxelles - I shop in Brussels","url":"https:\/\/ultraviolet.work\/_commercelocal\/","logo":{"@type":"ImageObject","inLanguage":"fr-FR","@id":"https:\/\/ultraviolet.work\/_commercelocal\/#\/schema\/logo\/image\/","url":"https:\/\/ultraviolet.work\/_commercelocal\/wp-content\/uploads\/2020\/11\/IShopBrussels_w400.png","contentUrl":"https:\/\/ultraviolet.work\/_commercelocal\/wp-content\/uploads\/2020\/11\/IShopBrussels_w400.png","width":400,"height":200,"caption":"Le commerce local à Bruxelles - I shop in Brussels"},"image":{"@id":"https:\/\/ultraviolet.work\/_commercelocal\/#\/schema\/logo\/image\/"},"sameAs":["https:\/\/www.facebook.com\/ishopinbrussels\/"]}]}</script>
<!-- / Yoast SEO plugin. -->

Friterie Chez Jef - Le commerce local à Bruxelles

Friterie Chez Jef Alimentation Place Peter Benoit 1120 Neder-Over-Heembeek Label : Qualité &#038; Savoir-faire https://www.facebook.com/La-friterie-chez-Jeff-230181951057011/ Si vous demandez autour de vous où déguster les meilleures frites de la capitale, il y a fort à parier pour que la réponse soit quasi unanime : celles de Chez Jef ! Ce fritkot peut en effet se targuer [&hellip;]

Le commerce local à Bruxelles

Le commerce local à Bruxelles - I shop in Brussels
