{"id":16490,"date":"2022-10-14T10:03:20","date_gmt":"2022-10-14T08:03:20","guid":{"rendered":"https:\/\/ultraviolet.work\/_commercelocal\/project\/fine-bakery-3\/"},"modified":"2022-10-14T10:03:20","modified_gmt":"2022-10-14T08:03:20","slug":"fine-bakery-3","status":"publish","type":"project","link":"https:\/\/ultraviolet.work\/_commercelocal\/project\/fine-bakery-3\/","title":{"rendered":"Fine Bakery"},"content":{"rendered":"<h2>Fine Bakery<\/h2>\n<h5>Alimentation<\/h5>\n<h4>Rue des Minimes 7, 1000 Bruxelles <\/h4>\n<h5>Label : Qualit\u00e9 &#038; Savoir-faire, Too Good To Go<\/h5>\n<h6><a href=\"https:\/\/tartine-et-boterham.be\/boulangerie-patisserie\/fine-bakery\/\" target=\"_blank\" rel=\"noopener\">https:\/\/tartine-et-boterham.be\/boulangerie-patisserie\/fine-bakery\/<\/a><\/h6>\n<p>\u00c0 deux enjamb\u00e9es de la place du Grand Sablon, Fine Bakery fait honneur \u00e0 la boulangerie fine. Pains, viennoiseries, p\u00e2tisseries, biscuits et produits sal\u00e9s sont propos\u00e9s avec une attention particuli\u00e8re aux mati\u00e8res premi\u00e8res et \u00e0 la r\u00e9alisation. Des m\u00e9thodes de fabrication artisanale pour une gamme de produits r\u00e9gionaux et originaux, au gr\u00e9 des saisons et des id\u00e9es.<\/p>\n","protected":false},"excerpt":{"rendered":"<p>Fine Bakery Alimentation Rue des Minimes 7, 1000 Bruxelles Label : Qualit\u00e9 &#038; Savoir-faire, Too Good To Go https:\/\/tartine-et-boterham.be\/boulangerie-patisserie\/fine-bakery\/ \u00c0 deux enjamb\u00e9es de la place du Grand Sablon, Fine Bakery fait honneur \u00e0 la boulangerie fine. Pains, viennoiseries, p\u00e2tisseries, biscuits et produits sal\u00e9s sont propos\u00e9s avec une attention particuli\u00e8re aux mati\u00e8res premi\u00e8res et \u00e0 la [&hellip;]<\/p>\n","protected":false},"author":5,"featured_media":15157,"comment_status":"closed","ping_status":"closed","template":"","meta":{"_et_pb_use_builder":"","_et_pb_old_content":"","_et_gb_content_width":"","inline_featured_image":false,"footnotes":""},"project_category":[1178],"project_tag":[1222],"wf_project_folders":[1224],"class_list":["post-16490","project","type-project","status-publish","has-post-thumbnail","hentry","project_category-sablon","project_tag-alimentation"],"yoast_head":"<!-- This site is optimized with the Yoast SEO plugin v27.5 - https:\/\/yoast.com\/product\/yoast-seo-wordpress\/ -->\n<title>Fine Bakery - Le commerce local \u00e0 Bruxelles<\/title>\n<meta name=\"robots\" content=\"noindex, follow\" \/>\n<meta property=\"og:locale\" content=\"fr_FR\" \/>\n<meta property=\"og:type\" content=\"article\" \/>\n<meta property=\"og:title\" content=\"Fine Bakery - Le commerce local \u00e0 Bruxelles\" \/>\n<meta property=\"og:description\" content=\"Fine Bakery Alimentation Rue des Minimes 7, 1000 Bruxelles Label : Qualit\u00e9 &#038; Savoir-faire, Too Good To Go https:\/\/tartine-et-boterham.be\/boulangerie-patisserie\/fine-bakery\/ \u00c0 deux enjamb\u00e9es de la place du Grand Sablon, Fine Bakery fait honneur \u00e0 la boulangerie fine. Pains, viennoiseries, p\u00e2tisseries, biscuits et produits sal\u00e9s sont propos\u00e9s avec une attention particuli\u00e8re aux mati\u00e8res premi\u00e8res et \u00e0 la [&hellip;]\" \/>\n<meta property=\"og:url\" content=\"https:\/\/ultraviolet.work\/_commercelocal\/project\/fine-bakery-3\/\" \/>\n<meta property=\"og:site_name\" content=\"Le commerce local \u00e0 Bruxelles\" \/>\n<meta property=\"article:publisher\" content=\"https:\/\/www.facebook.com\/ishopinbrussels\/\" \/>\n<meta property=\"og:image\" content=\"https:\/\/ultraviolet.work\/_commercelocal\/wp-content\/uploads\/2022\/10\/fine-bakery-1400.jpg\" \/>\n\t<meta property=\"og:image:width\" content=\"1400\" \/>\n\t<meta property=\"og:image:height\" content=\"1399\" \/>\n\t<meta property=\"og:image:type\" content=\"image\/jpeg\" \/>\n<meta name=\"twitter:card\" content=\"summary_large_image\" \/>\n<script type=\"application\/ld+json\" class=\"yoast-schema-graph\">{\"@context\":\"https:\\\/\\\/schema.org\",\"@graph\":[{\"@type\":\"WebPage\",\"@id\":\"https:\\\/\\\/ultraviolet.work\\\/_commercelocal\\\/project\\\/fine-bakery-3\\\/\",\"url\":\"https:\\\/\\\/ultraviolet.work\\\/_commercelocal\\\/project\\\/fine-bakery-3\\\/\",\"name\":\"Fine Bakery - Le commerce local \u00e0 Bruxelles\",\"isPartOf\":{\"@id\":\"https:\\\/\\\/ultraviolet.work\\\/_commercelocal\\\/#website\"},\"primaryImageOfPage\":{\"@id\":\"https:\\\/\\\/ultraviolet.work\\\/_commercelocal\\\/project\\\/fine-bakery-3\\\/#primaryimage\"},\"image\":{\"@id\":\"https:\\\/\\\/ultraviolet.work\\\/_commercelocal\\\/project\\\/fine-bakery-3\\\/#primaryimage\"},\"thumbnailUrl\":\"https:\\\/\\\/ultraviolet.work\\\/_commercelocal\\\/wp-content\\\/uploads\\\/2022\\\/10\\\/fine-bakery-1400.jpg\",\"datePublished\":\"2022-10-14T08:03:20+00:00\",\"breadcrumb\":{\"@id\":\"https:\\\/\\\/ultraviolet.work\\\/_commercelocal\\\/project\\\/fine-bakery-3\\\/#breadcrumb\"},\"inLanguage\":\"fr-FR\",\"potentialAction\":[{\"@type\":\"ReadAction\",\"target\":[\"https:\\\/\\\/ultraviolet.work\\\/_commercelocal\\\/project\\\/fine-bakery-3\\\/\"]}]},{\"@type\":\"ImageObject\",\"inLanguage\":\"fr-FR\",\"@id\":\"https:\\\/\\\/ultraviolet.work\\\/_commercelocal\\\/project\\\/fine-bakery-3\\\/#primaryimage\",\"url\":\"https:\\\/\\\/ultraviolet.work\\\/_commercelocal\\\/wp-content\\\/uploads\\\/2022\\\/10\\\/fine-bakery-1400.jpg\",\"contentUrl\":\"https:\\\/\\\/ultraviolet.work\\\/_commercelocal\\\/wp-content\\\/uploads\\\/2022\\\/10\\\/fine-bakery-1400.jpg\",\"width\":1400,\"height\":1399},{\"@type\":\"BreadcrumbList\",\"@id\":\"https:\\\/\\\/ultraviolet.work\\\/_commercelocal\\\/project\\\/fine-bakery-3\\\/#breadcrumb\",\"itemListElement\":[{\"@type\":\"ListItem\",\"position\":1,\"name\":\"Accueil\",\"item\":\"https:\\\/\\\/ultraviolet.work\\\/_commercelocal\\\/\"},{\"@type\":\"ListItem\",\"position\":2,\"name\":\"Projets\",\"item\":\"https:\\\/\\\/ultraviolet.work\\\/_commercelocal\\\/project\\\/\"},{\"@type\":\"ListItem\",\"position\":3,\"name\":\"Fine Bakery\"}]},{\"@type\":\"WebSite\",\"@id\":\"https:\\\/\\\/ultraviolet.work\\\/_commercelocal\\\/#website\",\"url\":\"https:\\\/\\\/ultraviolet.work\\\/_commercelocal\\\/\",\"name\":\"Le commerce local \u00e0 Bruxelles\",\"description\":\"\",\"publisher\":{\"@id\":\"https:\\\/\\\/ultraviolet.work\\\/_commercelocal\\\/#organization\"},\"potentialAction\":[{\"@type\":\"SearchAction\",\"target\":{\"@type\":\"EntryPoint\",\"urlTemplate\":\"https:\\\/\\\/ultraviolet.work\\\/_commercelocal\\\/?s={search_term_string}\"},\"query-input\":{\"@type\":\"PropertyValueSpecification\",\"valueRequired\":true,\"valueName\":\"search_term_string\"}}],\"inLanguage\":\"fr-FR\"},{\"@type\":\"Organization\",\"@id\":\"https:\\\/\\\/ultraviolet.work\\\/_commercelocal\\\/#organization\",\"name\":\"Le commerce local \u00e0 Bruxelles - I shop in Brussels\",\"url\":\"https:\\\/\\\/ultraviolet.work\\\/_commercelocal\\\/\",\"logo\":{\"@type\":\"ImageObject\",\"inLanguage\":\"fr-FR\",\"@id\":\"https:\\\/\\\/ultraviolet.work\\\/_commercelocal\\\/#\\\/schema\\\/logo\\\/image\\\/\",\"url\":\"https:\\\/\\\/ultraviolet.work\\\/_commercelocal\\\/wp-content\\\/uploads\\\/2020\\\/11\\\/IShopBrussels_w400.png\",\"contentUrl\":\"https:\\\/\\\/ultraviolet.work\\\/_commercelocal\\\/wp-content\\\/uploads\\\/2020\\\/11\\\/IShopBrussels_w400.png\",\"width\":400,\"height\":200,\"caption\":\"Le commerce local \u00e0 Bruxelles - I shop in Brussels\"},\"image\":{\"@id\":\"https:\\\/\\\/ultraviolet.work\\\/_commercelocal\\\/#\\\/schema\\\/logo\\\/image\\\/\"},\"sameAs\":[\"https:\\\/\\\/www.facebook.com\\\/ishopinbrussels\\\/\"]}]}<\/script>\n<!-- \/ Yoast SEO plugin. -->","yoast_head_json":{"title":"Fine Bakery - Le commerce local \u00e0 Bruxelles","robots":{"index":"noindex","follow":"follow"},"og_locale":"fr_FR","og_type":"article","og_title":"Fine Bakery - Le commerce local \u00e0 Bruxelles","og_description":"Fine Bakery Alimentation Rue des Minimes 7, 1000 Bruxelles Label : Qualit\u00e9 &#038; Savoir-faire, Too Good To Go https:\/\/tartine-et-boterham.be\/boulangerie-patisserie\/fine-bakery\/ \u00c0 deux enjamb\u00e9es de la place du Grand Sablon, Fine Bakery fait honneur \u00e0 la boulangerie fine. Pains, viennoiseries, p\u00e2tisseries, biscuits et produits sal\u00e9s sont propos\u00e9s avec une attention particuli\u00e8re aux mati\u00e8res premi\u00e8res et \u00e0 la [&hellip;]","og_url":"https:\/\/ultraviolet.work\/_commercelocal\/project\/fine-bakery-3\/","og_site_name":"Le commerce local \u00e0 Bruxelles","article_publisher":"https:\/\/www.facebook.com\/ishopinbrussels\/","og_image":[{"width":1400,"height":1399,"url":"https:\/\/ultraviolet.work\/_commercelocal\/wp-content\/uploads\/2022\/10\/fine-bakery-1400.jpg","type":"image\/jpeg"}],"twitter_card":"summary_large_image","schema":{"@context":"https:\/\/schema.org","@graph":[{"@type":"WebPage","@id":"https:\/\/ultraviolet.work\/_commercelocal\/project\/fine-bakery-3\/","url":"https:\/\/ultraviolet.work\/_commercelocal\/project\/fine-bakery-3\/","name":"Fine Bakery - Le commerce local \u00e0 Bruxelles","isPartOf":{"@id":"https:\/\/ultraviolet.work\/_commercelocal\/#website"},"primaryImageOfPage":{"@id":"https:\/\/ultraviolet.work\/_commercelocal\/project\/fine-bakery-3\/#primaryimage"},"image":{"@id":"https:\/\/ultraviolet.work\/_commercelocal\/project\/fine-bakery-3\/#primaryimage"},"thumbnailUrl":"https:\/\/ultraviolet.work\/_commercelocal\/wp-content\/uploads\/2022\/10\/fine-bakery-1400.jpg","datePublished":"2022-10-14T08:03:20+00:00","breadcrumb":{"@id":"https:\/\/ultraviolet.work\/_commercelocal\/project\/fine-bakery-3\/#breadcrumb"},"inLanguage":"fr-FR","potentialAction":[{"@type":"ReadAction","target":["https:\/\/ultraviolet.work\/_commercelocal\/project\/fine-bakery-3\/"]}]},{"@type":"ImageObject","inLanguage":"fr-FR","@id":"https:\/\/ultraviolet.work\/_commercelocal\/project\/fine-bakery-3\/#primaryimage","url":"https:\/\/ultraviolet.work\/_commercelocal\/wp-content\/uploads\/2022\/10\/fine-bakery-1400.jpg","contentUrl":"https:\/\/ultraviolet.work\/_commercelocal\/wp-content\/uploads\/2022\/10\/fine-bakery-1400.jpg","width":1400,"height":1399},{"@type":"BreadcrumbList","@id":"https:\/\/ultraviolet.work\/_commercelocal\/project\/fine-bakery-3\/#breadcrumb","itemListElement":[{"@type":"ListItem","position":1,"name":"Accueil","item":"https:\/\/ultraviolet.work\/_commercelocal\/"},{"@type":"ListItem","position":2,"name":"Projets","item":"https:\/\/ultraviolet.work\/_commercelocal\/project\/"},{"@type":"ListItem","position":3,"name":"Fine Bakery"}]},{"@type":"WebSite","@id":"https:\/\/ultraviolet.work\/_commercelocal\/#website","url":"https:\/\/ultraviolet.work\/_commercelocal\/","name":"Le commerce local \u00e0 Bruxelles","description":"","publisher":{"@id":"https:\/\/ultraviolet.work\/_commercelocal\/#organization"},"potentialAction":[{"@type":"SearchAction","target":{"@type":"EntryPoint","urlTemplate":"https:\/\/ultraviolet.work\/_commercelocal\/?s={search_term_string}"},"query-input":{"@type":"PropertyValueSpecification","valueRequired":true,"valueName":"search_term_string"}}],"inLanguage":"fr-FR"},{"@type":"Organization","@id":"https:\/\/ultraviolet.work\/_commercelocal\/#organization","name":"Le commerce local \u00e0 Bruxelles - I shop in Brussels","url":"https:\/\/ultraviolet.work\/_commercelocal\/","logo":{"@type":"ImageObject","inLanguage":"fr-FR","@id":"https:\/\/ultraviolet.work\/_commercelocal\/#\/schema\/logo\/image\/","url":"https:\/\/ultraviolet.work\/_commercelocal\/wp-content\/uploads\/2020\/11\/IShopBrussels_w400.png","contentUrl":"https:\/\/ultraviolet.work\/_commercelocal\/wp-content\/uploads\/2020\/11\/IShopBrussels_w400.png","width":400,"height":200,"caption":"Le commerce local \u00e0 Bruxelles - I shop in Brussels"},"image":{"@id":"https:\/\/ultraviolet.work\/_commercelocal\/#\/schema\/logo\/image\/"},"sameAs":["https:\/\/www.facebook.com\/ishopinbrussels\/"]}]}},"_links":{"self":[{"href":"https:\/\/ultraviolet.work\/_commercelocal\/wp-json\/wp\/v2\/project\/16490","targetHints":{"allow":["GET"]}}],"collection":[{"href":"https:\/\/ultraviolet.work\/_commercelocal\/wp-json\/wp\/v2\/project"}],"about":[{"href":"https:\/\/ultraviolet.work\/_commercelocal\/wp-json\/wp\/v2\/types\/project"}],"author":[{"embeddable":true,"href":"https:\/\/ultraviolet.work\/_commercelocal\/wp-json\/wp\/v2\/users\/5"}],"replies":[{"embeddable":true,"href":"https:\/\/ultraviolet.work\/_commercelocal\/wp-json\/wp\/v2\/comments?post=16490"}],"version-history":[{"count":0,"href":"https:\/\/ultraviolet.work\/_commercelocal\/wp-json\/wp\/v2\/project\/16490\/revisions"}],"wp:featuredmedia":[{"embeddable":true,"href":"https:\/\/ultraviolet.work\/_commercelocal\/wp-json\/wp\/v2\/media\/15157"}],"wp:attachment":[{"href":"https:\/\/ultraviolet.work\/_commercelocal\/wp-json\/wp\/v2\/media?parent=16490"}],"wp:term":[{"taxonomy":"project_category","embeddable":true,"href":"https:\/\/ultraviolet.work\/_commercelocal\/wp-json\/wp\/v2\/project_category?post=16490"},{"taxonomy":"project_tag","embeddable":true,"href":"https:\/\/ultraviolet.work\/_commercelocal\/wp-json\/wp\/v2\/project_tag?post=16490"},{"taxonomy":"wf_project_folders","embeddable":true,"href":"https:\/\/ultraviolet.work\/_commercelocal\/wp-json\/wp\/v2\/wf_project_folders?post=16490"}],"curies":[{"name":"wp","href":"https:\/\/api.w.org\/{rel}","templated":true}]}}

<h2>Fine Bakery</h2>
<h5>Alimentation</h5>
<h4>Rue des Minimes 7, 1000 Bruxelles </h4>
<h5>Label : Qualité &#038; Savoir-faire, Too Good To Go</h5>
<h6><a href="https://tartine-et-boterham.be/boulangerie-patisserie/fine-bakery/" target="_blank" rel="noopener">https://tartine-et-boterham.be/boulangerie-patisserie/fine-bakery/</a></h6>
<p>À deux enjambées de la place du Grand Sablon, Fine Bakery fait honneur à la boulangerie fine. Pains, viennoiseries, pâtisseries, biscuits et produits salés sont proposés avec une attention particulière aux matières premières et à la réalisation. Des méthodes de fabrication artisanale pour une gamme de produits régionaux et originaux, au gré des saisons et des idées.</p>

<p>Fine Bakery Alimentation Rue des Minimes 7, 1000 Bruxelles Label : Qualité &#038; Savoir-faire, Too Good To Go https://tartine-et-boterham.be/boulangerie-patisserie/fine-bakery/ À deux enjambées de la place du Grand Sablon, Fine Bakery fait honneur à la boulangerie fine. Pains, viennoiseries, pâtisseries, biscuits et produits salés sont proposés avec une attention particulière aux matières premières et à la [&hellip;]</p>

<!-- This site is optimized with the Yoast SEO plugin v27.5 - https://yoast.com/product/yoast-seo-wordpress/ -->
<title>Fine Bakery - Le commerce local à Bruxelles</title>
<meta name="robots" content="noindex, follow" />
<meta property="og:locale" content="fr_FR" />
<meta property="og:type" content="article" />
<meta property="og:title" content="Fine Bakery - Le commerce local à Bruxelles" />
<meta property="og:description" content="Fine Bakery Alimentation Rue des Minimes 7, 1000 Bruxelles Label : Qualité &#038; Savoir-faire, Too Good To Go https://tartine-et-boterham.be/boulangerie-patisserie/fine-bakery/ À deux enjambées de la place du Grand Sablon, Fine Bakery fait honneur à la boulangerie fine. Pains, viennoiseries, pâtisseries, biscuits et produits salés sont proposés avec une attention particulière aux matières premières et à la [&hellip;]" />
<meta property="og:url" content="https://ultraviolet.work/_commercelocal/project/fine-bakery-3/" />
<meta property="og:site_name" content="Le commerce local à Bruxelles" />
<meta property="article:publisher" content="https://www.facebook.com/ishopinbrussels/" />
<meta property="og:image" content="https://ultraviolet.work/_commercelocal/wp-content/uploads/2022/10/fine-bakery-1400.jpg" />
	<meta property="og:image:width" content="1400" />
	<meta property="og:image:height" content="1399" />
	<meta property="og:image:type" content="image/jpeg" />
<meta name="twitter:card" content="summary_large_image" />
<script type="application/ld+json" class="yoast-schema-graph">{"@context":"https:\/\/schema.org","@graph":[{"@type":"WebPage","@id":"https:\/\/ultraviolet.work\/_commercelocal\/project\/fine-bakery-3\/","url":"https:\/\/ultraviolet.work\/_commercelocal\/project\/fine-bakery-3\/","name":"Fine Bakery - Le commerce local à Bruxelles","isPartOf":{"@id":"https:\/\/ultraviolet.work\/_commercelocal\/#website"},"primaryImageOfPage":{"@id":"https:\/\/ultraviolet.work\/_commercelocal\/project\/fine-bakery-3\/#primaryimage"},"image":{"@id":"https:\/\/ultraviolet.work\/_commercelocal\/project\/fine-bakery-3\/#primaryimage"},"thumbnailUrl":"https:\/\/ultraviolet.work\/_commercelocal\/wp-content\/uploads\/2022\/10\/fine-bakery-1400.jpg","datePublished":"2022-10-14T08:03:20+00:00","breadcrumb":{"@id":"https:\/\/ultraviolet.work\/_commercelocal\/project\/fine-bakery-3\/#breadcrumb"},"inLanguage":"fr-FR","potentialAction":[{"@type":"ReadAction","target":["https:\/\/ultraviolet.work\/_commercelocal\/project\/fine-bakery-3\/"]}]},{"@type":"ImageObject","inLanguage":"fr-FR","@id":"https:\/\/ultraviolet.work\/_commercelocal\/project\/fine-bakery-3\/#primaryimage","url":"https:\/\/ultraviolet.work\/_commercelocal\/wp-content\/uploads\/2022\/10\/fine-bakery-1400.jpg","contentUrl":"https:\/\/ultraviolet.work\/_commercelocal\/wp-content\/uploads\/2022\/10\/fine-bakery-1400.jpg","width":1400,"height":1399},{"@type":"BreadcrumbList","@id":"https:\/\/ultraviolet.work\/_commercelocal\/project\/fine-bakery-3\/#breadcrumb","itemListElement":[{"@type":"ListItem","position":1,"name":"Accueil","item":"https:\/\/ultraviolet.work\/_commercelocal\/"},{"@type":"ListItem","position":2,"name":"Projets","item":"https:\/\/ultraviolet.work\/_commercelocal\/project\/"},{"@type":"ListItem","position":3,"name":"Fine Bakery"}]},{"@type":"WebSite","@id":"https:\/\/ultraviolet.work\/_commercelocal\/#website","url":"https:\/\/ultraviolet.work\/_commercelocal\/","name":"Le commerce local à Bruxelles","description":"","publisher":{"@id":"https:\/\/ultraviolet.work\/_commercelocal\/#organization"},"potentialAction":[{"@type":"SearchAction","target":{"@type":"EntryPoint","urlTemplate":"https:\/\/ultraviolet.work\/_commercelocal\/?s={search_term_string}"},"query-input":{"@type":"PropertyValueSpecification","valueRequired":true,"valueName":"search_term_string"}}],"inLanguage":"fr-FR"},{"@type":"Organization","@id":"https:\/\/ultraviolet.work\/_commercelocal\/#organization","name":"Le commerce local à Bruxelles - I shop in Brussels","url":"https:\/\/ultraviolet.work\/_commercelocal\/","logo":{"@type":"ImageObject","inLanguage":"fr-FR","@id":"https:\/\/ultraviolet.work\/_commercelocal\/#\/schema\/logo\/image\/","url":"https:\/\/ultraviolet.work\/_commercelocal\/wp-content\/uploads\/2020\/11\/IShopBrussels_w400.png","contentUrl":"https:\/\/ultraviolet.work\/_commercelocal\/wp-content\/uploads\/2020\/11\/IShopBrussels_w400.png","width":400,"height":200,"caption":"Le commerce local à Bruxelles - I shop in Brussels"},"image":{"@id":"https:\/\/ultraviolet.work\/_commercelocal\/#\/schema\/logo\/image\/"},"sameAs":["https:\/\/www.facebook.com\/ishopinbrussels\/"]}]}</script>
<!-- / Yoast SEO plugin. -->

Fine Bakery - Le commerce local à Bruxelles

Fine Bakery Alimentation Rue des Minimes 7, 1000 Bruxelles Label : Qualité &#038; Savoir-faire, Too Good To Go https://tartine-et-boterham.be/boulangerie-patisserie/fine-bakery/ À deux enjambées de la place du Grand Sablon, Fine Bakery fait honneur à la boulangerie fine. Pains, viennoiseries, pâtisseries, biscuits et produits salés sont proposés avec une attention particulière aux matières premières et à la [&hellip;]

Le commerce local à Bruxelles

Le commerce local à Bruxelles - I shop in Brussels
