{"id":19239,"date":"2023-12-05T09:36:34","date_gmt":"2023-12-05T08:36:34","guid":{"rendered":"https:\/\/ultraviolet.work\/_commercelocal\/project\/cafe-beguin-3\/"},"modified":"2023-12-05T09:36:34","modified_gmt":"2023-12-05T08:36:34","slug":"cafe-beguin-3","status":"publish","type":"project","link":"https:\/\/ultraviolet.work\/_commercelocal\/project\/cafe-beguin-3\/","title":{"rendered":"Caf\u00e9 B\u00e9guin"},"content":{"rendered":"<h2>Caf\u00e9 B\u00e9guin<\/h2>\n<h5>Restaurant<\/h5>\n<h4>Pl. du Samedi 12A, 1000 Bruxelles<\/h4>\n<h5>Label : Qualit\u00e9 &#038; Savoir-faire<\/h5>\n<h6><a href=\"https:\/\/www.cafebeguin.be\/\" target=\"_blank\" rel=\"noopener\">https:\/\/www.cafebeguin.be\/<\/a><\/h6>\n<p>Des m\u00e9langes de couleurs rafra\u00eechissantes et de saveurs \u00e9pic\u00e9es : embarquez pour un voyage ensoleill\u00e9 autour d&rsquo;une cuisine fusion color\u00e9e et bigarr\u00e9e. \u00c0 la crois\u00e9e du restaurant et du caf\u00e9-bar au gr\u00e9 d&rsquo;une belle et vaste terrasse, l&rsquo;atmosph\u00e8re exotique du Caf\u00e9 B\u00e9guin saura s\u00e9duire les amateurs de m\u00e9tissages culinaires.<\/p>\n","protected":false},"excerpt":{"rendered":"<p>Caf\u00e9 B\u00e9guin Restaurant Pl. du Samedi 12A, 1000 Bruxelles Label : Qualit\u00e9 &#038; Savoir-faire https:\/\/www.cafebeguin.be\/ Des m\u00e9langes de couleurs rafra\u00eechissantes et de saveurs \u00e9pic\u00e9es : embarquez pour un voyage ensoleill\u00e9 autour d&rsquo;une cuisine fusion color\u00e9e et bigarr\u00e9e. \u00c0 la crois\u00e9e du restaurant et du caf\u00e9-bar au gr\u00e9 d&rsquo;une belle et vaste terrasse, l&rsquo;atmosph\u00e8re exotique du [&hellip;]<\/p>\n","protected":false},"author":5,"featured_media":18905,"comment_status":"closed","ping_status":"closed","template":"","meta":{"_et_pb_use_builder":"","_et_pb_old_content":"","_et_gb_content_width":"","inline_featured_image":false,"footnotes":""},"project_category":[1194],"project_tag":[1200],"wf_project_folders":[1224],"class_list":["post-19239","project","type-project","status-publish","has-post-thumbnail","hentry","project_category-sainte-catherine-vismet","project_tag-restaurant"],"yoast_head":"<!-- This site is optimized with the Yoast SEO plugin v27.5 - https:\/\/yoast.com\/product\/yoast-seo-wordpress\/ -->\n<title>Caf\u00e9 B\u00e9guin - Le commerce local \u00e0 Bruxelles<\/title>\n<meta name=\"robots\" content=\"noindex, follow\" \/>\n<meta property=\"og:locale\" content=\"fr_FR\" \/>\n<meta property=\"og:type\" content=\"article\" \/>\n<meta property=\"og:title\" content=\"Caf\u00e9 B\u00e9guin - Le commerce local \u00e0 Bruxelles\" \/>\n<meta property=\"og:description\" content=\"Caf\u00e9 B\u00e9guin Restaurant Pl. du Samedi 12A, 1000 Bruxelles Label : Qualit\u00e9 &#038; Savoir-faire https:\/\/www.cafebeguin.be\/ Des m\u00e9langes de couleurs rafra\u00eechissantes et de saveurs \u00e9pic\u00e9es : embarquez pour un voyage ensoleill\u00e9 autour d&rsquo;une cuisine fusion color\u00e9e et bigarr\u00e9e. \u00c0 la crois\u00e9e du restaurant et du caf\u00e9-bar au gr\u00e9 d&rsquo;une belle et vaste terrasse, l&rsquo;atmosph\u00e8re exotique du [&hellip;]\" \/>\n<meta property=\"og:url\" content=\"https:\/\/ultraviolet.work\/_commercelocal\/project\/cafe-beguin-3\/\" \/>\n<meta property=\"og:site_name\" content=\"Le commerce local \u00e0 Bruxelles\" \/>\n<meta property=\"article:publisher\" content=\"https:\/\/www.facebook.com\/ishopinbrussels\/\" \/>\n<meta property=\"og:image\" content=\"https:\/\/ultraviolet.work\/_commercelocal\/wp-content\/uploads\/2023\/12\/cafe-beguin-2-2023-1400.jpg\" \/>\n\t<meta property=\"og:image:width\" content=\"1400\" \/>\n\t<meta property=\"og:image:height\" content=\"933\" \/>\n\t<meta property=\"og:image:type\" content=\"image\/jpeg\" \/>\n<meta name=\"twitter:card\" content=\"summary_large_image\" \/>\n<script type=\"application\/ld+json\" class=\"yoast-schema-graph\">{\"@context\":\"https:\\\/\\\/schema.org\",\"@graph\":[{\"@type\":\"WebPage\",\"@id\":\"https:\\\/\\\/ultraviolet.work\\\/_commercelocal\\\/project\\\/cafe-beguin-3\\\/\",\"url\":\"https:\\\/\\\/ultraviolet.work\\\/_commercelocal\\\/project\\\/cafe-beguin-3\\\/\",\"name\":\"Caf\u00e9 B\u00e9guin - Le commerce local \u00e0 Bruxelles\",\"isPartOf\":{\"@id\":\"https:\\\/\\\/ultraviolet.work\\\/_commercelocal\\\/#website\"},\"primaryImageOfPage\":{\"@id\":\"https:\\\/\\\/ultraviolet.work\\\/_commercelocal\\\/project\\\/cafe-beguin-3\\\/#primaryimage\"},\"image\":{\"@id\":\"https:\\\/\\\/ultraviolet.work\\\/_commercelocal\\\/project\\\/cafe-beguin-3\\\/#primaryimage\"},\"thumbnailUrl\":\"https:\\\/\\\/ultraviolet.work\\\/_commercelocal\\\/wp-content\\\/uploads\\\/2023\\\/12\\\/cafe-beguin-2-2023-1400.jpg\",\"datePublished\":\"2023-12-05T08:36:34+00:00\",\"breadcrumb\":{\"@id\":\"https:\\\/\\\/ultraviolet.work\\\/_commercelocal\\\/project\\\/cafe-beguin-3\\\/#breadcrumb\"},\"inLanguage\":\"fr-FR\",\"potentialAction\":[{\"@type\":\"ReadAction\",\"target\":[\"https:\\\/\\\/ultraviolet.work\\\/_commercelocal\\\/project\\\/cafe-beguin-3\\\/\"]}]},{\"@type\":\"ImageObject\",\"inLanguage\":\"fr-FR\",\"@id\":\"https:\\\/\\\/ultraviolet.work\\\/_commercelocal\\\/project\\\/cafe-beguin-3\\\/#primaryimage\",\"url\":\"https:\\\/\\\/ultraviolet.work\\\/_commercelocal\\\/wp-content\\\/uploads\\\/2023\\\/12\\\/cafe-beguin-2-2023-1400.jpg\",\"contentUrl\":\"https:\\\/\\\/ultraviolet.work\\\/_commercelocal\\\/wp-content\\\/uploads\\\/2023\\\/12\\\/cafe-beguin-2-2023-1400.jpg\",\"width\":1400,\"height\":933},{\"@type\":\"BreadcrumbList\",\"@id\":\"https:\\\/\\\/ultraviolet.work\\\/_commercelocal\\\/project\\\/cafe-beguin-3\\\/#breadcrumb\",\"itemListElement\":[{\"@type\":\"ListItem\",\"position\":1,\"name\":\"Accueil\",\"item\":\"https:\\\/\\\/ultraviolet.work\\\/_commercelocal\\\/\"},{\"@type\":\"ListItem\",\"position\":2,\"name\":\"Projets\",\"item\":\"https:\\\/\\\/ultraviolet.work\\\/_commercelocal\\\/project\\\/\"},{\"@type\":\"ListItem\",\"position\":3,\"name\":\"Caf\u00e9 B\u00e9guin\"}]},{\"@type\":\"WebSite\",\"@id\":\"https:\\\/\\\/ultraviolet.work\\\/_commercelocal\\\/#website\",\"url\":\"https:\\\/\\\/ultraviolet.work\\\/_commercelocal\\\/\",\"name\":\"Le commerce local \u00e0 Bruxelles\",\"description\":\"\",\"publisher\":{\"@id\":\"https:\\\/\\\/ultraviolet.work\\\/_commercelocal\\\/#organization\"},\"potentialAction\":[{\"@type\":\"SearchAction\",\"target\":{\"@type\":\"EntryPoint\",\"urlTemplate\":\"https:\\\/\\\/ultraviolet.work\\\/_commercelocal\\\/?s={search_term_string}\"},\"query-input\":{\"@type\":\"PropertyValueSpecification\",\"valueRequired\":true,\"valueName\":\"search_term_string\"}}],\"inLanguage\":\"fr-FR\"},{\"@type\":\"Organization\",\"@id\":\"https:\\\/\\\/ultraviolet.work\\\/_commercelocal\\\/#organization\",\"name\":\"Le commerce local \u00e0 Bruxelles - I shop in Brussels\",\"url\":\"https:\\\/\\\/ultraviolet.work\\\/_commercelocal\\\/\",\"logo\":{\"@type\":\"ImageObject\",\"inLanguage\":\"fr-FR\",\"@id\":\"https:\\\/\\\/ultraviolet.work\\\/_commercelocal\\\/#\\\/schema\\\/logo\\\/image\\\/\",\"url\":\"https:\\\/\\\/ultraviolet.work\\\/_commercelocal\\\/wp-content\\\/uploads\\\/2020\\\/11\\\/IShopBrussels_w400.png\",\"contentUrl\":\"https:\\\/\\\/ultraviolet.work\\\/_commercelocal\\\/wp-content\\\/uploads\\\/2020\\\/11\\\/IShopBrussels_w400.png\",\"width\":400,\"height\":200,\"caption\":\"Le commerce local \u00e0 Bruxelles - I shop in Brussels\"},\"image\":{\"@id\":\"https:\\\/\\\/ultraviolet.work\\\/_commercelocal\\\/#\\\/schema\\\/logo\\\/image\\\/\"},\"sameAs\":[\"https:\\\/\\\/www.facebook.com\\\/ishopinbrussels\\\/\"]}]}<\/script>\n<!-- \/ Yoast SEO plugin. -->","yoast_head_json":{"title":"Caf\u00e9 B\u00e9guin - Le commerce local \u00e0 Bruxelles","robots":{"index":"noindex","follow":"follow"},"og_locale":"fr_FR","og_type":"article","og_title":"Caf\u00e9 B\u00e9guin - Le commerce local \u00e0 Bruxelles","og_description":"Caf\u00e9 B\u00e9guin Restaurant Pl. du Samedi 12A, 1000 Bruxelles Label : Qualit\u00e9 &#038; Savoir-faire https:\/\/www.cafebeguin.be\/ Des m\u00e9langes de couleurs rafra\u00eechissantes et de saveurs \u00e9pic\u00e9es : embarquez pour un voyage ensoleill\u00e9 autour d&rsquo;une cuisine fusion color\u00e9e et bigarr\u00e9e. \u00c0 la crois\u00e9e du restaurant et du caf\u00e9-bar au gr\u00e9 d&rsquo;une belle et vaste terrasse, l&rsquo;atmosph\u00e8re exotique du [&hellip;]","og_url":"https:\/\/ultraviolet.work\/_commercelocal\/project\/cafe-beguin-3\/","og_site_name":"Le commerce local \u00e0 Bruxelles","article_publisher":"https:\/\/www.facebook.com\/ishopinbrussels\/","og_image":[{"width":1400,"height":933,"url":"https:\/\/ultraviolet.work\/_commercelocal\/wp-content\/uploads\/2023\/12\/cafe-beguin-2-2023-1400.jpg","type":"image\/jpeg"}],"twitter_card":"summary_large_image","schema":{"@context":"https:\/\/schema.org","@graph":[{"@type":"WebPage","@id":"https:\/\/ultraviolet.work\/_commercelocal\/project\/cafe-beguin-3\/","url":"https:\/\/ultraviolet.work\/_commercelocal\/project\/cafe-beguin-3\/","name":"Caf\u00e9 B\u00e9guin - Le commerce local \u00e0 Bruxelles","isPartOf":{"@id":"https:\/\/ultraviolet.work\/_commercelocal\/#website"},"primaryImageOfPage":{"@id":"https:\/\/ultraviolet.work\/_commercelocal\/project\/cafe-beguin-3\/#primaryimage"},"image":{"@id":"https:\/\/ultraviolet.work\/_commercelocal\/project\/cafe-beguin-3\/#primaryimage"},"thumbnailUrl":"https:\/\/ultraviolet.work\/_commercelocal\/wp-content\/uploads\/2023\/12\/cafe-beguin-2-2023-1400.jpg","datePublished":"2023-12-05T08:36:34+00:00","breadcrumb":{"@id":"https:\/\/ultraviolet.work\/_commercelocal\/project\/cafe-beguin-3\/#breadcrumb"},"inLanguage":"fr-FR","potentialAction":[{"@type":"ReadAction","target":["https:\/\/ultraviolet.work\/_commercelocal\/project\/cafe-beguin-3\/"]}]},{"@type":"ImageObject","inLanguage":"fr-FR","@id":"https:\/\/ultraviolet.work\/_commercelocal\/project\/cafe-beguin-3\/#primaryimage","url":"https:\/\/ultraviolet.work\/_commercelocal\/wp-content\/uploads\/2023\/12\/cafe-beguin-2-2023-1400.jpg","contentUrl":"https:\/\/ultraviolet.work\/_commercelocal\/wp-content\/uploads\/2023\/12\/cafe-beguin-2-2023-1400.jpg","width":1400,"height":933},{"@type":"BreadcrumbList","@id":"https:\/\/ultraviolet.work\/_commercelocal\/project\/cafe-beguin-3\/#breadcrumb","itemListElement":[{"@type":"ListItem","position":1,"name":"Accueil","item":"https:\/\/ultraviolet.work\/_commercelocal\/"},{"@type":"ListItem","position":2,"name":"Projets","item":"https:\/\/ultraviolet.work\/_commercelocal\/project\/"},{"@type":"ListItem","position":3,"name":"Caf\u00e9 B\u00e9guin"}]},{"@type":"WebSite","@id":"https:\/\/ultraviolet.work\/_commercelocal\/#website","url":"https:\/\/ultraviolet.work\/_commercelocal\/","name":"Le commerce local \u00e0 Bruxelles","description":"","publisher":{"@id":"https:\/\/ultraviolet.work\/_commercelocal\/#organization"},"potentialAction":[{"@type":"SearchAction","target":{"@type":"EntryPoint","urlTemplate":"https:\/\/ultraviolet.work\/_commercelocal\/?s={search_term_string}"},"query-input":{"@type":"PropertyValueSpecification","valueRequired":true,"valueName":"search_term_string"}}],"inLanguage":"fr-FR"},{"@type":"Organization","@id":"https:\/\/ultraviolet.work\/_commercelocal\/#organization","name":"Le commerce local \u00e0 Bruxelles - I shop in Brussels","url":"https:\/\/ultraviolet.work\/_commercelocal\/","logo":{"@type":"ImageObject","inLanguage":"fr-FR","@id":"https:\/\/ultraviolet.work\/_commercelocal\/#\/schema\/logo\/image\/","url":"https:\/\/ultraviolet.work\/_commercelocal\/wp-content\/uploads\/2020\/11\/IShopBrussels_w400.png","contentUrl":"https:\/\/ultraviolet.work\/_commercelocal\/wp-content\/uploads\/2020\/11\/IShopBrussels_w400.png","width":400,"height":200,"caption":"Le commerce local \u00e0 Bruxelles - I shop in Brussels"},"image":{"@id":"https:\/\/ultraviolet.work\/_commercelocal\/#\/schema\/logo\/image\/"},"sameAs":["https:\/\/www.facebook.com\/ishopinbrussels\/"]}]}},"_links":{"self":[{"href":"https:\/\/ultraviolet.work\/_commercelocal\/wp-json\/wp\/v2\/project\/19239","targetHints":{"allow":["GET"]}}],"collection":[{"href":"https:\/\/ultraviolet.work\/_commercelocal\/wp-json\/wp\/v2\/project"}],"about":[{"href":"https:\/\/ultraviolet.work\/_commercelocal\/wp-json\/wp\/v2\/types\/project"}],"author":[{"embeddable":true,"href":"https:\/\/ultraviolet.work\/_commercelocal\/wp-json\/wp\/v2\/users\/5"}],"replies":[{"embeddable":true,"href":"https:\/\/ultraviolet.work\/_commercelocal\/wp-json\/wp\/v2\/comments?post=19239"}],"version-history":[{"count":0,"href":"https:\/\/ultraviolet.work\/_commercelocal\/wp-json\/wp\/v2\/project\/19239\/revisions"}],"wp:featuredmedia":[{"embeddable":true,"href":"https:\/\/ultraviolet.work\/_commercelocal\/wp-json\/wp\/v2\/media\/18905"}],"wp:attachment":[{"href":"https:\/\/ultraviolet.work\/_commercelocal\/wp-json\/wp\/v2\/media?parent=19239"}],"wp:term":[{"taxonomy":"project_category","embeddable":true,"href":"https:\/\/ultraviolet.work\/_commercelocal\/wp-json\/wp\/v2\/project_category?post=19239"},{"taxonomy":"project_tag","embeddable":true,"href":"https:\/\/ultraviolet.work\/_commercelocal\/wp-json\/wp\/v2\/project_tag?post=19239"},{"taxonomy":"wf_project_folders","embeddable":true,"href":"https:\/\/ultraviolet.work\/_commercelocal\/wp-json\/wp\/v2\/wf_project_folders?post=19239"}],"curies":[{"name":"wp","href":"https:\/\/api.w.org\/{rel}","templated":true}]}}

Café Béguin

<h2>Café Béguin</h2>
<h5>Restaurant</h5>
<h4>Pl. du Samedi 12A, 1000 Bruxelles</h4>
<h5>Label : Qualité &#038; Savoir-faire</h5>
<h6><a href="https://www.cafebeguin.be/" target="_blank" rel="noopener">https://www.cafebeguin.be/</a></h6>
<p>Des mélanges de couleurs rafraîchissantes et de saveurs épicées : embarquez pour un voyage ensoleillé autour d&rsquo;une cuisine fusion colorée et bigarrée. À la croisée du restaurant et du café-bar au gré d&rsquo;une belle et vaste terrasse, l&rsquo;atmosphère exotique du Café Béguin saura séduire les amateurs de métissages culinaires.</p>

<p>Café Béguin Restaurant Pl. du Samedi 12A, 1000 Bruxelles Label : Qualité &#038; Savoir-faire https://www.cafebeguin.be/ Des mélanges de couleurs rafraîchissantes et de saveurs épicées : embarquez pour un voyage ensoleillé autour d&rsquo;une cuisine fusion colorée et bigarrée. À la croisée du restaurant et du café-bar au gré d&rsquo;une belle et vaste terrasse, l&rsquo;atmosphère exotique du [&hellip;]</p>

<!-- This site is optimized with the Yoast SEO plugin v27.5 - https://yoast.com/product/yoast-seo-wordpress/ -->
<title>Café Béguin - Le commerce local à Bruxelles</title>
<meta name="robots" content="noindex, follow" />
<meta property="og:locale" content="fr_FR" />
<meta property="og:type" content="article" />
<meta property="og:title" content="Café Béguin - Le commerce local à Bruxelles" />
<meta property="og:description" content="Café Béguin Restaurant Pl. du Samedi 12A, 1000 Bruxelles Label : Qualité &#038; Savoir-faire https://www.cafebeguin.be/ Des mélanges de couleurs rafraîchissantes et de saveurs épicées : embarquez pour un voyage ensoleillé autour d&rsquo;une cuisine fusion colorée et bigarrée. À la croisée du restaurant et du café-bar au gré d&rsquo;une belle et vaste terrasse, l&rsquo;atmosphère exotique du [&hellip;]" />
<meta property="og:url" content="https://ultraviolet.work/_commercelocal/project/cafe-beguin-3/" />
<meta property="og:site_name" content="Le commerce local à Bruxelles" />
<meta property="article:publisher" content="https://www.facebook.com/ishopinbrussels/" />
<meta property="og:image" content="https://ultraviolet.work/_commercelocal/wp-content/uploads/2023/12/cafe-beguin-2-2023-1400.jpg" />
	<meta property="og:image:width" content="1400" />
	<meta property="og:image:height" content="933" />
	<meta property="og:image:type" content="image/jpeg" />
<meta name="twitter:card" content="summary_large_image" />
<script type="application/ld+json" class="yoast-schema-graph">{"@context":"https:\/\/schema.org","@graph":[{"@type":"WebPage","@id":"https:\/\/ultraviolet.work\/_commercelocal\/project\/cafe-beguin-3\/","url":"https:\/\/ultraviolet.work\/_commercelocal\/project\/cafe-beguin-3\/","name":"Café Béguin - Le commerce local à Bruxelles","isPartOf":{"@id":"https:\/\/ultraviolet.work\/_commercelocal\/#website"},"primaryImageOfPage":{"@id":"https:\/\/ultraviolet.work\/_commercelocal\/project\/cafe-beguin-3\/#primaryimage"},"image":{"@id":"https:\/\/ultraviolet.work\/_commercelocal\/project\/cafe-beguin-3\/#primaryimage"},"thumbnailUrl":"https:\/\/ultraviolet.work\/_commercelocal\/wp-content\/uploads\/2023\/12\/cafe-beguin-2-2023-1400.jpg","datePublished":"2023-12-05T08:36:34+00:00","breadcrumb":{"@id":"https:\/\/ultraviolet.work\/_commercelocal\/project\/cafe-beguin-3\/#breadcrumb"},"inLanguage":"fr-FR","potentialAction":[{"@type":"ReadAction","target":["https:\/\/ultraviolet.work\/_commercelocal\/project\/cafe-beguin-3\/"]}]},{"@type":"ImageObject","inLanguage":"fr-FR","@id":"https:\/\/ultraviolet.work\/_commercelocal\/project\/cafe-beguin-3\/#primaryimage","url":"https:\/\/ultraviolet.work\/_commercelocal\/wp-content\/uploads\/2023\/12\/cafe-beguin-2-2023-1400.jpg","contentUrl":"https:\/\/ultraviolet.work\/_commercelocal\/wp-content\/uploads\/2023\/12\/cafe-beguin-2-2023-1400.jpg","width":1400,"height":933},{"@type":"BreadcrumbList","@id":"https:\/\/ultraviolet.work\/_commercelocal\/project\/cafe-beguin-3\/#breadcrumb","itemListElement":[{"@type":"ListItem","position":1,"name":"Accueil","item":"https:\/\/ultraviolet.work\/_commercelocal\/"},{"@type":"ListItem","position":2,"name":"Projets","item":"https:\/\/ultraviolet.work\/_commercelocal\/project\/"},{"@type":"ListItem","position":3,"name":"Café Béguin"}]},{"@type":"WebSite","@id":"https:\/\/ultraviolet.work\/_commercelocal\/#website","url":"https:\/\/ultraviolet.work\/_commercelocal\/","name":"Le commerce local à Bruxelles","description":"","publisher":{"@id":"https:\/\/ultraviolet.work\/_commercelocal\/#organization"},"potentialAction":[{"@type":"SearchAction","target":{"@type":"EntryPoint","urlTemplate":"https:\/\/ultraviolet.work\/_commercelocal\/?s={search_term_string}"},"query-input":{"@type":"PropertyValueSpecification","valueRequired":true,"valueName":"search_term_string"}}],"inLanguage":"fr-FR"},{"@type":"Organization","@id":"https:\/\/ultraviolet.work\/_commercelocal\/#organization","name":"Le commerce local à Bruxelles - I shop in Brussels","url":"https:\/\/ultraviolet.work\/_commercelocal\/","logo":{"@type":"ImageObject","inLanguage":"fr-FR","@id":"https:\/\/ultraviolet.work\/_commercelocal\/#\/schema\/logo\/image\/","url":"https:\/\/ultraviolet.work\/_commercelocal\/wp-content\/uploads\/2020\/11\/IShopBrussels_w400.png","contentUrl":"https:\/\/ultraviolet.work\/_commercelocal\/wp-content\/uploads\/2020\/11\/IShopBrussels_w400.png","width":400,"height":200,"caption":"Le commerce local à Bruxelles - I shop in Brussels"},"image":{"@id":"https:\/\/ultraviolet.work\/_commercelocal\/#\/schema\/logo\/image\/"},"sameAs":["https:\/\/www.facebook.com\/ishopinbrussels\/"]}]}</script>
<!-- / Yoast SEO plugin. -->

Café Béguin - Le commerce local à Bruxelles

Café Béguin Restaurant Pl. du Samedi 12A, 1000 Bruxelles Label : Qualité &#038; Savoir-faire https://www.cafebeguin.be/ Des mélanges de couleurs rafraîchissantes et de saveurs épicées : embarquez pour un voyage ensoleillé autour d&rsquo;une cuisine fusion colorée et bigarrée. À la croisée du restaurant et du café-bar au gré d&rsquo;une belle et vaste terrasse, l&rsquo;atmosphère exotique du [&hellip;]

Le commerce local à Bruxelles

Le commerce local à Bruxelles - I shop in Brussels
