{"id":19245,"date":"2023-12-05T09:36:53","date_gmt":"2023-12-05T08:36:53","guid":{"rendered":"https:\/\/ultraviolet.work\/_commercelocal\/project\/fenomenal\/"},"modified":"2023-12-05T09:36:53","modified_gmt":"2023-12-05T08:36:53","slug":"fenomenal","status":"publish","type":"project","link":"https:\/\/ultraviolet.work\/_commercelocal\/project\/fenomenal\/","title":{"rendered":"F\u00e9nomenal"},"content":{"rendered":"<h2>F\u00e9nomenal<\/h2>\n<h5>Magasin de d\u00e9tail (d\u00e9coration) \/ Artisanat<\/h5>\n<h4>Rue des Chartreux 48 B, 1000 Bruxelles<\/h4>\n<h5>Label : Qualit\u00e9 &#038; Savoir-faire<\/h5>\n<h6><a href=\"https:\/\/www.fenomenal.be\/\" target=\"_blank\" rel=\"noopener\">https:\/\/www.fenomenal.be\/<\/a><\/h6>\n<p>F\u00e9nomenal, c&rsquo;est&#8230;<br \/>\n*Une d\u00e9coration upcycl\u00e9e,<br \/>\n*Un artisanat local et raisonn\u00e9,<br \/>\n*Des objets recycl\u00e9s ou r\u00e9utilis\u00e9s avec du style, de la cr\u00e9ativit\u00e9 et de l&rsquo;originalit\u00e9,<br \/>\n*Des cr\u00e9ations qui privil\u00e9gient  une consommation durable et consciente,<br \/>\n*Du plaisir, de l&rsquo;\u00e9l\u00e9gance et de l&rsquo;inventivit\u00e9 \u00e0 tous les \u00e9tages&#8230;<\/p>\n","protected":false},"excerpt":{"rendered":"<p>F\u00e9nomenal Magasin de d\u00e9tail (d\u00e9coration) \/ Artisanat Rue des Chartreux 48 B, 1000 Bruxelles Label : Qualit\u00e9 &#038; Savoir-faire https:\/\/www.fenomenal.be\/ F\u00e9nomenal, c&rsquo;est&#8230; *Une d\u00e9coration upcycl\u00e9e, *Un artisanat local et raisonn\u00e9, *Des objets recycl\u00e9s ou r\u00e9utilis\u00e9s avec du style, de la cr\u00e9ativit\u00e9 et de l&rsquo;originalit\u00e9, *Des cr\u00e9ations qui privil\u00e9gient une consommation durable et consciente, *Du plaisir, [&hellip;]<\/p>\n","protected":false},"author":5,"featured_media":18913,"comment_status":"closed","ping_status":"closed","template":"","meta":{"_et_pb_use_builder":"","_et_pb_old_content":"","_et_gb_content_width":"","inline_featured_image":false,"footnotes":""},"project_category":[1168],"project_tag":[1849],"wf_project_folders":[1224],"class_list":["post-19245","project","type-project","status-publish","has-post-thumbnail","hentry","project_category-dansaert","project_tag-magasin-de-detail-decoration-artisanat"],"yoast_head":"<!-- This site is optimized with the Yoast SEO plugin v27.5 - https:\/\/yoast.com\/product\/yoast-seo-wordpress\/ -->\n<title>F\u00e9nomenal - Le commerce local \u00e0 Bruxelles<\/title>\n<meta name=\"robots\" content=\"noindex, follow\" \/>\n<meta property=\"og:locale\" content=\"fr_FR\" \/>\n<meta property=\"og:type\" content=\"article\" \/>\n<meta property=\"og:title\" content=\"F\u00e9nomenal - Le commerce local \u00e0 Bruxelles\" \/>\n<meta property=\"og:description\" content=\"F\u00e9nomenal Magasin de d\u00e9tail (d\u00e9coration) \/ Artisanat Rue des Chartreux 48 B, 1000 Bruxelles Label : Qualit\u00e9 &#038; Savoir-faire https:\/\/www.fenomenal.be\/ F\u00e9nomenal, c&rsquo;est&#8230; *Une d\u00e9coration upcycl\u00e9e, *Un artisanat local et raisonn\u00e9, *Des objets recycl\u00e9s ou r\u00e9utilis\u00e9s avec du style, de la cr\u00e9ativit\u00e9 et de l&rsquo;originalit\u00e9, *Des cr\u00e9ations qui privil\u00e9gient une consommation durable et consciente, *Du plaisir, [&hellip;]\" \/>\n<meta property=\"og:url\" content=\"https:\/\/ultraviolet.work\/_commercelocal\/project\/fenomenal\/\" \/>\n<meta property=\"og:site_name\" content=\"Le commerce local \u00e0 Bruxelles\" \/>\n<meta property=\"article:publisher\" content=\"https:\/\/www.facebook.com\/ishopinbrussels\/\" \/>\n<meta property=\"og:image\" content=\"https:\/\/ultraviolet.work\/_commercelocal\/wp-content\/uploads\/2023\/12\/fenomenal-2023-1400.jpg\" \/>\n\t<meta property=\"og:image:width\" content=\"1400\" \/>\n\t<meta property=\"og:image:height\" content=\"2096\" \/>\n\t<meta property=\"og:image:type\" content=\"image\/jpeg\" \/>\n<meta name=\"twitter:card\" content=\"summary_large_image\" \/>\n<script type=\"application\/ld+json\" class=\"yoast-schema-graph\">{\"@context\":\"https:\\\/\\\/schema.org\",\"@graph\":[{\"@type\":\"WebPage\",\"@id\":\"https:\\\/\\\/ultraviolet.work\\\/_commercelocal\\\/project\\\/fenomenal\\\/\",\"url\":\"https:\\\/\\\/ultraviolet.work\\\/_commercelocal\\\/project\\\/fenomenal\\\/\",\"name\":\"F\u00e9nomenal - Le commerce local \u00e0 Bruxelles\",\"isPartOf\":{\"@id\":\"https:\\\/\\\/ultraviolet.work\\\/_commercelocal\\\/#website\"},\"primaryImageOfPage\":{\"@id\":\"https:\\\/\\\/ultraviolet.work\\\/_commercelocal\\\/project\\\/fenomenal\\\/#primaryimage\"},\"image\":{\"@id\":\"https:\\\/\\\/ultraviolet.work\\\/_commercelocal\\\/project\\\/fenomenal\\\/#primaryimage\"},\"thumbnailUrl\":\"https:\\\/\\\/ultraviolet.work\\\/_commercelocal\\\/wp-content\\\/uploads\\\/2023\\\/12\\\/fenomenal-2023-1400.jpg\",\"datePublished\":\"2023-12-05T08:36:53+00:00\",\"breadcrumb\":{\"@id\":\"https:\\\/\\\/ultraviolet.work\\\/_commercelocal\\\/project\\\/fenomenal\\\/#breadcrumb\"},\"inLanguage\":\"fr-FR\",\"potentialAction\":[{\"@type\":\"ReadAction\",\"target\":[\"https:\\\/\\\/ultraviolet.work\\\/_commercelocal\\\/project\\\/fenomenal\\\/\"]}]},{\"@type\":\"ImageObject\",\"inLanguage\":\"fr-FR\",\"@id\":\"https:\\\/\\\/ultraviolet.work\\\/_commercelocal\\\/project\\\/fenomenal\\\/#primaryimage\",\"url\":\"https:\\\/\\\/ultraviolet.work\\\/_commercelocal\\\/wp-content\\\/uploads\\\/2023\\\/12\\\/fenomenal-2023-1400.jpg\",\"contentUrl\":\"https:\\\/\\\/ultraviolet.work\\\/_commercelocal\\\/wp-content\\\/uploads\\\/2023\\\/12\\\/fenomenal-2023-1400.jpg\",\"width\":1400,\"height\":2096},{\"@type\":\"BreadcrumbList\",\"@id\":\"https:\\\/\\\/ultraviolet.work\\\/_commercelocal\\\/project\\\/fenomenal\\\/#breadcrumb\",\"itemListElement\":[{\"@type\":\"ListItem\",\"position\":1,\"name\":\"Accueil\",\"item\":\"https:\\\/\\\/ultraviolet.work\\\/_commercelocal\\\/\"},{\"@type\":\"ListItem\",\"position\":2,\"name\":\"Projets\",\"item\":\"https:\\\/\\\/ultraviolet.work\\\/_commercelocal\\\/project\\\/\"},{\"@type\":\"ListItem\",\"position\":3,\"name\":\"F\u00e9nomenal\"}]},{\"@type\":\"WebSite\",\"@id\":\"https:\\\/\\\/ultraviolet.work\\\/_commercelocal\\\/#website\",\"url\":\"https:\\\/\\\/ultraviolet.work\\\/_commercelocal\\\/\",\"name\":\"Le commerce local \u00e0 Bruxelles\",\"description\":\"\",\"publisher\":{\"@id\":\"https:\\\/\\\/ultraviolet.work\\\/_commercelocal\\\/#organization\"},\"potentialAction\":[{\"@type\":\"SearchAction\",\"target\":{\"@type\":\"EntryPoint\",\"urlTemplate\":\"https:\\\/\\\/ultraviolet.work\\\/_commercelocal\\\/?s={search_term_string}\"},\"query-input\":{\"@type\":\"PropertyValueSpecification\",\"valueRequired\":true,\"valueName\":\"search_term_string\"}}],\"inLanguage\":\"fr-FR\"},{\"@type\":\"Organization\",\"@id\":\"https:\\\/\\\/ultraviolet.work\\\/_commercelocal\\\/#organization\",\"name\":\"Le commerce local \u00e0 Bruxelles - I shop in Brussels\",\"url\":\"https:\\\/\\\/ultraviolet.work\\\/_commercelocal\\\/\",\"logo\":{\"@type\":\"ImageObject\",\"inLanguage\":\"fr-FR\",\"@id\":\"https:\\\/\\\/ultraviolet.work\\\/_commercelocal\\\/#\\\/schema\\\/logo\\\/image\\\/\",\"url\":\"https:\\\/\\\/ultraviolet.work\\\/_commercelocal\\\/wp-content\\\/uploads\\\/2020\\\/11\\\/IShopBrussels_w400.png\",\"contentUrl\":\"https:\\\/\\\/ultraviolet.work\\\/_commercelocal\\\/wp-content\\\/uploads\\\/2020\\\/11\\\/IShopBrussels_w400.png\",\"width\":400,\"height\":200,\"caption\":\"Le commerce local \u00e0 Bruxelles - I shop in Brussels\"},\"image\":{\"@id\":\"https:\\\/\\\/ultraviolet.work\\\/_commercelocal\\\/#\\\/schema\\\/logo\\\/image\\\/\"},\"sameAs\":[\"https:\\\/\\\/www.facebook.com\\\/ishopinbrussels\\\/\"]}]}<\/script>\n<!-- \/ Yoast SEO plugin. -->","yoast_head_json":{"title":"F\u00e9nomenal - Le commerce local \u00e0 Bruxelles","robots":{"index":"noindex","follow":"follow"},"og_locale":"fr_FR","og_type":"article","og_title":"F\u00e9nomenal - Le commerce local \u00e0 Bruxelles","og_description":"F\u00e9nomenal Magasin de d\u00e9tail (d\u00e9coration) \/ Artisanat Rue des Chartreux 48 B, 1000 Bruxelles Label : Qualit\u00e9 &#038; Savoir-faire https:\/\/www.fenomenal.be\/ F\u00e9nomenal, c&rsquo;est&#8230; *Une d\u00e9coration upcycl\u00e9e, *Un artisanat local et raisonn\u00e9, *Des objets recycl\u00e9s ou r\u00e9utilis\u00e9s avec du style, de la cr\u00e9ativit\u00e9 et de l&rsquo;originalit\u00e9, *Des cr\u00e9ations qui privil\u00e9gient une consommation durable et consciente, *Du plaisir, [&hellip;]","og_url":"https:\/\/ultraviolet.work\/_commercelocal\/project\/fenomenal\/","og_site_name":"Le commerce local \u00e0 Bruxelles","article_publisher":"https:\/\/www.facebook.com\/ishopinbrussels\/","og_image":[{"width":1400,"height":2096,"url":"https:\/\/ultraviolet.work\/_commercelocal\/wp-content\/uploads\/2023\/12\/fenomenal-2023-1400.jpg","type":"image\/jpeg"}],"twitter_card":"summary_large_image","schema":{"@context":"https:\/\/schema.org","@graph":[{"@type":"WebPage","@id":"https:\/\/ultraviolet.work\/_commercelocal\/project\/fenomenal\/","url":"https:\/\/ultraviolet.work\/_commercelocal\/project\/fenomenal\/","name":"F\u00e9nomenal - Le commerce local \u00e0 Bruxelles","isPartOf":{"@id":"https:\/\/ultraviolet.work\/_commercelocal\/#website"},"primaryImageOfPage":{"@id":"https:\/\/ultraviolet.work\/_commercelocal\/project\/fenomenal\/#primaryimage"},"image":{"@id":"https:\/\/ultraviolet.work\/_commercelocal\/project\/fenomenal\/#primaryimage"},"thumbnailUrl":"https:\/\/ultraviolet.work\/_commercelocal\/wp-content\/uploads\/2023\/12\/fenomenal-2023-1400.jpg","datePublished":"2023-12-05T08:36:53+00:00","breadcrumb":{"@id":"https:\/\/ultraviolet.work\/_commercelocal\/project\/fenomenal\/#breadcrumb"},"inLanguage":"fr-FR","potentialAction":[{"@type":"ReadAction","target":["https:\/\/ultraviolet.work\/_commercelocal\/project\/fenomenal\/"]}]},{"@type":"ImageObject","inLanguage":"fr-FR","@id":"https:\/\/ultraviolet.work\/_commercelocal\/project\/fenomenal\/#primaryimage","url":"https:\/\/ultraviolet.work\/_commercelocal\/wp-content\/uploads\/2023\/12\/fenomenal-2023-1400.jpg","contentUrl":"https:\/\/ultraviolet.work\/_commercelocal\/wp-content\/uploads\/2023\/12\/fenomenal-2023-1400.jpg","width":1400,"height":2096},{"@type":"BreadcrumbList","@id":"https:\/\/ultraviolet.work\/_commercelocal\/project\/fenomenal\/#breadcrumb","itemListElement":[{"@type":"ListItem","position":1,"name":"Accueil","item":"https:\/\/ultraviolet.work\/_commercelocal\/"},{"@type":"ListItem","position":2,"name":"Projets","item":"https:\/\/ultraviolet.work\/_commercelocal\/project\/"},{"@type":"ListItem","position":3,"name":"F\u00e9nomenal"}]},{"@type":"WebSite","@id":"https:\/\/ultraviolet.work\/_commercelocal\/#website","url":"https:\/\/ultraviolet.work\/_commercelocal\/","name":"Le commerce local \u00e0 Bruxelles","description":"","publisher":{"@id":"https:\/\/ultraviolet.work\/_commercelocal\/#organization"},"potentialAction":[{"@type":"SearchAction","target":{"@type":"EntryPoint","urlTemplate":"https:\/\/ultraviolet.work\/_commercelocal\/?s={search_term_string}"},"query-input":{"@type":"PropertyValueSpecification","valueRequired":true,"valueName":"search_term_string"}}],"inLanguage":"fr-FR"},{"@type":"Organization","@id":"https:\/\/ultraviolet.work\/_commercelocal\/#organization","name":"Le commerce local \u00e0 Bruxelles - I shop in Brussels","url":"https:\/\/ultraviolet.work\/_commercelocal\/","logo":{"@type":"ImageObject","inLanguage":"fr-FR","@id":"https:\/\/ultraviolet.work\/_commercelocal\/#\/schema\/logo\/image\/","url":"https:\/\/ultraviolet.work\/_commercelocal\/wp-content\/uploads\/2020\/11\/IShopBrussels_w400.png","contentUrl":"https:\/\/ultraviolet.work\/_commercelocal\/wp-content\/uploads\/2020\/11\/IShopBrussels_w400.png","width":400,"height":200,"caption":"Le commerce local \u00e0 Bruxelles - I shop in Brussels"},"image":{"@id":"https:\/\/ultraviolet.work\/_commercelocal\/#\/schema\/logo\/image\/"},"sameAs":["https:\/\/www.facebook.com\/ishopinbrussels\/"]}]}},"_links":{"self":[{"href":"https:\/\/ultraviolet.work\/_commercelocal\/wp-json\/wp\/v2\/project\/19245","targetHints":{"allow":["GET"]}}],"collection":[{"href":"https:\/\/ultraviolet.work\/_commercelocal\/wp-json\/wp\/v2\/project"}],"about":[{"href":"https:\/\/ultraviolet.work\/_commercelocal\/wp-json\/wp\/v2\/types\/project"}],"author":[{"embeddable":true,"href":"https:\/\/ultraviolet.work\/_commercelocal\/wp-json\/wp\/v2\/users\/5"}],"replies":[{"embeddable":true,"href":"https:\/\/ultraviolet.work\/_commercelocal\/wp-json\/wp\/v2\/comments?post=19245"}],"version-history":[{"count":0,"href":"https:\/\/ultraviolet.work\/_commercelocal\/wp-json\/wp\/v2\/project\/19245\/revisions"}],"wp:featuredmedia":[{"embeddable":true,"href":"https:\/\/ultraviolet.work\/_commercelocal\/wp-json\/wp\/v2\/media\/18913"}],"wp:attachment":[{"href":"https:\/\/ultraviolet.work\/_commercelocal\/wp-json\/wp\/v2\/media?parent=19245"}],"wp:term":[{"taxonomy":"project_category","embeddable":true,"href":"https:\/\/ultraviolet.work\/_commercelocal\/wp-json\/wp\/v2\/project_category?post=19245"},{"taxonomy":"project_tag","embeddable":true,"href":"https:\/\/ultraviolet.work\/_commercelocal\/wp-json\/wp\/v2\/project_tag?post=19245"},{"taxonomy":"wf_project_folders","embeddable":true,"href":"https:\/\/ultraviolet.work\/_commercelocal\/wp-json\/wp\/v2\/wf_project_folders?post=19245"}],"curies":[{"name":"wp","href":"https:\/\/api.w.org\/{rel}","templated":true}]}}

Fénomenal

<h2>Fénomenal</h2>
<h5>Magasin de détail (décoration) / Artisanat</h5>
<h4>Rue des Chartreux 48 B, 1000 Bruxelles</h4>
<h5>Label : Qualité &#038; Savoir-faire</h5>
<h6><a href="https://www.fenomenal.be/" target="_blank" rel="noopener">https://www.fenomenal.be/</a></h6>
<p>Fénomenal, c&rsquo;est&#8230;<br />
*Une décoration upcyclée,<br />
*Un artisanat local et raisonné,<br />
*Des objets recyclés ou réutilisés avec du style, de la créativité et de l&rsquo;originalité,<br />
*Des créations qui privilégient  une consommation durable et consciente,<br />
*Du plaisir, de l&rsquo;élégance et de l&rsquo;inventivité à tous les étages&#8230;</p>

<p>Fénomenal Magasin de détail (décoration) / Artisanat Rue des Chartreux 48 B, 1000 Bruxelles Label : Qualité &#038; Savoir-faire https://www.fenomenal.be/ Fénomenal, c&rsquo;est&#8230; *Une décoration upcyclée, *Un artisanat local et raisonné, *Des objets recyclés ou réutilisés avec du style, de la créativité et de l&rsquo;originalité, *Des créations qui privilégient une consommation durable et consciente, *Du plaisir, [&hellip;]</p>

<!-- This site is optimized with the Yoast SEO plugin v27.5 - https://yoast.com/product/yoast-seo-wordpress/ -->
<title>Fénomenal - Le commerce local à Bruxelles</title>
<meta name="robots" content="noindex, follow" />
<meta property="og:locale" content="fr_FR" />
<meta property="og:type" content="article" />
<meta property="og:title" content="Fénomenal - Le commerce local à Bruxelles" />
<meta property="og:description" content="Fénomenal Magasin de détail (décoration) / Artisanat Rue des Chartreux 48 B, 1000 Bruxelles Label : Qualité &#038; Savoir-faire https://www.fenomenal.be/ Fénomenal, c&rsquo;est&#8230; *Une décoration upcyclée, *Un artisanat local et raisonné, *Des objets recyclés ou réutilisés avec du style, de la créativité et de l&rsquo;originalité, *Des créations qui privilégient une consommation durable et consciente, *Du plaisir, [&hellip;]" />
<meta property="og:url" content="https://ultraviolet.work/_commercelocal/project/fenomenal/" />
<meta property="og:site_name" content="Le commerce local à Bruxelles" />
<meta property="article:publisher" content="https://www.facebook.com/ishopinbrussels/" />
<meta property="og:image" content="https://ultraviolet.work/_commercelocal/wp-content/uploads/2023/12/fenomenal-2023-1400.jpg" />
	<meta property="og:image:width" content="1400" />
	<meta property="og:image:height" content="2096" />
	<meta property="og:image:type" content="image/jpeg" />
<meta name="twitter:card" content="summary_large_image" />
<script type="application/ld+json" class="yoast-schema-graph">{"@context":"https:\/\/schema.org","@graph":[{"@type":"WebPage","@id":"https:\/\/ultraviolet.work\/_commercelocal\/project\/fenomenal\/","url":"https:\/\/ultraviolet.work\/_commercelocal\/project\/fenomenal\/","name":"Fénomenal - Le commerce local à Bruxelles","isPartOf":{"@id":"https:\/\/ultraviolet.work\/_commercelocal\/#website"},"primaryImageOfPage":{"@id":"https:\/\/ultraviolet.work\/_commercelocal\/project\/fenomenal\/#primaryimage"},"image":{"@id":"https:\/\/ultraviolet.work\/_commercelocal\/project\/fenomenal\/#primaryimage"},"thumbnailUrl":"https:\/\/ultraviolet.work\/_commercelocal\/wp-content\/uploads\/2023\/12\/fenomenal-2023-1400.jpg","datePublished":"2023-12-05T08:36:53+00:00","breadcrumb":{"@id":"https:\/\/ultraviolet.work\/_commercelocal\/project\/fenomenal\/#breadcrumb"},"inLanguage":"fr-FR","potentialAction":[{"@type":"ReadAction","target":["https:\/\/ultraviolet.work\/_commercelocal\/project\/fenomenal\/"]}]},{"@type":"ImageObject","inLanguage":"fr-FR","@id":"https:\/\/ultraviolet.work\/_commercelocal\/project\/fenomenal\/#primaryimage","url":"https:\/\/ultraviolet.work\/_commercelocal\/wp-content\/uploads\/2023\/12\/fenomenal-2023-1400.jpg","contentUrl":"https:\/\/ultraviolet.work\/_commercelocal\/wp-content\/uploads\/2023\/12\/fenomenal-2023-1400.jpg","width":1400,"height":2096},{"@type":"BreadcrumbList","@id":"https:\/\/ultraviolet.work\/_commercelocal\/project\/fenomenal\/#breadcrumb","itemListElement":[{"@type":"ListItem","position":1,"name":"Accueil","item":"https:\/\/ultraviolet.work\/_commercelocal\/"},{"@type":"ListItem","position":2,"name":"Projets","item":"https:\/\/ultraviolet.work\/_commercelocal\/project\/"},{"@type":"ListItem","position":3,"name":"Fénomenal"}]},{"@type":"WebSite","@id":"https:\/\/ultraviolet.work\/_commercelocal\/#website","url":"https:\/\/ultraviolet.work\/_commercelocal\/","name":"Le commerce local à Bruxelles","description":"","publisher":{"@id":"https:\/\/ultraviolet.work\/_commercelocal\/#organization"},"potentialAction":[{"@type":"SearchAction","target":{"@type":"EntryPoint","urlTemplate":"https:\/\/ultraviolet.work\/_commercelocal\/?s={search_term_string}"},"query-input":{"@type":"PropertyValueSpecification","valueRequired":true,"valueName":"search_term_string"}}],"inLanguage":"fr-FR"},{"@type":"Organization","@id":"https:\/\/ultraviolet.work\/_commercelocal\/#organization","name":"Le commerce local à Bruxelles - I shop in Brussels","url":"https:\/\/ultraviolet.work\/_commercelocal\/","logo":{"@type":"ImageObject","inLanguage":"fr-FR","@id":"https:\/\/ultraviolet.work\/_commercelocal\/#\/schema\/logo\/image\/","url":"https:\/\/ultraviolet.work\/_commercelocal\/wp-content\/uploads\/2020\/11\/IShopBrussels_w400.png","contentUrl":"https:\/\/ultraviolet.work\/_commercelocal\/wp-content\/uploads\/2020\/11\/IShopBrussels_w400.png","width":400,"height":200,"caption":"Le commerce local à Bruxelles - I shop in Brussels"},"image":{"@id":"https:\/\/ultraviolet.work\/_commercelocal\/#\/schema\/logo\/image\/"},"sameAs":["https:\/\/www.facebook.com\/ishopinbrussels\/"]}]}</script>
<!-- / Yoast SEO plugin. -->

Fénomenal - Le commerce local à Bruxelles

Fénomenal Magasin de détail (décoration) / Artisanat Rue des Chartreux 48 B, 1000 Bruxelles Label : Qualité &#038; Savoir-faire https://www.fenomenal.be/ Fénomenal, c&rsquo;est&#8230; *Une décoration upcyclée, *Un artisanat local et raisonné, *Des objets recyclés ou réutilisés avec du style, de la créativité et de l&rsquo;originalité, *Des créations qui privilégient une consommation durable et consciente, *Du plaisir, [&hellip;]

Le commerce local à Bruxelles

Le commerce local à Bruxelles - I shop in Brussels
