{"id":19256,"date":"2023-12-05T09:37:33","date_gmt":"2023-12-05T08:37:33","guid":{"rendered":"https:\/\/ultraviolet.work\/_commercelocal\/project\/la-ferme-nos-pilifs\/"},"modified":"2023-12-05T09:37:33","modified_gmt":"2023-12-05T08:37:33","slug":"la-ferme-nos-pilifs","status":"publish","type":"project","link":"https:\/\/ultraviolet.work\/_commercelocal\/project\/la-ferme-nos-pilifs\/","title":{"rendered":"La ferme Nos Pilifs"},"content":{"rendered":"<h2>La ferme Nos Pilifs<\/h2>\n<h5>Bar \/ Restaurant + Epicerie<\/h5>\n<h4>Trassersweg 347, 1120 Bruxelles<\/h4>\n<h5>Label : Qualit\u00e9 &#038; Savoir-faire<\/h5>\n<h6><a href=\"https:\/\/www.fermenospilifs.be\/\" target=\"_blank\" rel=\"noopener\">https:\/\/www.fermenospilifs.be\/<\/a><\/h6>\n<p>La Ferme Nos Pilifs a pour mission premi\u00e8re de procurer des emplois \u00e0 145 travailleurs en situation de handicap et pour la quarantaine de salari\u00e9s qui les encadrent. Cette mission se d\u00e9cline dans toutes les activit\u00e9s de la ferme : alimentation durable, \u00e9co-jardinage, ateliers, parc animalier et bien s\u00fbr vente commerciale des produits de leur boulangerie artisanale bio, de leur p\u00e9pini\u00e8re ainsi qu&rsquo;un Estaminet qui vous accueillera \u00e0 l&rsquo;issue de votre promenade dans le parc animalier de 5 hectares.<\/p>\n","protected":false},"excerpt":{"rendered":"<p>La ferme Nos Pilifs Bar \/ Restaurant + Epicerie Trassersweg 347, 1120 Bruxelles Label : Qualit\u00e9 &#038; Savoir-faire https:\/\/www.fermenospilifs.be\/ La Ferme Nos Pilifs a pour mission premi\u00e8re de procurer des emplois \u00e0 145 travailleurs en situation de handicap et pour la quarantaine de salari\u00e9s qui les encadrent. Cette mission se d\u00e9cline dans toutes les activit\u00e9s [&hellip;]<\/p>\n","protected":false},"author":5,"featured_media":18925,"comment_status":"closed","ping_status":"closed","template":"","meta":{"_et_pb_use_builder":"","_et_pb_old_content":"","_et_gb_content_width":"","inline_featured_image":false,"footnotes":""},"project_category":[1186],"project_tag":[1859],"wf_project_folders":[1224],"class_list":["post-19256","project","type-project","status-publish","has-post-thumbnail","hentry","project_category-marolles","project_tag-bar-restaurant-epicerie"],"yoast_head":"<!-- This site is optimized with the Yoast SEO plugin v27.5 - https:\/\/yoast.com\/product\/yoast-seo-wordpress\/ -->\n<title>La ferme Nos Pilifs - Le commerce local \u00e0 Bruxelles<\/title>\n<meta name=\"robots\" content=\"noindex, follow\" \/>\n<meta property=\"og:locale\" content=\"fr_FR\" \/>\n<meta property=\"og:type\" content=\"article\" \/>\n<meta property=\"og:title\" content=\"La ferme Nos Pilifs - Le commerce local \u00e0 Bruxelles\" \/>\n<meta property=\"og:description\" content=\"La ferme Nos Pilifs Bar \/ Restaurant + Epicerie Trassersweg 347, 1120 Bruxelles Label : Qualit\u00e9 &#038; Savoir-faire https:\/\/www.fermenospilifs.be\/ La Ferme Nos Pilifs a pour mission premi\u00e8re de procurer des emplois \u00e0 145 travailleurs en situation de handicap et pour la quarantaine de salari\u00e9s qui les encadrent. Cette mission se d\u00e9cline dans toutes les activit\u00e9s [&hellip;]\" \/>\n<meta property=\"og:url\" content=\"https:\/\/ultraviolet.work\/_commercelocal\/project\/la-ferme-nos-pilifs\/\" \/>\n<meta property=\"og:site_name\" content=\"Le commerce local \u00e0 Bruxelles\" \/>\n<meta property=\"article:publisher\" content=\"https:\/\/www.facebook.com\/ishopinbrussels\/\" \/>\n<meta property=\"og:image\" content=\"https:\/\/ultraviolet.work\/_commercelocal\/wp-content\/uploads\/2023\/12\/la-ferme-nos-pilifs-2-2023-1400.jpg\" \/>\n\t<meta property=\"og:image:width\" content=\"1400\" \/>\n\t<meta property=\"og:image:height\" content=\"980\" \/>\n\t<meta property=\"og:image:type\" content=\"image\/jpeg\" \/>\n<meta name=\"twitter:card\" content=\"summary_large_image\" \/>\n<script type=\"application\/ld+json\" class=\"yoast-schema-graph\">{\"@context\":\"https:\\\/\\\/schema.org\",\"@graph\":[{\"@type\":\"WebPage\",\"@id\":\"https:\\\/\\\/ultraviolet.work\\\/_commercelocal\\\/project\\\/la-ferme-nos-pilifs\\\/\",\"url\":\"https:\\\/\\\/ultraviolet.work\\\/_commercelocal\\\/project\\\/la-ferme-nos-pilifs\\\/\",\"name\":\"La ferme Nos Pilifs - Le commerce local \u00e0 Bruxelles\",\"isPartOf\":{\"@id\":\"https:\\\/\\\/ultraviolet.work\\\/_commercelocal\\\/#website\"},\"primaryImageOfPage\":{\"@id\":\"https:\\\/\\\/ultraviolet.work\\\/_commercelocal\\\/project\\\/la-ferme-nos-pilifs\\\/#primaryimage\"},\"image\":{\"@id\":\"https:\\\/\\\/ultraviolet.work\\\/_commercelocal\\\/project\\\/la-ferme-nos-pilifs\\\/#primaryimage\"},\"thumbnailUrl\":\"https:\\\/\\\/ultraviolet.work\\\/_commercelocal\\\/wp-content\\\/uploads\\\/2023\\\/12\\\/la-ferme-nos-pilifs-2-2023-1400.jpg\",\"datePublished\":\"2023-12-05T08:37:33+00:00\",\"breadcrumb\":{\"@id\":\"https:\\\/\\\/ultraviolet.work\\\/_commercelocal\\\/project\\\/la-ferme-nos-pilifs\\\/#breadcrumb\"},\"inLanguage\":\"fr-FR\",\"potentialAction\":[{\"@type\":\"ReadAction\",\"target\":[\"https:\\\/\\\/ultraviolet.work\\\/_commercelocal\\\/project\\\/la-ferme-nos-pilifs\\\/\"]}]},{\"@type\":\"ImageObject\",\"inLanguage\":\"fr-FR\",\"@id\":\"https:\\\/\\\/ultraviolet.work\\\/_commercelocal\\\/project\\\/la-ferme-nos-pilifs\\\/#primaryimage\",\"url\":\"https:\\\/\\\/ultraviolet.work\\\/_commercelocal\\\/wp-content\\\/uploads\\\/2023\\\/12\\\/la-ferme-nos-pilifs-2-2023-1400.jpg\",\"contentUrl\":\"https:\\\/\\\/ultraviolet.work\\\/_commercelocal\\\/wp-content\\\/uploads\\\/2023\\\/12\\\/la-ferme-nos-pilifs-2-2023-1400.jpg\",\"width\":1400,\"height\":980},{\"@type\":\"BreadcrumbList\",\"@id\":\"https:\\\/\\\/ultraviolet.work\\\/_commercelocal\\\/project\\\/la-ferme-nos-pilifs\\\/#breadcrumb\",\"itemListElement\":[{\"@type\":\"ListItem\",\"position\":1,\"name\":\"Accueil\",\"item\":\"https:\\\/\\\/ultraviolet.work\\\/_commercelocal\\\/\"},{\"@type\":\"ListItem\",\"position\":2,\"name\":\"Projets\",\"item\":\"https:\\\/\\\/ultraviolet.work\\\/_commercelocal\\\/project\\\/\"},{\"@type\":\"ListItem\",\"position\":3,\"name\":\"La ferme Nos Pilifs\"}]},{\"@type\":\"WebSite\",\"@id\":\"https:\\\/\\\/ultraviolet.work\\\/_commercelocal\\\/#website\",\"url\":\"https:\\\/\\\/ultraviolet.work\\\/_commercelocal\\\/\",\"name\":\"Le commerce local \u00e0 Bruxelles\",\"description\":\"\",\"publisher\":{\"@id\":\"https:\\\/\\\/ultraviolet.work\\\/_commercelocal\\\/#organization\"},\"potentialAction\":[{\"@type\":\"SearchAction\",\"target\":{\"@type\":\"EntryPoint\",\"urlTemplate\":\"https:\\\/\\\/ultraviolet.work\\\/_commercelocal\\\/?s={search_term_string}\"},\"query-input\":{\"@type\":\"PropertyValueSpecification\",\"valueRequired\":true,\"valueName\":\"search_term_string\"}}],\"inLanguage\":\"fr-FR\"},{\"@type\":\"Organization\",\"@id\":\"https:\\\/\\\/ultraviolet.work\\\/_commercelocal\\\/#organization\",\"name\":\"Le commerce local \u00e0 Bruxelles - I shop in Brussels\",\"url\":\"https:\\\/\\\/ultraviolet.work\\\/_commercelocal\\\/\",\"logo\":{\"@type\":\"ImageObject\",\"inLanguage\":\"fr-FR\",\"@id\":\"https:\\\/\\\/ultraviolet.work\\\/_commercelocal\\\/#\\\/schema\\\/logo\\\/image\\\/\",\"url\":\"https:\\\/\\\/ultraviolet.work\\\/_commercelocal\\\/wp-content\\\/uploads\\\/2020\\\/11\\\/IShopBrussels_w400.png\",\"contentUrl\":\"https:\\\/\\\/ultraviolet.work\\\/_commercelocal\\\/wp-content\\\/uploads\\\/2020\\\/11\\\/IShopBrussels_w400.png\",\"width\":400,\"height\":200,\"caption\":\"Le commerce local \u00e0 Bruxelles - I shop in Brussels\"},\"image\":{\"@id\":\"https:\\\/\\\/ultraviolet.work\\\/_commercelocal\\\/#\\\/schema\\\/logo\\\/image\\\/\"},\"sameAs\":[\"https:\\\/\\\/www.facebook.com\\\/ishopinbrussels\\\/\"]}]}<\/script>\n<!-- \/ Yoast SEO plugin. -->","yoast_head_json":{"title":"La ferme Nos Pilifs - Le commerce local \u00e0 Bruxelles","robots":{"index":"noindex","follow":"follow"},"og_locale":"fr_FR","og_type":"article","og_title":"La ferme Nos Pilifs - Le commerce local \u00e0 Bruxelles","og_description":"La ferme Nos Pilifs Bar \/ Restaurant + Epicerie Trassersweg 347, 1120 Bruxelles Label : Qualit\u00e9 &#038; Savoir-faire https:\/\/www.fermenospilifs.be\/ La Ferme Nos Pilifs a pour mission premi\u00e8re de procurer des emplois \u00e0 145 travailleurs en situation de handicap et pour la quarantaine de salari\u00e9s qui les encadrent. Cette mission se d\u00e9cline dans toutes les activit\u00e9s [&hellip;]","og_url":"https:\/\/ultraviolet.work\/_commercelocal\/project\/la-ferme-nos-pilifs\/","og_site_name":"Le commerce local \u00e0 Bruxelles","article_publisher":"https:\/\/www.facebook.com\/ishopinbrussels\/","og_image":[{"width":1400,"height":980,"url":"https:\/\/ultraviolet.work\/_commercelocal\/wp-content\/uploads\/2023\/12\/la-ferme-nos-pilifs-2-2023-1400.jpg","type":"image\/jpeg"}],"twitter_card":"summary_large_image","schema":{"@context":"https:\/\/schema.org","@graph":[{"@type":"WebPage","@id":"https:\/\/ultraviolet.work\/_commercelocal\/project\/la-ferme-nos-pilifs\/","url":"https:\/\/ultraviolet.work\/_commercelocal\/project\/la-ferme-nos-pilifs\/","name":"La ferme Nos Pilifs - Le commerce local \u00e0 Bruxelles","isPartOf":{"@id":"https:\/\/ultraviolet.work\/_commercelocal\/#website"},"primaryImageOfPage":{"@id":"https:\/\/ultraviolet.work\/_commercelocal\/project\/la-ferme-nos-pilifs\/#primaryimage"},"image":{"@id":"https:\/\/ultraviolet.work\/_commercelocal\/project\/la-ferme-nos-pilifs\/#primaryimage"},"thumbnailUrl":"https:\/\/ultraviolet.work\/_commercelocal\/wp-content\/uploads\/2023\/12\/la-ferme-nos-pilifs-2-2023-1400.jpg","datePublished":"2023-12-05T08:37:33+00:00","breadcrumb":{"@id":"https:\/\/ultraviolet.work\/_commercelocal\/project\/la-ferme-nos-pilifs\/#breadcrumb"},"inLanguage":"fr-FR","potentialAction":[{"@type":"ReadAction","target":["https:\/\/ultraviolet.work\/_commercelocal\/project\/la-ferme-nos-pilifs\/"]}]},{"@type":"ImageObject","inLanguage":"fr-FR","@id":"https:\/\/ultraviolet.work\/_commercelocal\/project\/la-ferme-nos-pilifs\/#primaryimage","url":"https:\/\/ultraviolet.work\/_commercelocal\/wp-content\/uploads\/2023\/12\/la-ferme-nos-pilifs-2-2023-1400.jpg","contentUrl":"https:\/\/ultraviolet.work\/_commercelocal\/wp-content\/uploads\/2023\/12\/la-ferme-nos-pilifs-2-2023-1400.jpg","width":1400,"height":980},{"@type":"BreadcrumbList","@id":"https:\/\/ultraviolet.work\/_commercelocal\/project\/la-ferme-nos-pilifs\/#breadcrumb","itemListElement":[{"@type":"ListItem","position":1,"name":"Accueil","item":"https:\/\/ultraviolet.work\/_commercelocal\/"},{"@type":"ListItem","position":2,"name":"Projets","item":"https:\/\/ultraviolet.work\/_commercelocal\/project\/"},{"@type":"ListItem","position":3,"name":"La ferme Nos Pilifs"}]},{"@type":"WebSite","@id":"https:\/\/ultraviolet.work\/_commercelocal\/#website","url":"https:\/\/ultraviolet.work\/_commercelocal\/","name":"Le commerce local \u00e0 Bruxelles","description":"","publisher":{"@id":"https:\/\/ultraviolet.work\/_commercelocal\/#organization"},"potentialAction":[{"@type":"SearchAction","target":{"@type":"EntryPoint","urlTemplate":"https:\/\/ultraviolet.work\/_commercelocal\/?s={search_term_string}"},"query-input":{"@type":"PropertyValueSpecification","valueRequired":true,"valueName":"search_term_string"}}],"inLanguage":"fr-FR"},{"@type":"Organization","@id":"https:\/\/ultraviolet.work\/_commercelocal\/#organization","name":"Le commerce local \u00e0 Bruxelles - I shop in Brussels","url":"https:\/\/ultraviolet.work\/_commercelocal\/","logo":{"@type":"ImageObject","inLanguage":"fr-FR","@id":"https:\/\/ultraviolet.work\/_commercelocal\/#\/schema\/logo\/image\/","url":"https:\/\/ultraviolet.work\/_commercelocal\/wp-content\/uploads\/2020\/11\/IShopBrussels_w400.png","contentUrl":"https:\/\/ultraviolet.work\/_commercelocal\/wp-content\/uploads\/2020\/11\/IShopBrussels_w400.png","width":400,"height":200,"caption":"Le commerce local \u00e0 Bruxelles - I shop in Brussels"},"image":{"@id":"https:\/\/ultraviolet.work\/_commercelocal\/#\/schema\/logo\/image\/"},"sameAs":["https:\/\/www.facebook.com\/ishopinbrussels\/"]}]}},"_links":{"self":[{"href":"https:\/\/ultraviolet.work\/_commercelocal\/wp-json\/wp\/v2\/project\/19256","targetHints":{"allow":["GET"]}}],"collection":[{"href":"https:\/\/ultraviolet.work\/_commercelocal\/wp-json\/wp\/v2\/project"}],"about":[{"href":"https:\/\/ultraviolet.work\/_commercelocal\/wp-json\/wp\/v2\/types\/project"}],"author":[{"embeddable":true,"href":"https:\/\/ultraviolet.work\/_commercelocal\/wp-json\/wp\/v2\/users\/5"}],"replies":[{"embeddable":true,"href":"https:\/\/ultraviolet.work\/_commercelocal\/wp-json\/wp\/v2\/comments?post=19256"}],"version-history":[{"count":0,"href":"https:\/\/ultraviolet.work\/_commercelocal\/wp-json\/wp\/v2\/project\/19256\/revisions"}],"wp:featuredmedia":[{"embeddable":true,"href":"https:\/\/ultraviolet.work\/_commercelocal\/wp-json\/wp\/v2\/media\/18925"}],"wp:attachment":[{"href":"https:\/\/ultraviolet.work\/_commercelocal\/wp-json\/wp\/v2\/media?parent=19256"}],"wp:term":[{"taxonomy":"project_category","embeddable":true,"href":"https:\/\/ultraviolet.work\/_commercelocal\/wp-json\/wp\/v2\/project_category?post=19256"},{"taxonomy":"project_tag","embeddable":true,"href":"https:\/\/ultraviolet.work\/_commercelocal\/wp-json\/wp\/v2\/project_tag?post=19256"},{"taxonomy":"wf_project_folders","embeddable":true,"href":"https:\/\/ultraviolet.work\/_commercelocal\/wp-json\/wp\/v2\/wf_project_folders?post=19256"}],"curies":[{"name":"wp","href":"https:\/\/api.w.org\/{rel}","templated":true}]}}

<h2>La ferme Nos Pilifs</h2>
<h5>Bar / Restaurant + Epicerie</h5>
<h4>Trassersweg 347, 1120 Bruxelles</h4>
<h5>Label : Qualité &#038; Savoir-faire</h5>
<h6><a href="https://www.fermenospilifs.be/" target="_blank" rel="noopener">https://www.fermenospilifs.be/</a></h6>
<p>La Ferme Nos Pilifs a pour mission première de procurer des emplois à 145 travailleurs en situation de handicap et pour la quarantaine de salariés qui les encadrent. Cette mission se décline dans toutes les activités de la ferme : alimentation durable, éco-jardinage, ateliers, parc animalier et bien sûr vente commerciale des produits de leur boulangerie artisanale bio, de leur pépinière ainsi qu&rsquo;un Estaminet qui vous accueillera à l&rsquo;issue de votre promenade dans le parc animalier de 5 hectares.</p>

<p>La ferme Nos Pilifs Bar / Restaurant + Epicerie Trassersweg 347, 1120 Bruxelles Label : Qualité &#038; Savoir-faire https://www.fermenospilifs.be/ La Ferme Nos Pilifs a pour mission première de procurer des emplois à 145 travailleurs en situation de handicap et pour la quarantaine de salariés qui les encadrent. Cette mission se décline dans toutes les activités [&hellip;]</p>

<!-- This site is optimized with the Yoast SEO plugin v27.5 - https://yoast.com/product/yoast-seo-wordpress/ -->
<title>La ferme Nos Pilifs - Le commerce local à Bruxelles</title>
<meta name="robots" content="noindex, follow" />
<meta property="og:locale" content="fr_FR" />
<meta property="og:type" content="article" />
<meta property="og:title" content="La ferme Nos Pilifs - Le commerce local à Bruxelles" />
<meta property="og:description" content="La ferme Nos Pilifs Bar / Restaurant + Epicerie Trassersweg 347, 1120 Bruxelles Label : Qualité &#038; Savoir-faire https://www.fermenospilifs.be/ La Ferme Nos Pilifs a pour mission première de procurer des emplois à 145 travailleurs en situation de handicap et pour la quarantaine de salariés qui les encadrent. Cette mission se décline dans toutes les activités [&hellip;]" />
<meta property="og:url" content="https://ultraviolet.work/_commercelocal/project/la-ferme-nos-pilifs/" />
<meta property="og:site_name" content="Le commerce local à Bruxelles" />
<meta property="article:publisher" content="https://www.facebook.com/ishopinbrussels/" />
<meta property="og:image" content="https://ultraviolet.work/_commercelocal/wp-content/uploads/2023/12/la-ferme-nos-pilifs-2-2023-1400.jpg" />
	<meta property="og:image:width" content="1400" />
	<meta property="og:image:height" content="980" />
	<meta property="og:image:type" content="image/jpeg" />
<meta name="twitter:card" content="summary_large_image" />
<script type="application/ld+json" class="yoast-schema-graph">{"@context":"https:\/\/schema.org","@graph":[{"@type":"WebPage","@id":"https:\/\/ultraviolet.work\/_commercelocal\/project\/la-ferme-nos-pilifs\/","url":"https:\/\/ultraviolet.work\/_commercelocal\/project\/la-ferme-nos-pilifs\/","name":"La ferme Nos Pilifs - Le commerce local à Bruxelles","isPartOf":{"@id":"https:\/\/ultraviolet.work\/_commercelocal\/#website"},"primaryImageOfPage":{"@id":"https:\/\/ultraviolet.work\/_commercelocal\/project\/la-ferme-nos-pilifs\/#primaryimage"},"image":{"@id":"https:\/\/ultraviolet.work\/_commercelocal\/project\/la-ferme-nos-pilifs\/#primaryimage"},"thumbnailUrl":"https:\/\/ultraviolet.work\/_commercelocal\/wp-content\/uploads\/2023\/12\/la-ferme-nos-pilifs-2-2023-1400.jpg","datePublished":"2023-12-05T08:37:33+00:00","breadcrumb":{"@id":"https:\/\/ultraviolet.work\/_commercelocal\/project\/la-ferme-nos-pilifs\/#breadcrumb"},"inLanguage":"fr-FR","potentialAction":[{"@type":"ReadAction","target":["https:\/\/ultraviolet.work\/_commercelocal\/project\/la-ferme-nos-pilifs\/"]}]},{"@type":"ImageObject","inLanguage":"fr-FR","@id":"https:\/\/ultraviolet.work\/_commercelocal\/project\/la-ferme-nos-pilifs\/#primaryimage","url":"https:\/\/ultraviolet.work\/_commercelocal\/wp-content\/uploads\/2023\/12\/la-ferme-nos-pilifs-2-2023-1400.jpg","contentUrl":"https:\/\/ultraviolet.work\/_commercelocal\/wp-content\/uploads\/2023\/12\/la-ferme-nos-pilifs-2-2023-1400.jpg","width":1400,"height":980},{"@type":"BreadcrumbList","@id":"https:\/\/ultraviolet.work\/_commercelocal\/project\/la-ferme-nos-pilifs\/#breadcrumb","itemListElement":[{"@type":"ListItem","position":1,"name":"Accueil","item":"https:\/\/ultraviolet.work\/_commercelocal\/"},{"@type":"ListItem","position":2,"name":"Projets","item":"https:\/\/ultraviolet.work\/_commercelocal\/project\/"},{"@type":"ListItem","position":3,"name":"La ferme Nos Pilifs"}]},{"@type":"WebSite","@id":"https:\/\/ultraviolet.work\/_commercelocal\/#website","url":"https:\/\/ultraviolet.work\/_commercelocal\/","name":"Le commerce local à Bruxelles","description":"","publisher":{"@id":"https:\/\/ultraviolet.work\/_commercelocal\/#organization"},"potentialAction":[{"@type":"SearchAction","target":{"@type":"EntryPoint","urlTemplate":"https:\/\/ultraviolet.work\/_commercelocal\/?s={search_term_string}"},"query-input":{"@type":"PropertyValueSpecification","valueRequired":true,"valueName":"search_term_string"}}],"inLanguage":"fr-FR"},{"@type":"Organization","@id":"https:\/\/ultraviolet.work\/_commercelocal\/#organization","name":"Le commerce local à Bruxelles - I shop in Brussels","url":"https:\/\/ultraviolet.work\/_commercelocal\/","logo":{"@type":"ImageObject","inLanguage":"fr-FR","@id":"https:\/\/ultraviolet.work\/_commercelocal\/#\/schema\/logo\/image\/","url":"https:\/\/ultraviolet.work\/_commercelocal\/wp-content\/uploads\/2020\/11\/IShopBrussels_w400.png","contentUrl":"https:\/\/ultraviolet.work\/_commercelocal\/wp-content\/uploads\/2020\/11\/IShopBrussels_w400.png","width":400,"height":200,"caption":"Le commerce local à Bruxelles - I shop in Brussels"},"image":{"@id":"https:\/\/ultraviolet.work\/_commercelocal\/#\/schema\/logo\/image\/"},"sameAs":["https:\/\/www.facebook.com\/ishopinbrussels\/"]}]}</script>
<!-- / Yoast SEO plugin. -->

La ferme Nos Pilifs - Le commerce local à Bruxelles

La ferme Nos Pilifs Bar / Restaurant + Epicerie Trassersweg 347, 1120 Bruxelles Label : Qualité &#038; Savoir-faire https://www.fermenospilifs.be/ La Ferme Nos Pilifs a pour mission première de procurer des emplois à 145 travailleurs en situation de handicap et pour la quarantaine de salariés qui les encadrent. Cette mission se décline dans toutes les activités [&hellip;]

Le commerce local à Bruxelles

Le commerce local à Bruxelles - I shop in Brussels
