{"id":14939,"date":"2022-04-22T16:19:22","date_gmt":"2022-04-22T14:19:22","guid":{"rendered":"https:\/\/ultraviolet.work\/_optionb\/project\/les-meubles-du-coeur\/"},"modified":"2022-04-22T16:19:22","modified_gmt":"2022-04-22T14:19:22","slug":"les-meubles-du-coeur","status":"publish","type":"project","link":"https:\/\/ultraviolet.work\/_optionb\/project\/les-meubles-du-coeur\/","title":{"rendered":"Les meubles du coeur"},"content":{"rendered":"<h2>Les meubles du coeur<\/h2>\n<h5>Brocante solidaire<\/h5>\n<h4>Rue des Capucins 26-28, 1000 Bruxelles<\/h4>\n<h6><a href=\"http:\/\/www.meublesducoeur.be\" target=\"_blank\" rel=\"noopener\">http:\/\/www.meublesducoeur.be<\/a><\/h6>\n<p>Les Meubles Du Coeur est une association \u00e0 but non lucratif. Sa mission : permettre aux familles les plus d\u00e9munies d&rsquo;apporter le confort que m\u00e9rites leurs foyers. Par la vente et le don de mobiliers Ils apportent leur soutien \u00e0 l&rsquo;\u00e9ducation en participant \u00e0 la construction d&rsquo;\u00e9coles.<\/p>\n","protected":false},"excerpt":{"rendered":"<p>Les meubles du coeur Brocante solidaire Rue des Capucins 26-28, 1000 Bruxelles http:\/\/www.meublesducoeur.be Les Meubles Du Coeur est une association \u00e0 but non lucratif. Sa mission : permettre aux familles les plus d\u00e9munies d&rsquo;apporter le confort que m\u00e9rites leurs foyers. Par la vente et le don de mobiliers Ils apportent leur soutien \u00e0 l&rsquo;\u00e9ducation en [&hellip;]<\/p>\n","protected":false},"author":1,"featured_media":6249,"comment_status":"closed","ping_status":"closed","template":"","meta":{"_et_pb_use_builder":"","_et_pb_old_content":"","_et_gb_content_width":"","inline_featured_image":false,"footnotes":""},"project_category":[1011],"project_tag":[],"wf_project_folders":[386],"class_list":["post-14939","project","type-project","status-publish","has-post-thumbnail","hentry","project_category-ob2-cheap"],"yoast_head":"<!-- This site is optimized with the Yoast SEO plugin v27.5 - https:\/\/yoast.com\/product\/yoast-seo-wordpress\/ -->\n<title>Les meubles du coeur - Option-B<\/title>\n<meta name=\"robots\" content=\"noindex, follow\" \/>\n<meta property=\"og:locale\" content=\"fr_FR\" \/>\n<meta property=\"og:type\" content=\"article\" \/>\n<meta property=\"og:title\" content=\"Les meubles du coeur - Option-B\" \/>\n<meta property=\"og:description\" content=\"Les meubles du coeur Brocante solidaire Rue des Capucins 26-28, 1000 Bruxelles http:\/\/www.meublesducoeur.be Les Meubles Du Coeur est une association \u00e0 but non lucratif. Sa mission : permettre aux familles les plus d\u00e9munies d&rsquo;apporter le confort que m\u00e9rites leurs foyers. Par la vente et le don de mobiliers Ils apportent leur soutien \u00e0 l&rsquo;\u00e9ducation en [&hellip;]\" \/>\n<meta property=\"og:url\" content=\"https:\/\/ultraviolet.work\/_optionb\/project\/les-meubles-du-coeur\/\" \/>\n<meta property=\"og:site_name\" content=\"Option-B\" \/>\n<meta property=\"og:image\" content=\"https:\/\/ultraviolet.work\/_optionb\/wp-content\/uploads\/2021\/12\/Les-meubles-du-coeur-027-SL-600.jpg\" \/>\n\t<meta property=\"og:image:width\" content=\"600\" \/>\n\t<meta property=\"og:image:height\" content=\"147\" \/>\n\t<meta property=\"og:image:type\" content=\"image\/jpeg\" \/>\n<meta name=\"twitter:card\" content=\"summary_large_image\" \/>\n<script type=\"application\/ld+json\" class=\"yoast-schema-graph\">{\"@context\":\"https:\\\/\\\/schema.org\",\"@graph\":[{\"@type\":\"WebPage\",\"@id\":\"https:\\\/\\\/ultraviolet.work\\\/_optionb\\\/project\\\/les-meubles-du-coeur\\\/\",\"url\":\"https:\\\/\\\/ultraviolet.work\\\/_optionb\\\/project\\\/les-meubles-du-coeur\\\/\",\"name\":\"Les meubles du coeur - Option-B\",\"isPartOf\":{\"@id\":\"https:\\\/\\\/ultraviolet.work\\\/_optionb\\\/#website\"},\"primaryImageOfPage\":{\"@id\":\"https:\\\/\\\/ultraviolet.work\\\/_optionb\\\/project\\\/les-meubles-du-coeur\\\/#primaryimage\"},\"image\":{\"@id\":\"https:\\\/\\\/ultraviolet.work\\\/_optionb\\\/project\\\/les-meubles-du-coeur\\\/#primaryimage\"},\"thumbnailUrl\":\"https:\\\/\\\/ultraviolet.work\\\/_optionb\\\/wp-content\\\/uploads\\\/2021\\\/12\\\/Les-meubles-du-coeur-027-SL-600.jpg\",\"datePublished\":\"2022-04-22T14:19:22+00:00\",\"breadcrumb\":{\"@id\":\"https:\\\/\\\/ultraviolet.work\\\/_optionb\\\/project\\\/les-meubles-du-coeur\\\/#breadcrumb\"},\"inLanguage\":\"fr-FR\",\"potentialAction\":[{\"@type\":\"ReadAction\",\"target\":[\"https:\\\/\\\/ultraviolet.work\\\/_optionb\\\/project\\\/les-meubles-du-coeur\\\/\"]}]},{\"@type\":\"ImageObject\",\"inLanguage\":\"fr-FR\",\"@id\":\"https:\\\/\\\/ultraviolet.work\\\/_optionb\\\/project\\\/les-meubles-du-coeur\\\/#primaryimage\",\"url\":\"https:\\\/\\\/ultraviolet.work\\\/_optionb\\\/wp-content\\\/uploads\\\/2021\\\/12\\\/Les-meubles-du-coeur-027-SL-600.jpg\",\"contentUrl\":\"https:\\\/\\\/ultraviolet.work\\\/_optionb\\\/wp-content\\\/uploads\\\/2021\\\/12\\\/Les-meubles-du-coeur-027-SL-600.jpg\",\"width\":600,\"height\":147},{\"@type\":\"BreadcrumbList\",\"@id\":\"https:\\\/\\\/ultraviolet.work\\\/_optionb\\\/project\\\/les-meubles-du-coeur\\\/#breadcrumb\",\"itemListElement\":[{\"@type\":\"ListItem\",\"position\":1,\"name\":\"Accueil\",\"item\":\"https:\\\/\\\/ultraviolet.work\\\/_optionb\\\/\"},{\"@type\":\"ListItem\",\"position\":2,\"name\":\"Projets\",\"item\":\"https:\\\/\\\/ultraviolet.work\\\/_optionb\\\/project\\\/\"},{\"@type\":\"ListItem\",\"position\":3,\"name\":\"Les meubles du coeur\"}]},{\"@type\":\"WebSite\",\"@id\":\"https:\\\/\\\/ultraviolet.work\\\/_optionb\\\/#website\",\"url\":\"https:\\\/\\\/ultraviolet.work\\\/_optionb\\\/\",\"name\":\"Option-B\",\"description\":\"\",\"publisher\":{\"@id\":\"https:\\\/\\\/ultraviolet.work\\\/_optionb\\\/#organization\"},\"potentialAction\":[{\"@type\":\"SearchAction\",\"target\":{\"@type\":\"EntryPoint\",\"urlTemplate\":\"https:\\\/\\\/ultraviolet.work\\\/_optionb\\\/?s={search_term_string}\"},\"query-input\":{\"@type\":\"PropertyValueSpecification\",\"valueRequired\":true,\"valueName\":\"search_term_string\"}}],\"inLanguage\":\"fr-FR\"},{\"@type\":\"Organization\",\"@id\":\"https:\\\/\\\/ultraviolet.work\\\/_optionb\\\/#organization\",\"name\":\"Option-B\",\"url\":\"https:\\\/\\\/ultraviolet.work\\\/_optionb\\\/\",\"logo\":{\"@type\":\"ImageObject\",\"inLanguage\":\"fr-FR\",\"@id\":\"https:\\\/\\\/ultraviolet.work\\\/_optionb\\\/#\\\/schema\\\/logo\\\/image\\\/\",\"url\":\"https:\\\/\\\/ultraviolet.work\\\/_optionb\\\/wp-content\\\/uploads\\\/2022\\\/02\\\/OptionB-B-gen-gris.png\",\"contentUrl\":\"https:\\\/\\\/ultraviolet.work\\\/_optionb\\\/wp-content\\\/uploads\\\/2022\\\/02\\\/OptionB-B-gen-gris.png\",\"width\":512,\"height\":512,\"caption\":\"Option-B\"},\"image\":{\"@id\":\"https:\\\/\\\/ultraviolet.work\\\/_optionb\\\/#\\\/schema\\\/logo\\\/image\\\/\"}}]}<\/script>\n<!-- \/ Yoast SEO plugin. -->","yoast_head_json":{"title":"Les meubles du coeur - Option-B","robots":{"index":"noindex","follow":"follow"},"og_locale":"fr_FR","og_type":"article","og_title":"Les meubles du coeur - Option-B","og_description":"Les meubles du coeur Brocante solidaire Rue des Capucins 26-28, 1000 Bruxelles http:\/\/www.meublesducoeur.be Les Meubles Du Coeur est une association \u00e0 but non lucratif. Sa mission : permettre aux familles les plus d\u00e9munies d&rsquo;apporter le confort que m\u00e9rites leurs foyers. Par la vente et le don de mobiliers Ils apportent leur soutien \u00e0 l&rsquo;\u00e9ducation en [&hellip;]","og_url":"https:\/\/ultraviolet.work\/_optionb\/project\/les-meubles-du-coeur\/","og_site_name":"Option-B","og_image":[{"width":600,"height":147,"url":"https:\/\/ultraviolet.work\/_optionb\/wp-content\/uploads\/2021\/12\/Les-meubles-du-coeur-027-SL-600.jpg","type":"image\/jpeg"}],"twitter_card":"summary_large_image","schema":{"@context":"https:\/\/schema.org","@graph":[{"@type":"WebPage","@id":"https:\/\/ultraviolet.work\/_optionb\/project\/les-meubles-du-coeur\/","url":"https:\/\/ultraviolet.work\/_optionb\/project\/les-meubles-du-coeur\/","name":"Les meubles du coeur - Option-B","isPartOf":{"@id":"https:\/\/ultraviolet.work\/_optionb\/#website"},"primaryImageOfPage":{"@id":"https:\/\/ultraviolet.work\/_optionb\/project\/les-meubles-du-coeur\/#primaryimage"},"image":{"@id":"https:\/\/ultraviolet.work\/_optionb\/project\/les-meubles-du-coeur\/#primaryimage"},"thumbnailUrl":"https:\/\/ultraviolet.work\/_optionb\/wp-content\/uploads\/2021\/12\/Les-meubles-du-coeur-027-SL-600.jpg","datePublished":"2022-04-22T14:19:22+00:00","breadcrumb":{"@id":"https:\/\/ultraviolet.work\/_optionb\/project\/les-meubles-du-coeur\/#breadcrumb"},"inLanguage":"fr-FR","potentialAction":[{"@type":"ReadAction","target":["https:\/\/ultraviolet.work\/_optionb\/project\/les-meubles-du-coeur\/"]}]},{"@type":"ImageObject","inLanguage":"fr-FR","@id":"https:\/\/ultraviolet.work\/_optionb\/project\/les-meubles-du-coeur\/#primaryimage","url":"https:\/\/ultraviolet.work\/_optionb\/wp-content\/uploads\/2021\/12\/Les-meubles-du-coeur-027-SL-600.jpg","contentUrl":"https:\/\/ultraviolet.work\/_optionb\/wp-content\/uploads\/2021\/12\/Les-meubles-du-coeur-027-SL-600.jpg","width":600,"height":147},{"@type":"BreadcrumbList","@id":"https:\/\/ultraviolet.work\/_optionb\/project\/les-meubles-du-coeur\/#breadcrumb","itemListElement":[{"@type":"ListItem","position":1,"name":"Accueil","item":"https:\/\/ultraviolet.work\/_optionb\/"},{"@type":"ListItem","position":2,"name":"Projets","item":"https:\/\/ultraviolet.work\/_optionb\/project\/"},{"@type":"ListItem","position":3,"name":"Les meubles du coeur"}]},{"@type":"WebSite","@id":"https:\/\/ultraviolet.work\/_optionb\/#website","url":"https:\/\/ultraviolet.work\/_optionb\/","name":"Option-B","description":"","publisher":{"@id":"https:\/\/ultraviolet.work\/_optionb\/#organization"},"potentialAction":[{"@type":"SearchAction","target":{"@type":"EntryPoint","urlTemplate":"https:\/\/ultraviolet.work\/_optionb\/?s={search_term_string}"},"query-input":{"@type":"PropertyValueSpecification","valueRequired":true,"valueName":"search_term_string"}}],"inLanguage":"fr-FR"},{"@type":"Organization","@id":"https:\/\/ultraviolet.work\/_optionb\/#organization","name":"Option-B","url":"https:\/\/ultraviolet.work\/_optionb\/","logo":{"@type":"ImageObject","inLanguage":"fr-FR","@id":"https:\/\/ultraviolet.work\/_optionb\/#\/schema\/logo\/image\/","url":"https:\/\/ultraviolet.work\/_optionb\/wp-content\/uploads\/2022\/02\/OptionB-B-gen-gris.png","contentUrl":"https:\/\/ultraviolet.work\/_optionb\/wp-content\/uploads\/2022\/02\/OptionB-B-gen-gris.png","width":512,"height":512,"caption":"Option-B"},"image":{"@id":"https:\/\/ultraviolet.work\/_optionb\/#\/schema\/logo\/image\/"}}]}},"_links":{"self":[{"href":"https:\/\/ultraviolet.work\/_optionb\/wp-json\/wp\/v2\/project\/14939","targetHints":{"allow":["GET"]}}],"collection":[{"href":"https:\/\/ultraviolet.work\/_optionb\/wp-json\/wp\/v2\/project"}],"about":[{"href":"https:\/\/ultraviolet.work\/_optionb\/wp-json\/wp\/v2\/types\/project"}],"author":[{"embeddable":true,"href":"https:\/\/ultraviolet.work\/_optionb\/wp-json\/wp\/v2\/users\/1"}],"replies":[{"embeddable":true,"href":"https:\/\/ultraviolet.work\/_optionb\/wp-json\/wp\/v2\/comments?post=14939"}],"version-history":[{"count":0,"href":"https:\/\/ultraviolet.work\/_optionb\/wp-json\/wp\/v2\/project\/14939\/revisions"}],"wp:featuredmedia":[{"embeddable":true,"href":"https:\/\/ultraviolet.work\/_optionb\/wp-json\/wp\/v2\/media\/6249"}],"wp:attachment":[{"href":"https:\/\/ultraviolet.work\/_optionb\/wp-json\/wp\/v2\/media?parent=14939"}],"wp:term":[{"taxonomy":"project_category","embeddable":true,"href":"https:\/\/ultraviolet.work\/_optionb\/wp-json\/wp\/v2\/project_category?post=14939"},{"taxonomy":"project_tag","embeddable":true,"href":"https:\/\/ultraviolet.work\/_optionb\/wp-json\/wp\/v2\/project_tag?post=14939"},{"taxonomy":"wf_project_folders","embeddable":true,"href":"https:\/\/ultraviolet.work\/_optionb\/wp-json\/wp\/v2\/wf_project_folders?post=14939"}],"curies":[{"name":"wp","href":"https:\/\/api.w.org\/{rel}","templated":true}]}}

<h2>Les meubles du coeur</h2>
<h5>Brocante solidaire</h5>
<h4>Rue des Capucins 26-28, 1000 Bruxelles</h4>
<h6><a href="http://www.meublesducoeur.be" target="_blank" rel="noopener">http://www.meublesducoeur.be</a></h6>
<p>Les Meubles Du Coeur est une association à but non lucratif. Sa mission : permettre aux familles les plus démunies d&rsquo;apporter le confort que mérites leurs foyers. Par la vente et le don de mobiliers Ils apportent leur soutien à l&rsquo;éducation en participant à la construction d&rsquo;écoles.</p>

<p>Les meubles du coeur Brocante solidaire Rue des Capucins 26-28, 1000 Bruxelles http://www.meublesducoeur.be Les Meubles Du Coeur est une association à but non lucratif. Sa mission : permettre aux familles les plus démunies d&rsquo;apporter le confort que mérites leurs foyers. Par la vente et le don de mobiliers Ils apportent leur soutien à l&rsquo;éducation en [&hellip;]</p>

<!-- This site is optimized with the Yoast SEO plugin v27.5 - https://yoast.com/product/yoast-seo-wordpress/ -->
<title>Les meubles du coeur - Option-B</title>
<meta name="robots" content="noindex, follow" />
<meta property="og:locale" content="fr_FR" />
<meta property="og:type" content="article" />
<meta property="og:title" content="Les meubles du coeur - Option-B" />
<meta property="og:description" content="Les meubles du coeur Brocante solidaire Rue des Capucins 26-28, 1000 Bruxelles http://www.meublesducoeur.be Les Meubles Du Coeur est une association à but non lucratif. Sa mission : permettre aux familles les plus démunies d&rsquo;apporter le confort que mérites leurs foyers. Par la vente et le don de mobiliers Ils apportent leur soutien à l&rsquo;éducation en [&hellip;]" />
<meta property="og:url" content="https://ultraviolet.work/_optionb/project/les-meubles-du-coeur/" />
<meta property="og:site_name" content="Option-B" />
<meta property="og:image" content="https://ultraviolet.work/_optionb/wp-content/uploads/2021/12/Les-meubles-du-coeur-027-SL-600.jpg" />
	<meta property="og:image:width" content="600" />
	<meta property="og:image:height" content="147" />
	<meta property="og:image:type" content="image/jpeg" />
<meta name="twitter:card" content="summary_large_image" />
<script type="application/ld+json" class="yoast-schema-graph">{"@context":"https:\/\/schema.org","@graph":[{"@type":"WebPage","@id":"https:\/\/ultraviolet.work\/_optionb\/project\/les-meubles-du-coeur\/","url":"https:\/\/ultraviolet.work\/_optionb\/project\/les-meubles-du-coeur\/","name":"Les meubles du coeur - Option-B","isPartOf":{"@id":"https:\/\/ultraviolet.work\/_optionb\/#website"},"primaryImageOfPage":{"@id":"https:\/\/ultraviolet.work\/_optionb\/project\/les-meubles-du-coeur\/#primaryimage"},"image":{"@id":"https:\/\/ultraviolet.work\/_optionb\/project\/les-meubles-du-coeur\/#primaryimage"},"thumbnailUrl":"https:\/\/ultraviolet.work\/_optionb\/wp-content\/uploads\/2021\/12\/Les-meubles-du-coeur-027-SL-600.jpg","datePublished":"2022-04-22T14:19:22+00:00","breadcrumb":{"@id":"https:\/\/ultraviolet.work\/_optionb\/project\/les-meubles-du-coeur\/#breadcrumb"},"inLanguage":"fr-FR","potentialAction":[{"@type":"ReadAction","target":["https:\/\/ultraviolet.work\/_optionb\/project\/les-meubles-du-coeur\/"]}]},{"@type":"ImageObject","inLanguage":"fr-FR","@id":"https:\/\/ultraviolet.work\/_optionb\/project\/les-meubles-du-coeur\/#primaryimage","url":"https:\/\/ultraviolet.work\/_optionb\/wp-content\/uploads\/2021\/12\/Les-meubles-du-coeur-027-SL-600.jpg","contentUrl":"https:\/\/ultraviolet.work\/_optionb\/wp-content\/uploads\/2021\/12\/Les-meubles-du-coeur-027-SL-600.jpg","width":600,"height":147},{"@type":"BreadcrumbList","@id":"https:\/\/ultraviolet.work\/_optionb\/project\/les-meubles-du-coeur\/#breadcrumb","itemListElement":[{"@type":"ListItem","position":1,"name":"Accueil","item":"https:\/\/ultraviolet.work\/_optionb\/"},{"@type":"ListItem","position":2,"name":"Projets","item":"https:\/\/ultraviolet.work\/_optionb\/project\/"},{"@type":"ListItem","position":3,"name":"Les meubles du coeur"}]},{"@type":"WebSite","@id":"https:\/\/ultraviolet.work\/_optionb\/#website","url":"https:\/\/ultraviolet.work\/_optionb\/","name":"Option-B","description":"","publisher":{"@id":"https:\/\/ultraviolet.work\/_optionb\/#organization"},"potentialAction":[{"@type":"SearchAction","target":{"@type":"EntryPoint","urlTemplate":"https:\/\/ultraviolet.work\/_optionb\/?s={search_term_string}"},"query-input":{"@type":"PropertyValueSpecification","valueRequired":true,"valueName":"search_term_string"}}],"inLanguage":"fr-FR"},{"@type":"Organization","@id":"https:\/\/ultraviolet.work\/_optionb\/#organization","name":"Option-B","url":"https:\/\/ultraviolet.work\/_optionb\/","logo":{"@type":"ImageObject","inLanguage":"fr-FR","@id":"https:\/\/ultraviolet.work\/_optionb\/#\/schema\/logo\/image\/","url":"https:\/\/ultraviolet.work\/_optionb\/wp-content\/uploads\/2022\/02\/OptionB-B-gen-gris.png","contentUrl":"https:\/\/ultraviolet.work\/_optionb\/wp-content\/uploads\/2022\/02\/OptionB-B-gen-gris.png","width":512,"height":512,"caption":"Option-B"},"image":{"@id":"https:\/\/ultraviolet.work\/_optionb\/#\/schema\/logo\/image\/"}}]}</script>
<!-- / Yoast SEO plugin. -->

Les meubles du coeur Brocante solidaire Rue des Capucins 26-28, 1000 Bruxelles http://www.meublesducoeur.be Les Meubles Du Coeur est une association à but non lucratif. Sa mission : permettre aux familles les plus démunies d&rsquo;apporter le confort que mérites leurs foyers. Par la vente et le don de mobiliers Ils apportent leur soutien à l&rsquo;éducation en [&hellip;]
