{"id":18123,"date":"2022-05-09T17:33:45","date_gmt":"2022-05-09T15:33:45","guid":{"rendered":"https:\/\/ultraviolet.work\/_optionb\/project\/living-room\/"},"modified":"2022-05-09T17:33:45","modified_gmt":"2022-05-09T15:33:45","slug":"living-room","status":"publish","type":"project","link":"https:\/\/ultraviolet.work\/_optionb\/project\/living-room\/","title":{"rendered":"Living Room"},"content":{"rendered":"<h2>Living Room<\/h2>\n<h5>Caf\u00e9<\/h5>\n<h4>Place Jean Rey 8, 1040 Bruxelles<\/h4>\n<h6><a href=\"http:\/\/www.livingroomdesign.eu\/\" target=\"_blank\" rel=\"noopener\">http:\/\/www.livingroomdesign.eu\/<\/a><\/h6>\n<p>En semaine, Living Room est ouvert de 12 \u00e0 15h. Tout est pr\u00e9par\u00e9 sur place, en collaboration avec des producteurs locaux en suivant les saisons. La carte change tous les jours et il y en a pour tous les go\u00fbts: au moins trois choix v\u00e9g\u00e9tariens et des options sans gluten et\/ ou sans lactose. Les cookies et le cheesecake au sp\u00e9culoos sont r\u00e9put\u00e9s. Vous pourrez \u00e9galement bruncher le samedi et le dimanche.<\/p>\n","protected":false},"excerpt":{"rendered":"<p>Living Room Caf\u00e9 Place Jean Rey 8, 1040 Bruxelles http:\/\/www.livingroomdesign.eu\/ En semaine, Living Room est ouvert de 12 \u00e0 15h. Tout est pr\u00e9par\u00e9 sur place, en collaboration avec des producteurs locaux en suivant les saisons. La carte change tous les jours et il y en a pour tous les go\u00fbts: au moins trois choix v\u00e9g\u00e9tariens [&hellip;]<\/p>\n","protected":false},"author":1,"featured_media":10829,"comment_status":"closed","ping_status":"closed","template":"","meta":{"_et_pb_use_builder":"","_et_pb_old_content":"","_et_gb_content_width":"","inline_featured_image":false,"footnotes":""},"project_category":[1070],"project_tag":[],"wf_project_folders":[549],"class_list":["post-18123","project","type-project","status-publish","has-post-thumbnail","hentry","project_category-ob3-pour-le-corps"],"yoast_head":"<!-- This site is optimized with the Yoast SEO plugin v27.5 - https:\/\/yoast.com\/product\/yoast-seo-wordpress\/ -->\n<title>Living Room - Option-B<\/title>\n<meta name=\"robots\" content=\"noindex, follow\" \/>\n<meta property=\"og:locale\" content=\"fr_FR\" \/>\n<meta property=\"og:type\" content=\"article\" \/>\n<meta property=\"og:title\" content=\"Living Room - Option-B\" \/>\n<meta property=\"og:description\" content=\"Living Room Caf\u00e9 Place Jean Rey 8, 1040 Bruxelles http:\/\/www.livingroomdesign.eu\/ En semaine, Living Room est ouvert de 12 \u00e0 15h. Tout est pr\u00e9par\u00e9 sur place, en collaboration avec des producteurs locaux en suivant les saisons. La carte change tous les jours et il y en a pour tous les go\u00fbts: au moins trois choix v\u00e9g\u00e9tariens [&hellip;]\" \/>\n<meta property=\"og:url\" content=\"https:\/\/ultraviolet.work\/_optionb\/project\/living-room\/\" \/>\n<meta property=\"og:site_name\" content=\"Option-B\" \/>\n<meta property=\"og:image\" content=\"https:\/\/ultraviolet.work\/_optionb\/wp-content\/uploads\/2022\/03\/living-room-600.jpg\" \/>\n\t<meta property=\"og:image:width\" content=\"600\" \/>\n\t<meta property=\"og:image:height\" content=\"400\" \/>\n\t<meta property=\"og:image:type\" content=\"image\/jpeg\" \/>\n<meta name=\"twitter:card\" content=\"summary_large_image\" \/>\n<script type=\"application\/ld+json\" class=\"yoast-schema-graph\">{\"@context\":\"https:\\\/\\\/schema.org\",\"@graph\":[{\"@type\":\"WebPage\",\"@id\":\"https:\\\/\\\/ultraviolet.work\\\/_optionb\\\/project\\\/living-room\\\/\",\"url\":\"https:\\\/\\\/ultraviolet.work\\\/_optionb\\\/project\\\/living-room\\\/\",\"name\":\"Living Room - Option-B\",\"isPartOf\":{\"@id\":\"https:\\\/\\\/ultraviolet.work\\\/_optionb\\\/#website\"},\"primaryImageOfPage\":{\"@id\":\"https:\\\/\\\/ultraviolet.work\\\/_optionb\\\/project\\\/living-room\\\/#primaryimage\"},\"image\":{\"@id\":\"https:\\\/\\\/ultraviolet.work\\\/_optionb\\\/project\\\/living-room\\\/#primaryimage\"},\"thumbnailUrl\":\"https:\\\/\\\/ultraviolet.work\\\/_optionb\\\/wp-content\\\/uploads\\\/2022\\\/03\\\/living-room-600.jpg\",\"datePublished\":\"2022-05-09T15:33:45+00:00\",\"breadcrumb\":{\"@id\":\"https:\\\/\\\/ultraviolet.work\\\/_optionb\\\/project\\\/living-room\\\/#breadcrumb\"},\"inLanguage\":\"fr-FR\",\"potentialAction\":[{\"@type\":\"ReadAction\",\"target\":[\"https:\\\/\\\/ultraviolet.work\\\/_optionb\\\/project\\\/living-room\\\/\"]}]},{\"@type\":\"ImageObject\",\"inLanguage\":\"fr-FR\",\"@id\":\"https:\\\/\\\/ultraviolet.work\\\/_optionb\\\/project\\\/living-room\\\/#primaryimage\",\"url\":\"https:\\\/\\\/ultraviolet.work\\\/_optionb\\\/wp-content\\\/uploads\\\/2022\\\/03\\\/living-room-600.jpg\",\"contentUrl\":\"https:\\\/\\\/ultraviolet.work\\\/_optionb\\\/wp-content\\\/uploads\\\/2022\\\/03\\\/living-room-600.jpg\",\"width\":600,\"height\":400},{\"@type\":\"BreadcrumbList\",\"@id\":\"https:\\\/\\\/ultraviolet.work\\\/_optionb\\\/project\\\/living-room\\\/#breadcrumb\",\"itemListElement\":[{\"@type\":\"ListItem\",\"position\":1,\"name\":\"Accueil\",\"item\":\"https:\\\/\\\/ultraviolet.work\\\/_optionb\\\/\"},{\"@type\":\"ListItem\",\"position\":2,\"name\":\"Projets\",\"item\":\"https:\\\/\\\/ultraviolet.work\\\/_optionb\\\/project\\\/\"},{\"@type\":\"ListItem\",\"position\":3,\"name\":\"Living Room\"}]},{\"@type\":\"WebSite\",\"@id\":\"https:\\\/\\\/ultraviolet.work\\\/_optionb\\\/#website\",\"url\":\"https:\\\/\\\/ultraviolet.work\\\/_optionb\\\/\",\"name\":\"Option-B\",\"description\":\"\",\"publisher\":{\"@id\":\"https:\\\/\\\/ultraviolet.work\\\/_optionb\\\/#organization\"},\"potentialAction\":[{\"@type\":\"SearchAction\",\"target\":{\"@type\":\"EntryPoint\",\"urlTemplate\":\"https:\\\/\\\/ultraviolet.work\\\/_optionb\\\/?s={search_term_string}\"},\"query-input\":{\"@type\":\"PropertyValueSpecification\",\"valueRequired\":true,\"valueName\":\"search_term_string\"}}],\"inLanguage\":\"fr-FR\"},{\"@type\":\"Organization\",\"@id\":\"https:\\\/\\\/ultraviolet.work\\\/_optionb\\\/#organization\",\"name\":\"Option-B\",\"url\":\"https:\\\/\\\/ultraviolet.work\\\/_optionb\\\/\",\"logo\":{\"@type\":\"ImageObject\",\"inLanguage\":\"fr-FR\",\"@id\":\"https:\\\/\\\/ultraviolet.work\\\/_optionb\\\/#\\\/schema\\\/logo\\\/image\\\/\",\"url\":\"https:\\\/\\\/ultraviolet.work\\\/_optionb\\\/wp-content\\\/uploads\\\/2022\\\/02\\\/OptionB-B-gen-gris.png\",\"contentUrl\":\"https:\\\/\\\/ultraviolet.work\\\/_optionb\\\/wp-content\\\/uploads\\\/2022\\\/02\\\/OptionB-B-gen-gris.png\",\"width\":512,\"height\":512,\"caption\":\"Option-B\"},\"image\":{\"@id\":\"https:\\\/\\\/ultraviolet.work\\\/_optionb\\\/#\\\/schema\\\/logo\\\/image\\\/\"}}]}<\/script>\n<!-- \/ Yoast SEO plugin. -->","yoast_head_json":{"title":"Living Room - Option-B","robots":{"index":"noindex","follow":"follow"},"og_locale":"fr_FR","og_type":"article","og_title":"Living Room - Option-B","og_description":"Living Room Caf\u00e9 Place Jean Rey 8, 1040 Bruxelles http:\/\/www.livingroomdesign.eu\/ En semaine, Living Room est ouvert de 12 \u00e0 15h. Tout est pr\u00e9par\u00e9 sur place, en collaboration avec des producteurs locaux en suivant les saisons. La carte change tous les jours et il y en a pour tous les go\u00fbts: au moins trois choix v\u00e9g\u00e9tariens [&hellip;]","og_url":"https:\/\/ultraviolet.work\/_optionb\/project\/living-room\/","og_site_name":"Option-B","og_image":[{"width":600,"height":400,"url":"https:\/\/ultraviolet.work\/_optionb\/wp-content\/uploads\/2022\/03\/living-room-600.jpg","type":"image\/jpeg"}],"twitter_card":"summary_large_image","schema":{"@context":"https:\/\/schema.org","@graph":[{"@type":"WebPage","@id":"https:\/\/ultraviolet.work\/_optionb\/project\/living-room\/","url":"https:\/\/ultraviolet.work\/_optionb\/project\/living-room\/","name":"Living Room - Option-B","isPartOf":{"@id":"https:\/\/ultraviolet.work\/_optionb\/#website"},"primaryImageOfPage":{"@id":"https:\/\/ultraviolet.work\/_optionb\/project\/living-room\/#primaryimage"},"image":{"@id":"https:\/\/ultraviolet.work\/_optionb\/project\/living-room\/#primaryimage"},"thumbnailUrl":"https:\/\/ultraviolet.work\/_optionb\/wp-content\/uploads\/2022\/03\/living-room-600.jpg","datePublished":"2022-05-09T15:33:45+00:00","breadcrumb":{"@id":"https:\/\/ultraviolet.work\/_optionb\/project\/living-room\/#breadcrumb"},"inLanguage":"fr-FR","potentialAction":[{"@type":"ReadAction","target":["https:\/\/ultraviolet.work\/_optionb\/project\/living-room\/"]}]},{"@type":"ImageObject","inLanguage":"fr-FR","@id":"https:\/\/ultraviolet.work\/_optionb\/project\/living-room\/#primaryimage","url":"https:\/\/ultraviolet.work\/_optionb\/wp-content\/uploads\/2022\/03\/living-room-600.jpg","contentUrl":"https:\/\/ultraviolet.work\/_optionb\/wp-content\/uploads\/2022\/03\/living-room-600.jpg","width":600,"height":400},{"@type":"BreadcrumbList","@id":"https:\/\/ultraviolet.work\/_optionb\/project\/living-room\/#breadcrumb","itemListElement":[{"@type":"ListItem","position":1,"name":"Accueil","item":"https:\/\/ultraviolet.work\/_optionb\/"},{"@type":"ListItem","position":2,"name":"Projets","item":"https:\/\/ultraviolet.work\/_optionb\/project\/"},{"@type":"ListItem","position":3,"name":"Living Room"}]},{"@type":"WebSite","@id":"https:\/\/ultraviolet.work\/_optionb\/#website","url":"https:\/\/ultraviolet.work\/_optionb\/","name":"Option-B","description":"","publisher":{"@id":"https:\/\/ultraviolet.work\/_optionb\/#organization"},"potentialAction":[{"@type":"SearchAction","target":{"@type":"EntryPoint","urlTemplate":"https:\/\/ultraviolet.work\/_optionb\/?s={search_term_string}"},"query-input":{"@type":"PropertyValueSpecification","valueRequired":true,"valueName":"search_term_string"}}],"inLanguage":"fr-FR"},{"@type":"Organization","@id":"https:\/\/ultraviolet.work\/_optionb\/#organization","name":"Option-B","url":"https:\/\/ultraviolet.work\/_optionb\/","logo":{"@type":"ImageObject","inLanguage":"fr-FR","@id":"https:\/\/ultraviolet.work\/_optionb\/#\/schema\/logo\/image\/","url":"https:\/\/ultraviolet.work\/_optionb\/wp-content\/uploads\/2022\/02\/OptionB-B-gen-gris.png","contentUrl":"https:\/\/ultraviolet.work\/_optionb\/wp-content\/uploads\/2022\/02\/OptionB-B-gen-gris.png","width":512,"height":512,"caption":"Option-B"},"image":{"@id":"https:\/\/ultraviolet.work\/_optionb\/#\/schema\/logo\/image\/"}}]}},"_links":{"self":[{"href":"https:\/\/ultraviolet.work\/_optionb\/wp-json\/wp\/v2\/project\/18123","targetHints":{"allow":["GET"]}}],"collection":[{"href":"https:\/\/ultraviolet.work\/_optionb\/wp-json\/wp\/v2\/project"}],"about":[{"href":"https:\/\/ultraviolet.work\/_optionb\/wp-json\/wp\/v2\/types\/project"}],"author":[{"embeddable":true,"href":"https:\/\/ultraviolet.work\/_optionb\/wp-json\/wp\/v2\/users\/1"}],"replies":[{"embeddable":true,"href":"https:\/\/ultraviolet.work\/_optionb\/wp-json\/wp\/v2\/comments?post=18123"}],"version-history":[{"count":0,"href":"https:\/\/ultraviolet.work\/_optionb\/wp-json\/wp\/v2\/project\/18123\/revisions"}],"wp:featuredmedia":[{"embeddable":true,"href":"https:\/\/ultraviolet.work\/_optionb\/wp-json\/wp\/v2\/media\/10829"}],"wp:attachment":[{"href":"https:\/\/ultraviolet.work\/_optionb\/wp-json\/wp\/v2\/media?parent=18123"}],"wp:term":[{"taxonomy":"project_category","embeddable":true,"href":"https:\/\/ultraviolet.work\/_optionb\/wp-json\/wp\/v2\/project_category?post=18123"},{"taxonomy":"project_tag","embeddable":true,"href":"https:\/\/ultraviolet.work\/_optionb\/wp-json\/wp\/v2\/project_tag?post=18123"},{"taxonomy":"wf_project_folders","embeddable":true,"href":"https:\/\/ultraviolet.work\/_optionb\/wp-json\/wp\/v2\/wf_project_folders?post=18123"}],"curies":[{"name":"wp","href":"https:\/\/api.w.org\/{rel}","templated":true}]}}

<h2>Living Room</h2>
<h5>Café</h5>
<h4>Place Jean Rey 8, 1040 Bruxelles</h4>
<h6><a href="http://www.livingroomdesign.eu/" target="_blank" rel="noopener">http://www.livingroomdesign.eu/</a></h6>
<p>En semaine, Living Room est ouvert de 12 à 15h. Tout est préparé sur place, en collaboration avec des producteurs locaux en suivant les saisons. La carte change tous les jours et il y en a pour tous les goûts: au moins trois choix végétariens et des options sans gluten et/ ou sans lactose. Les cookies et le cheesecake au spéculoos sont réputés. Vous pourrez également bruncher le samedi et le dimanche.</p>

<p>Living Room Café Place Jean Rey 8, 1040 Bruxelles http://www.livingroomdesign.eu/ En semaine, Living Room est ouvert de 12 à 15h. Tout est préparé sur place, en collaboration avec des producteurs locaux en suivant les saisons. La carte change tous les jours et il y en a pour tous les goûts: au moins trois choix végétariens [&hellip;]</p>

<!-- This site is optimized with the Yoast SEO plugin v27.5 - https://yoast.com/product/yoast-seo-wordpress/ -->
<title>Living Room - Option-B</title>
<meta name="robots" content="noindex, follow" />
<meta property="og:locale" content="fr_FR" />
<meta property="og:type" content="article" />
<meta property="og:title" content="Living Room - Option-B" />
<meta property="og:description" content="Living Room Café Place Jean Rey 8, 1040 Bruxelles http://www.livingroomdesign.eu/ En semaine, Living Room est ouvert de 12 à 15h. Tout est préparé sur place, en collaboration avec des producteurs locaux en suivant les saisons. La carte change tous les jours et il y en a pour tous les goûts: au moins trois choix végétariens [&hellip;]" />
<meta property="og:url" content="https://ultraviolet.work/_optionb/project/living-room/" />
<meta property="og:site_name" content="Option-B" />
<meta property="og:image" content="https://ultraviolet.work/_optionb/wp-content/uploads/2022/03/living-room-600.jpg" />
	<meta property="og:image:width" content="600" />
	<meta property="og:image:height" content="400" />
	<meta property="og:image:type" content="image/jpeg" />
<meta name="twitter:card" content="summary_large_image" />
<script type="application/ld+json" class="yoast-schema-graph">{"@context":"https:\/\/schema.org","@graph":[{"@type":"WebPage","@id":"https:\/\/ultraviolet.work\/_optionb\/project\/living-room\/","url":"https:\/\/ultraviolet.work\/_optionb\/project\/living-room\/","name":"Living Room - Option-B","isPartOf":{"@id":"https:\/\/ultraviolet.work\/_optionb\/#website"},"primaryImageOfPage":{"@id":"https:\/\/ultraviolet.work\/_optionb\/project\/living-room\/#primaryimage"},"image":{"@id":"https:\/\/ultraviolet.work\/_optionb\/project\/living-room\/#primaryimage"},"thumbnailUrl":"https:\/\/ultraviolet.work\/_optionb\/wp-content\/uploads\/2022\/03\/living-room-600.jpg","datePublished":"2022-05-09T15:33:45+00:00","breadcrumb":{"@id":"https:\/\/ultraviolet.work\/_optionb\/project\/living-room\/#breadcrumb"},"inLanguage":"fr-FR","potentialAction":[{"@type":"ReadAction","target":["https:\/\/ultraviolet.work\/_optionb\/project\/living-room\/"]}]},{"@type":"ImageObject","inLanguage":"fr-FR","@id":"https:\/\/ultraviolet.work\/_optionb\/project\/living-room\/#primaryimage","url":"https:\/\/ultraviolet.work\/_optionb\/wp-content\/uploads\/2022\/03\/living-room-600.jpg","contentUrl":"https:\/\/ultraviolet.work\/_optionb\/wp-content\/uploads\/2022\/03\/living-room-600.jpg","width":600,"height":400},{"@type":"BreadcrumbList","@id":"https:\/\/ultraviolet.work\/_optionb\/project\/living-room\/#breadcrumb","itemListElement":[{"@type":"ListItem","position":1,"name":"Accueil","item":"https:\/\/ultraviolet.work\/_optionb\/"},{"@type":"ListItem","position":2,"name":"Projets","item":"https:\/\/ultraviolet.work\/_optionb\/project\/"},{"@type":"ListItem","position":3,"name":"Living Room"}]},{"@type":"WebSite","@id":"https:\/\/ultraviolet.work\/_optionb\/#website","url":"https:\/\/ultraviolet.work\/_optionb\/","name":"Option-B","description":"","publisher":{"@id":"https:\/\/ultraviolet.work\/_optionb\/#organization"},"potentialAction":[{"@type":"SearchAction","target":{"@type":"EntryPoint","urlTemplate":"https:\/\/ultraviolet.work\/_optionb\/?s={search_term_string}"},"query-input":{"@type":"PropertyValueSpecification","valueRequired":true,"valueName":"search_term_string"}}],"inLanguage":"fr-FR"},{"@type":"Organization","@id":"https:\/\/ultraviolet.work\/_optionb\/#organization","name":"Option-B","url":"https:\/\/ultraviolet.work\/_optionb\/","logo":{"@type":"ImageObject","inLanguage":"fr-FR","@id":"https:\/\/ultraviolet.work\/_optionb\/#\/schema\/logo\/image\/","url":"https:\/\/ultraviolet.work\/_optionb\/wp-content\/uploads\/2022\/02\/OptionB-B-gen-gris.png","contentUrl":"https:\/\/ultraviolet.work\/_optionb\/wp-content\/uploads\/2022\/02\/OptionB-B-gen-gris.png","width":512,"height":512,"caption":"Option-B"},"image":{"@id":"https:\/\/ultraviolet.work\/_optionb\/#\/schema\/logo\/image\/"}}]}</script>
<!-- / Yoast SEO plugin. -->

Living Room Café Place Jean Rey 8, 1040 Bruxelles http://www.livingroomdesign.eu/ En semaine, Living Room est ouvert de 12 à 15h. Tout est préparé sur place, en collaboration avec des producteurs locaux en suivant les saisons. La carte change tous les jours et il y en a pour tous les goûts: au moins trois choix végétariens [&hellip;]
