{"id":20437,"date":"2022-07-18T13:37:51","date_gmt":"2022-07-18T11:37:51","guid":{"rendered":"https:\/\/ultraviolet.work\/_optionb\/project\/la-fondation-brel\/"},"modified":"2022-07-18T13:37:51","modified_gmt":"2022-07-18T11:37:51","slug":"la-fondation-brel","status":"publish","type":"project","link":"https:\/\/ultraviolet.work\/_optionb\/project\/la-fondation-brel\/","title":{"rendered":"La Fondation Brel"},"content":{"rendered":"<h2>La Fondation Brel<\/h2>\n<h5><\/h5>\n<h4>Pl. de la Vieille Halle aux Bl\u00e9s, 1000 Bruxelles<\/h4>\n<h6><a href=\"https:\/\/fondationbrel.be\/visite-individuelle\/\" target=\"_blank\" rel=\"noopener\">https:\/\/fondationbrel.be\/visite-individuelle\/<\/a><\/h6>\n<p>Les fans de Jacques Brel (mais pas seulement) peuvent s\u2019arrimer \u00e0 un parcours avec audioguide dans les rues et places du centre-ville. La balade (5 km) est rythm\u00e9e par des commentaires de t\u00e9moins, des interviews et des extraits de chansons. L\u2019occasion de s\u2019impr\u00e9gner de l\u2019\u00e9poque de Brel : les lieux de ses premiers concerts, les caf\u00e9s et restaurants qu&rsquo;il fr\u00e9quentait et o\u00f9 il griffonnait des paroles sur un coin de table. On savoure la promenade \u00e0 son rythme en ajoutant boissons et\/ou repas en conservant l&rsquo;audioguide \u00e0 cet effet durant quatre heures.<\/p>\n","protected":false},"excerpt":{"rendered":"<p>La Fondation Brel Pl. de la Vieille Halle aux Bl\u00e9s, 1000 Bruxelles https:\/\/fondationbrel.be\/visite-individuelle\/ Les fans de Jacques Brel (mais pas seulement) peuvent s\u2019arrimer \u00e0 un parcours avec audioguide dans les rues et places du centre-ville. La balade (5 km) est rythm\u00e9e par des commentaires de t\u00e9moins, des interviews et des extraits de chansons. L\u2019occasion de [&hellip;]<\/p>\n","protected":false},"author":1,"featured_media":19911,"comment_status":"closed","ping_status":"closed","template":"","meta":{"_et_pb_use_builder":"","_et_pb_old_content":"","_et_gb_content_width":"","inline_featured_image":false,"footnotes":""},"project_category":[1286],"project_tag":[],"wf_project_folders":[1284],"class_list":["post-20437","project","type-project","status-publish","has-post-thumbnail","hentry","project_category-balades-a-pied"],"yoast_head":"<!-- This site is optimized with the Yoast SEO plugin v27.5 - https:\/\/yoast.com\/product\/yoast-seo-wordpress\/ -->\n<title>La Fondation Brel - Option-B<\/title>\n<meta name=\"robots\" content=\"noindex, follow\" \/>\n<meta property=\"og:locale\" content=\"fr_FR\" \/>\n<meta property=\"og:type\" content=\"article\" \/>\n<meta property=\"og:title\" content=\"La Fondation Brel - Option-B\" \/>\n<meta property=\"og:description\" content=\"La Fondation Brel Pl. de la Vieille Halle aux Bl\u00e9s, 1000 Bruxelles https:\/\/fondationbrel.be\/visite-individuelle\/ Les fans de Jacques Brel (mais pas seulement) peuvent s\u2019arrimer \u00e0 un parcours avec audioguide dans les rues et places du centre-ville. La balade (5 km) est rythm\u00e9e par des commentaires de t\u00e9moins, des interviews et des extraits de chansons. L\u2019occasion de [&hellip;]\" \/>\n<meta property=\"og:url\" content=\"https:\/\/ultraviolet.work\/_optionb\/project\/la-fondation-brel\/\" \/>\n<meta property=\"og:site_name\" content=\"Option-B\" \/>\n<meta property=\"og:image\" content=\"https:\/\/ultraviolet.work\/_optionb\/wp-content\/uploads\/2022\/07\/la-fondation-brel-600.jpg\" \/>\n\t<meta property=\"og:image:width\" content=\"600\" \/>\n\t<meta property=\"og:image:height\" content=\"436\" \/>\n\t<meta property=\"og:image:type\" content=\"image\/jpeg\" \/>\n<meta name=\"twitter:card\" content=\"summary_large_image\" \/>\n<meta name=\"twitter:label1\" content=\"Dur\u00e9e de lecture estim\u00e9e\" \/>\n\t<meta name=\"twitter:data1\" content=\"1 minute\" \/>\n<script type=\"application\/ld+json\" class=\"yoast-schema-graph\">{\"@context\":\"https:\\\/\\\/schema.org\",\"@graph\":[{\"@type\":\"WebPage\",\"@id\":\"https:\\\/\\\/ultraviolet.work\\\/_optionb\\\/project\\\/la-fondation-brel\\\/\",\"url\":\"https:\\\/\\\/ultraviolet.work\\\/_optionb\\\/project\\\/la-fondation-brel\\\/\",\"name\":\"La Fondation Brel - Option-B\",\"isPartOf\":{\"@id\":\"https:\\\/\\\/ultraviolet.work\\\/_optionb\\\/#website\"},\"primaryImageOfPage\":{\"@id\":\"https:\\\/\\\/ultraviolet.work\\\/_optionb\\\/project\\\/la-fondation-brel\\\/#primaryimage\"},\"image\":{\"@id\":\"https:\\\/\\\/ultraviolet.work\\\/_optionb\\\/project\\\/la-fondation-brel\\\/#primaryimage\"},\"thumbnailUrl\":\"https:\\\/\\\/ultraviolet.work\\\/_optionb\\\/wp-content\\\/uploads\\\/2022\\\/07\\\/la-fondation-brel-600.jpg\",\"datePublished\":\"2022-07-18T11:37:51+00:00\",\"breadcrumb\":{\"@id\":\"https:\\\/\\\/ultraviolet.work\\\/_optionb\\\/project\\\/la-fondation-brel\\\/#breadcrumb\"},\"inLanguage\":\"fr-FR\",\"potentialAction\":[{\"@type\":\"ReadAction\",\"target\":[\"https:\\\/\\\/ultraviolet.work\\\/_optionb\\\/project\\\/la-fondation-brel\\\/\"]}]},{\"@type\":\"ImageObject\",\"inLanguage\":\"fr-FR\",\"@id\":\"https:\\\/\\\/ultraviolet.work\\\/_optionb\\\/project\\\/la-fondation-brel\\\/#primaryimage\",\"url\":\"https:\\\/\\\/ultraviolet.work\\\/_optionb\\\/wp-content\\\/uploads\\\/2022\\\/07\\\/la-fondation-brel-600.jpg\",\"contentUrl\":\"https:\\\/\\\/ultraviolet.work\\\/_optionb\\\/wp-content\\\/uploads\\\/2022\\\/07\\\/la-fondation-brel-600.jpg\",\"width\":600,\"height\":436},{\"@type\":\"BreadcrumbList\",\"@id\":\"https:\\\/\\\/ultraviolet.work\\\/_optionb\\\/project\\\/la-fondation-brel\\\/#breadcrumb\",\"itemListElement\":[{\"@type\":\"ListItem\",\"position\":1,\"name\":\"Accueil\",\"item\":\"https:\\\/\\\/ultraviolet.work\\\/_optionb\\\/\"},{\"@type\":\"ListItem\",\"position\":2,\"name\":\"Projets\",\"item\":\"https:\\\/\\\/ultraviolet.work\\\/_optionb\\\/project\\\/\"},{\"@type\":\"ListItem\",\"position\":3,\"name\":\"La Fondation Brel\"}]},{\"@type\":\"WebSite\",\"@id\":\"https:\\\/\\\/ultraviolet.work\\\/_optionb\\\/#website\",\"url\":\"https:\\\/\\\/ultraviolet.work\\\/_optionb\\\/\",\"name\":\"Option-B\",\"description\":\"\",\"publisher\":{\"@id\":\"https:\\\/\\\/ultraviolet.work\\\/_optionb\\\/#organization\"},\"potentialAction\":[{\"@type\":\"SearchAction\",\"target\":{\"@type\":\"EntryPoint\",\"urlTemplate\":\"https:\\\/\\\/ultraviolet.work\\\/_optionb\\\/?s={search_term_string}\"},\"query-input\":{\"@type\":\"PropertyValueSpecification\",\"valueRequired\":true,\"valueName\":\"search_term_string\"}}],\"inLanguage\":\"fr-FR\"},{\"@type\":\"Organization\",\"@id\":\"https:\\\/\\\/ultraviolet.work\\\/_optionb\\\/#organization\",\"name\":\"Option-B\",\"url\":\"https:\\\/\\\/ultraviolet.work\\\/_optionb\\\/\",\"logo\":{\"@type\":\"ImageObject\",\"inLanguage\":\"fr-FR\",\"@id\":\"https:\\\/\\\/ultraviolet.work\\\/_optionb\\\/#\\\/schema\\\/logo\\\/image\\\/\",\"url\":\"https:\\\/\\\/ultraviolet.work\\\/_optionb\\\/wp-content\\\/uploads\\\/2022\\\/02\\\/OptionB-B-gen-gris.png\",\"contentUrl\":\"https:\\\/\\\/ultraviolet.work\\\/_optionb\\\/wp-content\\\/uploads\\\/2022\\\/02\\\/OptionB-B-gen-gris.png\",\"width\":512,\"height\":512,\"caption\":\"Option-B\"},\"image\":{\"@id\":\"https:\\\/\\\/ultraviolet.work\\\/_optionb\\\/#\\\/schema\\\/logo\\\/image\\\/\"}}]}<\/script>\n<!-- \/ Yoast SEO plugin. -->","yoast_head_json":{"title":"La Fondation Brel - Option-B","robots":{"index":"noindex","follow":"follow"},"og_locale":"fr_FR","og_type":"article","og_title":"La Fondation Brel - Option-B","og_description":"La Fondation Brel Pl. de la Vieille Halle aux Bl\u00e9s, 1000 Bruxelles https:\/\/fondationbrel.be\/visite-individuelle\/ Les fans de Jacques Brel (mais pas seulement) peuvent s\u2019arrimer \u00e0 un parcours avec audioguide dans les rues et places du centre-ville. La balade (5 km) est rythm\u00e9e par des commentaires de t\u00e9moins, des interviews et des extraits de chansons. L\u2019occasion de [&hellip;]","og_url":"https:\/\/ultraviolet.work\/_optionb\/project\/la-fondation-brel\/","og_site_name":"Option-B","og_image":[{"width":600,"height":436,"url":"https:\/\/ultraviolet.work\/_optionb\/wp-content\/uploads\/2022\/07\/la-fondation-brel-600.jpg","type":"image\/jpeg"}],"twitter_card":"summary_large_image","twitter_misc":{"Dur\u00e9e de lecture estim\u00e9e":"1 minute"},"schema":{"@context":"https:\/\/schema.org","@graph":[{"@type":"WebPage","@id":"https:\/\/ultraviolet.work\/_optionb\/project\/la-fondation-brel\/","url":"https:\/\/ultraviolet.work\/_optionb\/project\/la-fondation-brel\/","name":"La Fondation Brel - Option-B","isPartOf":{"@id":"https:\/\/ultraviolet.work\/_optionb\/#website"},"primaryImageOfPage":{"@id":"https:\/\/ultraviolet.work\/_optionb\/project\/la-fondation-brel\/#primaryimage"},"image":{"@id":"https:\/\/ultraviolet.work\/_optionb\/project\/la-fondation-brel\/#primaryimage"},"thumbnailUrl":"https:\/\/ultraviolet.work\/_optionb\/wp-content\/uploads\/2022\/07\/la-fondation-brel-600.jpg","datePublished":"2022-07-18T11:37:51+00:00","breadcrumb":{"@id":"https:\/\/ultraviolet.work\/_optionb\/project\/la-fondation-brel\/#breadcrumb"},"inLanguage":"fr-FR","potentialAction":[{"@type":"ReadAction","target":["https:\/\/ultraviolet.work\/_optionb\/project\/la-fondation-brel\/"]}]},{"@type":"ImageObject","inLanguage":"fr-FR","@id":"https:\/\/ultraviolet.work\/_optionb\/project\/la-fondation-brel\/#primaryimage","url":"https:\/\/ultraviolet.work\/_optionb\/wp-content\/uploads\/2022\/07\/la-fondation-brel-600.jpg","contentUrl":"https:\/\/ultraviolet.work\/_optionb\/wp-content\/uploads\/2022\/07\/la-fondation-brel-600.jpg","width":600,"height":436},{"@type":"BreadcrumbList","@id":"https:\/\/ultraviolet.work\/_optionb\/project\/la-fondation-brel\/#breadcrumb","itemListElement":[{"@type":"ListItem","position":1,"name":"Accueil","item":"https:\/\/ultraviolet.work\/_optionb\/"},{"@type":"ListItem","position":2,"name":"Projets","item":"https:\/\/ultraviolet.work\/_optionb\/project\/"},{"@type":"ListItem","position":3,"name":"La Fondation Brel"}]},{"@type":"WebSite","@id":"https:\/\/ultraviolet.work\/_optionb\/#website","url":"https:\/\/ultraviolet.work\/_optionb\/","name":"Option-B","description":"","publisher":{"@id":"https:\/\/ultraviolet.work\/_optionb\/#organization"},"potentialAction":[{"@type":"SearchAction","target":{"@type":"EntryPoint","urlTemplate":"https:\/\/ultraviolet.work\/_optionb\/?s={search_term_string}"},"query-input":{"@type":"PropertyValueSpecification","valueRequired":true,"valueName":"search_term_string"}}],"inLanguage":"fr-FR"},{"@type":"Organization","@id":"https:\/\/ultraviolet.work\/_optionb\/#organization","name":"Option-B","url":"https:\/\/ultraviolet.work\/_optionb\/","logo":{"@type":"ImageObject","inLanguage":"fr-FR","@id":"https:\/\/ultraviolet.work\/_optionb\/#\/schema\/logo\/image\/","url":"https:\/\/ultraviolet.work\/_optionb\/wp-content\/uploads\/2022\/02\/OptionB-B-gen-gris.png","contentUrl":"https:\/\/ultraviolet.work\/_optionb\/wp-content\/uploads\/2022\/02\/OptionB-B-gen-gris.png","width":512,"height":512,"caption":"Option-B"},"image":{"@id":"https:\/\/ultraviolet.work\/_optionb\/#\/schema\/logo\/image\/"}}]}},"_links":{"self":[{"href":"https:\/\/ultraviolet.work\/_optionb\/wp-json\/wp\/v2\/project\/20437","targetHints":{"allow":["GET"]}}],"collection":[{"href":"https:\/\/ultraviolet.work\/_optionb\/wp-json\/wp\/v2\/project"}],"about":[{"href":"https:\/\/ultraviolet.work\/_optionb\/wp-json\/wp\/v2\/types\/project"}],"author":[{"embeddable":true,"href":"https:\/\/ultraviolet.work\/_optionb\/wp-json\/wp\/v2\/users\/1"}],"replies":[{"embeddable":true,"href":"https:\/\/ultraviolet.work\/_optionb\/wp-json\/wp\/v2\/comments?post=20437"}],"version-history":[{"count":0,"href":"https:\/\/ultraviolet.work\/_optionb\/wp-json\/wp\/v2\/project\/20437\/revisions"}],"wp:featuredmedia":[{"embeddable":true,"href":"https:\/\/ultraviolet.work\/_optionb\/wp-json\/wp\/v2\/media\/19911"}],"wp:attachment":[{"href":"https:\/\/ultraviolet.work\/_optionb\/wp-json\/wp\/v2\/media?parent=20437"}],"wp:term":[{"taxonomy":"project_category","embeddable":true,"href":"https:\/\/ultraviolet.work\/_optionb\/wp-json\/wp\/v2\/project_category?post=20437"},{"taxonomy":"project_tag","embeddable":true,"href":"https:\/\/ultraviolet.work\/_optionb\/wp-json\/wp\/v2\/project_tag?post=20437"},{"taxonomy":"wf_project_folders","embeddable":true,"href":"https:\/\/ultraviolet.work\/_optionb\/wp-json\/wp\/v2\/wf_project_folders?post=20437"}],"curies":[{"name":"wp","href":"https:\/\/api.w.org\/{rel}","templated":true}]}}

<h2>La Fondation Brel</h2>
<h5></h5>
<h4>Pl. de la Vieille Halle aux Blés, 1000 Bruxelles</h4>
<h6><a href="https://fondationbrel.be/visite-individuelle/" target="_blank" rel="noopener">https://fondationbrel.be/visite-individuelle/</a></h6>
<p>Les fans de Jacques Brel (mais pas seulement) peuvent s’arrimer à un parcours avec audioguide dans les rues et places du centre-ville. La balade (5 km) est rythmée par des commentaires de témoins, des interviews et des extraits de chansons. L’occasion de s’imprégner de l’époque de Brel : les lieux de ses premiers concerts, les cafés et restaurants qu&rsquo;il fréquentait et où il griffonnait des paroles sur un coin de table. On savoure la promenade à son rythme en ajoutant boissons et/ou repas en conservant l&rsquo;audioguide à cet effet durant quatre heures.</p>

<p>La Fondation Brel Pl. de la Vieille Halle aux Blés, 1000 Bruxelles https://fondationbrel.be/visite-individuelle/ Les fans de Jacques Brel (mais pas seulement) peuvent s’arrimer à un parcours avec audioguide dans les rues et places du centre-ville. La balade (5 km) est rythmée par des commentaires de témoins, des interviews et des extraits de chansons. L’occasion de [&hellip;]</p>

<!-- This site is optimized with the Yoast SEO plugin v27.5 - https://yoast.com/product/yoast-seo-wordpress/ -->
<title>La Fondation Brel - Option-B</title>
<meta name="robots" content="noindex, follow" />
<meta property="og:locale" content="fr_FR" />
<meta property="og:type" content="article" />
<meta property="og:title" content="La Fondation Brel - Option-B" />
<meta property="og:description" content="La Fondation Brel Pl. de la Vieille Halle aux Blés, 1000 Bruxelles https://fondationbrel.be/visite-individuelle/ Les fans de Jacques Brel (mais pas seulement) peuvent s’arrimer à un parcours avec audioguide dans les rues et places du centre-ville. La balade (5 km) est rythmée par des commentaires de témoins, des interviews et des extraits de chansons. L’occasion de [&hellip;]" />
<meta property="og:url" content="https://ultraviolet.work/_optionb/project/la-fondation-brel/" />
<meta property="og:site_name" content="Option-B" />
<meta property="og:image" content="https://ultraviolet.work/_optionb/wp-content/uploads/2022/07/la-fondation-brel-600.jpg" />
	<meta property="og:image:width" content="600" />
	<meta property="og:image:height" content="436" />
	<meta property="og:image:type" content="image/jpeg" />
<meta name="twitter:card" content="summary_large_image" />
<meta name="twitter:label1" content="Durée de lecture estimée" />
	<meta name="twitter:data1" content="1 minute" />
<script type="application/ld+json" class="yoast-schema-graph">{"@context":"https:\/\/schema.org","@graph":[{"@type":"WebPage","@id":"https:\/\/ultraviolet.work\/_optionb\/project\/la-fondation-brel\/","url":"https:\/\/ultraviolet.work\/_optionb\/project\/la-fondation-brel\/","name":"La Fondation Brel - Option-B","isPartOf":{"@id":"https:\/\/ultraviolet.work\/_optionb\/#website"},"primaryImageOfPage":{"@id":"https:\/\/ultraviolet.work\/_optionb\/project\/la-fondation-brel\/#primaryimage"},"image":{"@id":"https:\/\/ultraviolet.work\/_optionb\/project\/la-fondation-brel\/#primaryimage"},"thumbnailUrl":"https:\/\/ultraviolet.work\/_optionb\/wp-content\/uploads\/2022\/07\/la-fondation-brel-600.jpg","datePublished":"2022-07-18T11:37:51+00:00","breadcrumb":{"@id":"https:\/\/ultraviolet.work\/_optionb\/project\/la-fondation-brel\/#breadcrumb"},"inLanguage":"fr-FR","potentialAction":[{"@type":"ReadAction","target":["https:\/\/ultraviolet.work\/_optionb\/project\/la-fondation-brel\/"]}]},{"@type":"ImageObject","inLanguage":"fr-FR","@id":"https:\/\/ultraviolet.work\/_optionb\/project\/la-fondation-brel\/#primaryimage","url":"https:\/\/ultraviolet.work\/_optionb\/wp-content\/uploads\/2022\/07\/la-fondation-brel-600.jpg","contentUrl":"https:\/\/ultraviolet.work\/_optionb\/wp-content\/uploads\/2022\/07\/la-fondation-brel-600.jpg","width":600,"height":436},{"@type":"BreadcrumbList","@id":"https:\/\/ultraviolet.work\/_optionb\/project\/la-fondation-brel\/#breadcrumb","itemListElement":[{"@type":"ListItem","position":1,"name":"Accueil","item":"https:\/\/ultraviolet.work\/_optionb\/"},{"@type":"ListItem","position":2,"name":"Projets","item":"https:\/\/ultraviolet.work\/_optionb\/project\/"},{"@type":"ListItem","position":3,"name":"La Fondation Brel"}]},{"@type":"WebSite","@id":"https:\/\/ultraviolet.work\/_optionb\/#website","url":"https:\/\/ultraviolet.work\/_optionb\/","name":"Option-B","description":"","publisher":{"@id":"https:\/\/ultraviolet.work\/_optionb\/#organization"},"potentialAction":[{"@type":"SearchAction","target":{"@type":"EntryPoint","urlTemplate":"https:\/\/ultraviolet.work\/_optionb\/?s={search_term_string}"},"query-input":{"@type":"PropertyValueSpecification","valueRequired":true,"valueName":"search_term_string"}}],"inLanguage":"fr-FR"},{"@type":"Organization","@id":"https:\/\/ultraviolet.work\/_optionb\/#organization","name":"Option-B","url":"https:\/\/ultraviolet.work\/_optionb\/","logo":{"@type":"ImageObject","inLanguage":"fr-FR","@id":"https:\/\/ultraviolet.work\/_optionb\/#\/schema\/logo\/image\/","url":"https:\/\/ultraviolet.work\/_optionb\/wp-content\/uploads\/2022\/02\/OptionB-B-gen-gris.png","contentUrl":"https:\/\/ultraviolet.work\/_optionb\/wp-content\/uploads\/2022\/02\/OptionB-B-gen-gris.png","width":512,"height":512,"caption":"Option-B"},"image":{"@id":"https:\/\/ultraviolet.work\/_optionb\/#\/schema\/logo\/image\/"}}]}</script>
<!-- / Yoast SEO plugin. -->

La Fondation Brel Pl. de la Vieille Halle aux Blés, 1000 Bruxelles https://fondationbrel.be/visite-individuelle/ Les fans de Jacques Brel (mais pas seulement) peuvent s’arrimer à un parcours avec audioguide dans les rues et places du centre-ville. La balade (5 km) est rythmée par des commentaires de témoins, des interviews et des extraits de chansons. L’occasion de [&hellip;]
