{"id":20449,"date":"2022-07-18T13:38:07","date_gmt":"2022-07-18T11:38:07","guid":{"rendered":"https:\/\/ultraviolet.work\/_optionb\/project\/la-promenade-verte\/"},"modified":"2022-07-18T13:38:07","modified_gmt":"2022-07-18T11:38:07","slug":"la-promenade-verte","status":"publish","type":"project","link":"https:\/\/ultraviolet.work\/_optionb\/project\/la-promenade-verte\/","title":{"rendered":"La Promenade verte"},"content":{"rendered":"<h2>La Promenade verte<\/h2>\n<h5><\/h5>\n<h4><\/h4>\n<h6><a href=\"https:\/\/environnement.brussels\/thematiques\/espaces-verts-et-biodiversite\/la-promenade-verte\" target=\"_blank\" rel=\"noopener\">https:\/\/environnement.brussels\/thematiques\/espaces-verts-et-biodiversite\/la-promenade-verte<\/a><\/h6>\n<p>Longue de 60 km, la promenade verte passe par le plateau du Heysel et les parcs royaux. Elle est divis\u00e9e en 7 sections qui incarnent les facettes des paysages de la r\u00e9gion bruxelloise. Outre la d\u00e9couverte des espaces verts bruxellois, ces tron\u00e7ons parcourent une multitude de paysages : urbains, ruraux, industriels&#8230; Bien am\u00e9nag\u00e9e, la promenade verte emm\u00e8ne la plupart du temps sur des pistes cyclables. Gr\u00e2ce aux panneaux qui balisent le parcours, pas besoin de carte pour la suivre. Les plus aguerris la feront en une journ\u00e9e, ou en deux jours avec une nuit \u00e0 l\u2019h\u00f4tel ou chez des amis.<\/p>\n","protected":false},"excerpt":{"rendered":"<p>La Promenade verte https:\/\/environnement.brussels\/thematiques\/espaces-verts-et-biodiversite\/la-promenade-verte Longue de 60 km, la promenade verte passe par le plateau du Heysel et les parcs royaux. Elle est divis\u00e9e en 7 sections qui incarnent les facettes des paysages de la r\u00e9gion bruxelloise. Outre la d\u00e9couverte des espaces verts bruxellois, ces tron\u00e7ons parcourent une multitude de paysages : urbains, ruraux, industriels&#8230; [&hellip;]<\/p>\n","protected":false},"author":1,"featured_media":19912,"comment_status":"closed","ping_status":"closed","template":"","meta":{"_et_pb_use_builder":"","_et_pb_old_content":"","_et_gb_content_width":"","inline_featured_image":false,"footnotes":""},"project_category":[1288],"project_tag":[],"wf_project_folders":[1284],"class_list":["post-20449","project","type-project","status-publish","has-post-thumbnail","hentry","project_category-balades-a-velo"],"yoast_head":"<!-- This site is optimized with the Yoast SEO plugin v27.5 - https:\/\/yoast.com\/product\/yoast-seo-wordpress\/ -->\n<title>La Promenade verte - Option-B<\/title>\n<meta name=\"robots\" content=\"noindex, follow\" \/>\n<meta property=\"og:locale\" content=\"fr_FR\" \/>\n<meta property=\"og:type\" content=\"article\" \/>\n<meta property=\"og:title\" content=\"La Promenade verte - Option-B\" \/>\n<meta property=\"og:description\" content=\"La Promenade verte https:\/\/environnement.brussels\/thematiques\/espaces-verts-et-biodiversite\/la-promenade-verte Longue de 60 km, la promenade verte passe par le plateau du Heysel et les parcs royaux. Elle est divis\u00e9e en 7 sections qui incarnent les facettes des paysages de la r\u00e9gion bruxelloise. Outre la d\u00e9couverte des espaces verts bruxellois, ces tron\u00e7ons parcourent une multitude de paysages : urbains, ruraux, industriels&#8230; [&hellip;]\" \/>\n<meta property=\"og:url\" content=\"https:\/\/ultraviolet.work\/_optionb\/project\/la-promenade-verte\/\" \/>\n<meta property=\"og:site_name\" content=\"Option-B\" \/>\n<meta property=\"og:image\" content=\"https:\/\/ultraviolet.work\/_optionb\/wp-content\/uploads\/2022\/07\/la-promenade-verte-600.jpg\" \/>\n\t<meta property=\"og:image:width\" content=\"600\" \/>\n\t<meta property=\"og:image:height\" content=\"600\" \/>\n\t<meta property=\"og:image:type\" content=\"image\/jpeg\" \/>\n<meta name=\"twitter:card\" content=\"summary_large_image\" \/>\n<meta name=\"twitter:label1\" content=\"Dur\u00e9e de lecture estim\u00e9e\" \/>\n\t<meta name=\"twitter:data1\" content=\"1 minute\" \/>\n<script type=\"application\/ld+json\" class=\"yoast-schema-graph\">{\"@context\":\"https:\\\/\\\/schema.org\",\"@graph\":[{\"@type\":\"WebPage\",\"@id\":\"https:\\\/\\\/ultraviolet.work\\\/_optionb\\\/project\\\/la-promenade-verte\\\/\",\"url\":\"https:\\\/\\\/ultraviolet.work\\\/_optionb\\\/project\\\/la-promenade-verte\\\/\",\"name\":\"La Promenade verte - Option-B\",\"isPartOf\":{\"@id\":\"https:\\\/\\\/ultraviolet.work\\\/_optionb\\\/#website\"},\"primaryImageOfPage\":{\"@id\":\"https:\\\/\\\/ultraviolet.work\\\/_optionb\\\/project\\\/la-promenade-verte\\\/#primaryimage\"},\"image\":{\"@id\":\"https:\\\/\\\/ultraviolet.work\\\/_optionb\\\/project\\\/la-promenade-verte\\\/#primaryimage\"},\"thumbnailUrl\":\"https:\\\/\\\/ultraviolet.work\\\/_optionb\\\/wp-content\\\/uploads\\\/2022\\\/07\\\/la-promenade-verte-600.jpg\",\"datePublished\":\"2022-07-18T11:38:07+00:00\",\"breadcrumb\":{\"@id\":\"https:\\\/\\\/ultraviolet.work\\\/_optionb\\\/project\\\/la-promenade-verte\\\/#breadcrumb\"},\"inLanguage\":\"fr-FR\",\"potentialAction\":[{\"@type\":\"ReadAction\",\"target\":[\"https:\\\/\\\/ultraviolet.work\\\/_optionb\\\/project\\\/la-promenade-verte\\\/\"]}]},{\"@type\":\"ImageObject\",\"inLanguage\":\"fr-FR\",\"@id\":\"https:\\\/\\\/ultraviolet.work\\\/_optionb\\\/project\\\/la-promenade-verte\\\/#primaryimage\",\"url\":\"https:\\\/\\\/ultraviolet.work\\\/_optionb\\\/wp-content\\\/uploads\\\/2022\\\/07\\\/la-promenade-verte-600.jpg\",\"contentUrl\":\"https:\\\/\\\/ultraviolet.work\\\/_optionb\\\/wp-content\\\/uploads\\\/2022\\\/07\\\/la-promenade-verte-600.jpg\",\"width\":600,\"height\":600},{\"@type\":\"BreadcrumbList\",\"@id\":\"https:\\\/\\\/ultraviolet.work\\\/_optionb\\\/project\\\/la-promenade-verte\\\/#breadcrumb\",\"itemListElement\":[{\"@type\":\"ListItem\",\"position\":1,\"name\":\"Accueil\",\"item\":\"https:\\\/\\\/ultraviolet.work\\\/_optionb\\\/\"},{\"@type\":\"ListItem\",\"position\":2,\"name\":\"Projets\",\"item\":\"https:\\\/\\\/ultraviolet.work\\\/_optionb\\\/project\\\/\"},{\"@type\":\"ListItem\",\"position\":3,\"name\":\"La Promenade verte\"}]},{\"@type\":\"WebSite\",\"@id\":\"https:\\\/\\\/ultraviolet.work\\\/_optionb\\\/#website\",\"url\":\"https:\\\/\\\/ultraviolet.work\\\/_optionb\\\/\",\"name\":\"Option-B\",\"description\":\"\",\"publisher\":{\"@id\":\"https:\\\/\\\/ultraviolet.work\\\/_optionb\\\/#organization\"},\"potentialAction\":[{\"@type\":\"SearchAction\",\"target\":{\"@type\":\"EntryPoint\",\"urlTemplate\":\"https:\\\/\\\/ultraviolet.work\\\/_optionb\\\/?s={search_term_string}\"},\"query-input\":{\"@type\":\"PropertyValueSpecification\",\"valueRequired\":true,\"valueName\":\"search_term_string\"}}],\"inLanguage\":\"fr-FR\"},{\"@type\":\"Organization\",\"@id\":\"https:\\\/\\\/ultraviolet.work\\\/_optionb\\\/#organization\",\"name\":\"Option-B\",\"url\":\"https:\\\/\\\/ultraviolet.work\\\/_optionb\\\/\",\"logo\":{\"@type\":\"ImageObject\",\"inLanguage\":\"fr-FR\",\"@id\":\"https:\\\/\\\/ultraviolet.work\\\/_optionb\\\/#\\\/schema\\\/logo\\\/image\\\/\",\"url\":\"https:\\\/\\\/ultraviolet.work\\\/_optionb\\\/wp-content\\\/uploads\\\/2022\\\/02\\\/OptionB-B-gen-gris.png\",\"contentUrl\":\"https:\\\/\\\/ultraviolet.work\\\/_optionb\\\/wp-content\\\/uploads\\\/2022\\\/02\\\/OptionB-B-gen-gris.png\",\"width\":512,\"height\":512,\"caption\":\"Option-B\"},\"image\":{\"@id\":\"https:\\\/\\\/ultraviolet.work\\\/_optionb\\\/#\\\/schema\\\/logo\\\/image\\\/\"}}]}<\/script>\n<!-- \/ Yoast SEO plugin. -->","yoast_head_json":{"title":"La Promenade verte - Option-B","robots":{"index":"noindex","follow":"follow"},"og_locale":"fr_FR","og_type":"article","og_title":"La Promenade verte - Option-B","og_description":"La Promenade verte https:\/\/environnement.brussels\/thematiques\/espaces-verts-et-biodiversite\/la-promenade-verte Longue de 60 km, la promenade verte passe par le plateau du Heysel et les parcs royaux. Elle est divis\u00e9e en 7 sections qui incarnent les facettes des paysages de la r\u00e9gion bruxelloise. Outre la d\u00e9couverte des espaces verts bruxellois, ces tron\u00e7ons parcourent une multitude de paysages : urbains, ruraux, industriels&#8230; [&hellip;]","og_url":"https:\/\/ultraviolet.work\/_optionb\/project\/la-promenade-verte\/","og_site_name":"Option-B","og_image":[{"width":600,"height":600,"url":"https:\/\/ultraviolet.work\/_optionb\/wp-content\/uploads\/2022\/07\/la-promenade-verte-600.jpg","type":"image\/jpeg"}],"twitter_card":"summary_large_image","twitter_misc":{"Dur\u00e9e de lecture estim\u00e9e":"1 minute"},"schema":{"@context":"https:\/\/schema.org","@graph":[{"@type":"WebPage","@id":"https:\/\/ultraviolet.work\/_optionb\/project\/la-promenade-verte\/","url":"https:\/\/ultraviolet.work\/_optionb\/project\/la-promenade-verte\/","name":"La Promenade verte - Option-B","isPartOf":{"@id":"https:\/\/ultraviolet.work\/_optionb\/#website"},"primaryImageOfPage":{"@id":"https:\/\/ultraviolet.work\/_optionb\/project\/la-promenade-verte\/#primaryimage"},"image":{"@id":"https:\/\/ultraviolet.work\/_optionb\/project\/la-promenade-verte\/#primaryimage"},"thumbnailUrl":"https:\/\/ultraviolet.work\/_optionb\/wp-content\/uploads\/2022\/07\/la-promenade-verte-600.jpg","datePublished":"2022-07-18T11:38:07+00:00","breadcrumb":{"@id":"https:\/\/ultraviolet.work\/_optionb\/project\/la-promenade-verte\/#breadcrumb"},"inLanguage":"fr-FR","potentialAction":[{"@type":"ReadAction","target":["https:\/\/ultraviolet.work\/_optionb\/project\/la-promenade-verte\/"]}]},{"@type":"ImageObject","inLanguage":"fr-FR","@id":"https:\/\/ultraviolet.work\/_optionb\/project\/la-promenade-verte\/#primaryimage","url":"https:\/\/ultraviolet.work\/_optionb\/wp-content\/uploads\/2022\/07\/la-promenade-verte-600.jpg","contentUrl":"https:\/\/ultraviolet.work\/_optionb\/wp-content\/uploads\/2022\/07\/la-promenade-verte-600.jpg","width":600,"height":600},{"@type":"BreadcrumbList","@id":"https:\/\/ultraviolet.work\/_optionb\/project\/la-promenade-verte\/#breadcrumb","itemListElement":[{"@type":"ListItem","position":1,"name":"Accueil","item":"https:\/\/ultraviolet.work\/_optionb\/"},{"@type":"ListItem","position":2,"name":"Projets","item":"https:\/\/ultraviolet.work\/_optionb\/project\/"},{"@type":"ListItem","position":3,"name":"La Promenade verte"}]},{"@type":"WebSite","@id":"https:\/\/ultraviolet.work\/_optionb\/#website","url":"https:\/\/ultraviolet.work\/_optionb\/","name":"Option-B","description":"","publisher":{"@id":"https:\/\/ultraviolet.work\/_optionb\/#organization"},"potentialAction":[{"@type":"SearchAction","target":{"@type":"EntryPoint","urlTemplate":"https:\/\/ultraviolet.work\/_optionb\/?s={search_term_string}"},"query-input":{"@type":"PropertyValueSpecification","valueRequired":true,"valueName":"search_term_string"}}],"inLanguage":"fr-FR"},{"@type":"Organization","@id":"https:\/\/ultraviolet.work\/_optionb\/#organization","name":"Option-B","url":"https:\/\/ultraviolet.work\/_optionb\/","logo":{"@type":"ImageObject","inLanguage":"fr-FR","@id":"https:\/\/ultraviolet.work\/_optionb\/#\/schema\/logo\/image\/","url":"https:\/\/ultraviolet.work\/_optionb\/wp-content\/uploads\/2022\/02\/OptionB-B-gen-gris.png","contentUrl":"https:\/\/ultraviolet.work\/_optionb\/wp-content\/uploads\/2022\/02\/OptionB-B-gen-gris.png","width":512,"height":512,"caption":"Option-B"},"image":{"@id":"https:\/\/ultraviolet.work\/_optionb\/#\/schema\/logo\/image\/"}}]}},"_links":{"self":[{"href":"https:\/\/ultraviolet.work\/_optionb\/wp-json\/wp\/v2\/project\/20449","targetHints":{"allow":["GET"]}}],"collection":[{"href":"https:\/\/ultraviolet.work\/_optionb\/wp-json\/wp\/v2\/project"}],"about":[{"href":"https:\/\/ultraviolet.work\/_optionb\/wp-json\/wp\/v2\/types\/project"}],"author":[{"embeddable":true,"href":"https:\/\/ultraviolet.work\/_optionb\/wp-json\/wp\/v2\/users\/1"}],"replies":[{"embeddable":true,"href":"https:\/\/ultraviolet.work\/_optionb\/wp-json\/wp\/v2\/comments?post=20449"}],"version-history":[{"count":0,"href":"https:\/\/ultraviolet.work\/_optionb\/wp-json\/wp\/v2\/project\/20449\/revisions"}],"wp:featuredmedia":[{"embeddable":true,"href":"https:\/\/ultraviolet.work\/_optionb\/wp-json\/wp\/v2\/media\/19912"}],"wp:attachment":[{"href":"https:\/\/ultraviolet.work\/_optionb\/wp-json\/wp\/v2\/media?parent=20449"}],"wp:term":[{"taxonomy":"project_category","embeddable":true,"href":"https:\/\/ultraviolet.work\/_optionb\/wp-json\/wp\/v2\/project_category?post=20449"},{"taxonomy":"project_tag","embeddable":true,"href":"https:\/\/ultraviolet.work\/_optionb\/wp-json\/wp\/v2\/project_tag?post=20449"},{"taxonomy":"wf_project_folders","embeddable":true,"href":"https:\/\/ultraviolet.work\/_optionb\/wp-json\/wp\/v2\/wf_project_folders?post=20449"}],"curies":[{"name":"wp","href":"https:\/\/api.w.org\/{rel}","templated":true}]}}

<h2>La Promenade verte</h2>
<h5></h5>
<h4></h4>
<h6><a href="https://environnement.brussels/thematiques/espaces-verts-et-biodiversite/la-promenade-verte" target="_blank" rel="noopener">https://environnement.brussels/thematiques/espaces-verts-et-biodiversite/la-promenade-verte</a></h6>
<p>Longue de 60 km, la promenade verte passe par le plateau du Heysel et les parcs royaux. Elle est divisée en 7 sections qui incarnent les facettes des paysages de la région bruxelloise. Outre la découverte des espaces verts bruxellois, ces tronçons parcourent une multitude de paysages : urbains, ruraux, industriels&#8230; Bien aménagée, la promenade verte emmène la plupart du temps sur des pistes cyclables. Grâce aux panneaux qui balisent le parcours, pas besoin de carte pour la suivre. Les plus aguerris la feront en une journée, ou en deux jours avec une nuit à l’hôtel ou chez des amis.</p>

<p>La Promenade verte https://environnement.brussels/thematiques/espaces-verts-et-biodiversite/la-promenade-verte Longue de 60 km, la promenade verte passe par le plateau du Heysel et les parcs royaux. Elle est divisée en 7 sections qui incarnent les facettes des paysages de la région bruxelloise. Outre la découverte des espaces verts bruxellois, ces tronçons parcourent une multitude de paysages : urbains, ruraux, industriels&#8230; [&hellip;]</p>

<!-- This site is optimized with the Yoast SEO plugin v27.5 - https://yoast.com/product/yoast-seo-wordpress/ -->
<title>La Promenade verte - Option-B</title>
<meta name="robots" content="noindex, follow" />
<meta property="og:locale" content="fr_FR" />
<meta property="og:type" content="article" />
<meta property="og:title" content="La Promenade verte - Option-B" />
<meta property="og:description" content="La Promenade verte https://environnement.brussels/thematiques/espaces-verts-et-biodiversite/la-promenade-verte Longue de 60 km, la promenade verte passe par le plateau du Heysel et les parcs royaux. Elle est divisée en 7 sections qui incarnent les facettes des paysages de la région bruxelloise. Outre la découverte des espaces verts bruxellois, ces tronçons parcourent une multitude de paysages : urbains, ruraux, industriels&#8230; [&hellip;]" />
<meta property="og:url" content="https://ultraviolet.work/_optionb/project/la-promenade-verte/" />
<meta property="og:site_name" content="Option-B" />
<meta property="og:image" content="https://ultraviolet.work/_optionb/wp-content/uploads/2022/07/la-promenade-verte-600.jpg" />
	<meta property="og:image:width" content="600" />
	<meta property="og:image:height" content="600" />
	<meta property="og:image:type" content="image/jpeg" />
<meta name="twitter:card" content="summary_large_image" />
<meta name="twitter:label1" content="Durée de lecture estimée" />
	<meta name="twitter:data1" content="1 minute" />
<script type="application/ld+json" class="yoast-schema-graph">{"@context":"https:\/\/schema.org","@graph":[{"@type":"WebPage","@id":"https:\/\/ultraviolet.work\/_optionb\/project\/la-promenade-verte\/","url":"https:\/\/ultraviolet.work\/_optionb\/project\/la-promenade-verte\/","name":"La Promenade verte - Option-B","isPartOf":{"@id":"https:\/\/ultraviolet.work\/_optionb\/#website"},"primaryImageOfPage":{"@id":"https:\/\/ultraviolet.work\/_optionb\/project\/la-promenade-verte\/#primaryimage"},"image":{"@id":"https:\/\/ultraviolet.work\/_optionb\/project\/la-promenade-verte\/#primaryimage"},"thumbnailUrl":"https:\/\/ultraviolet.work\/_optionb\/wp-content\/uploads\/2022\/07\/la-promenade-verte-600.jpg","datePublished":"2022-07-18T11:38:07+00:00","breadcrumb":{"@id":"https:\/\/ultraviolet.work\/_optionb\/project\/la-promenade-verte\/#breadcrumb"},"inLanguage":"fr-FR","potentialAction":[{"@type":"ReadAction","target":["https:\/\/ultraviolet.work\/_optionb\/project\/la-promenade-verte\/"]}]},{"@type":"ImageObject","inLanguage":"fr-FR","@id":"https:\/\/ultraviolet.work\/_optionb\/project\/la-promenade-verte\/#primaryimage","url":"https:\/\/ultraviolet.work\/_optionb\/wp-content\/uploads\/2022\/07\/la-promenade-verte-600.jpg","contentUrl":"https:\/\/ultraviolet.work\/_optionb\/wp-content\/uploads\/2022\/07\/la-promenade-verte-600.jpg","width":600,"height":600},{"@type":"BreadcrumbList","@id":"https:\/\/ultraviolet.work\/_optionb\/project\/la-promenade-verte\/#breadcrumb","itemListElement":[{"@type":"ListItem","position":1,"name":"Accueil","item":"https:\/\/ultraviolet.work\/_optionb\/"},{"@type":"ListItem","position":2,"name":"Projets","item":"https:\/\/ultraviolet.work\/_optionb\/project\/"},{"@type":"ListItem","position":3,"name":"La Promenade verte"}]},{"@type":"WebSite","@id":"https:\/\/ultraviolet.work\/_optionb\/#website","url":"https:\/\/ultraviolet.work\/_optionb\/","name":"Option-B","description":"","publisher":{"@id":"https:\/\/ultraviolet.work\/_optionb\/#organization"},"potentialAction":[{"@type":"SearchAction","target":{"@type":"EntryPoint","urlTemplate":"https:\/\/ultraviolet.work\/_optionb\/?s={search_term_string}"},"query-input":{"@type":"PropertyValueSpecification","valueRequired":true,"valueName":"search_term_string"}}],"inLanguage":"fr-FR"},{"@type":"Organization","@id":"https:\/\/ultraviolet.work\/_optionb\/#organization","name":"Option-B","url":"https:\/\/ultraviolet.work\/_optionb\/","logo":{"@type":"ImageObject","inLanguage":"fr-FR","@id":"https:\/\/ultraviolet.work\/_optionb\/#\/schema\/logo\/image\/","url":"https:\/\/ultraviolet.work\/_optionb\/wp-content\/uploads\/2022\/02\/OptionB-B-gen-gris.png","contentUrl":"https:\/\/ultraviolet.work\/_optionb\/wp-content\/uploads\/2022\/02\/OptionB-B-gen-gris.png","width":512,"height":512,"caption":"Option-B"},"image":{"@id":"https:\/\/ultraviolet.work\/_optionb\/#\/schema\/logo\/image\/"}}]}</script>
<!-- / Yoast SEO plugin. -->

La Promenade verte https://environnement.brussels/thematiques/espaces-verts-et-biodiversite/la-promenade-verte Longue de 60 km, la promenade verte passe par le plateau du Heysel et les parcs royaux. Elle est divisée en 7 sections qui incarnent les facettes des paysages de la région bruxelloise. Outre la découverte des espaces verts bruxellois, ces tronçons parcourent une multitude de paysages : urbains, ruraux, industriels&#8230; [&hellip;]
