{"id":20456,"date":"2022-07-18T13:39:22","date_gmt":"2022-07-18T11:39:22","guid":{"rendered":"https:\/\/ultraviolet.work\/_optionb\/project\/bruxelles-highlights\/"},"modified":"2022-07-18T13:39:22","modified_gmt":"2022-07-18T11:39:22","slug":"bruxelles-highlights","status":"publish","type":"project","link":"https:\/\/ultraviolet.work\/_optionb\/project\/bruxelles-highlights\/","title":{"rendered":"Bruxelles Highlights"},"content":{"rendered":"<h2>Bruxelles Highlights<\/h2>\n<h5><\/h5>\n<h4><\/h4>\n<h6><a href=\"https:\/\/visit.brussels\/fr\/article\/balades-a-velo-parcours-thematiques\" target=\"_blank\" rel=\"noopener\">https:\/\/visit.brussels\/fr\/article\/balades-a-velo-parcours-thematiques<\/a><\/h6>\n<p>Cette balade est une belle introduction pour ceux qui ne connaissent pas encore la capitale belge. Elle vous guidera \u00e0 travers les petites rues bruxelloises pour vous faire d\u00e9couvrir les lieux les plus connus de la ville. Le circuit se compose d\u2019une premi\u00e8re partie plus facile qui vous emm\u00e8nera dans les quartiers historiques du centre-ville (8km). Pour ceux qui voudraient quitter le centre et en d\u00e9couvrir un peu plus, il est possible d&rsquo;allonger le parcours en p\u00e9dalant jusqu\u2019au plateau du Heysel (15km).<\/p>\n","protected":false},"excerpt":{"rendered":"<p>Bruxelles Highlights https:\/\/visit.brussels\/fr\/article\/balades-a-velo-parcours-thematiques Cette balade est une belle introduction pour ceux qui ne connaissent pas encore la capitale belge. Elle vous guidera \u00e0 travers les petites rues bruxelloises pour vous faire d\u00e9couvrir les lieux les plus connus de la ville. Le circuit se compose d\u2019une premi\u00e8re partie plus facile qui vous emm\u00e8nera dans les quartiers [&hellip;]<\/p>\n","protected":false},"author":1,"featured_media":19889,"comment_status":"closed","ping_status":"closed","template":"","meta":{"_et_pb_use_builder":"","_et_pb_old_content":"","_et_gb_content_width":"","inline_featured_image":false,"footnotes":""},"project_category":[1288],"project_tag":[],"wf_project_folders":[1284],"class_list":["post-20456","project","type-project","status-publish","has-post-thumbnail","hentry","project_category-balades-a-velo"],"yoast_head":"<!-- This site is optimized with the Yoast SEO plugin v27.5 - https:\/\/yoast.com\/product\/yoast-seo-wordpress\/ -->\n<title>Bruxelles Highlights - Option-B<\/title>\n<meta name=\"robots\" content=\"noindex, follow\" \/>\n<meta property=\"og:locale\" content=\"fr_FR\" \/>\n<meta property=\"og:type\" content=\"article\" \/>\n<meta property=\"og:title\" content=\"Bruxelles Highlights - Option-B\" \/>\n<meta property=\"og:description\" content=\"Bruxelles Highlights https:\/\/visit.brussels\/fr\/article\/balades-a-velo-parcours-thematiques Cette balade est une belle introduction pour ceux qui ne connaissent pas encore la capitale belge. Elle vous guidera \u00e0 travers les petites rues bruxelloises pour vous faire d\u00e9couvrir les lieux les plus connus de la ville. Le circuit se compose d\u2019une premi\u00e8re partie plus facile qui vous emm\u00e8nera dans les quartiers [&hellip;]\" \/>\n<meta property=\"og:url\" content=\"https:\/\/ultraviolet.work\/_optionb\/project\/bruxelles-highlights\/\" \/>\n<meta property=\"og:site_name\" content=\"Option-B\" \/>\n<meta property=\"og:image\" content=\"https:\/\/ultraviolet.work\/_optionb\/wp-content\/uploads\/2022\/07\/bruxelles-highlights-600.jpg\" \/>\n\t<meta property=\"og:image:width\" content=\"600\" \/>\n\t<meta property=\"og:image:height\" content=\"622\" \/>\n\t<meta property=\"og:image:type\" content=\"image\/jpeg\" \/>\n<meta name=\"twitter:card\" content=\"summary_large_image\" \/>\n<script type=\"application\/ld+json\" class=\"yoast-schema-graph\">{\"@context\":\"https:\\\/\\\/schema.org\",\"@graph\":[{\"@type\":\"WebPage\",\"@id\":\"https:\\\/\\\/ultraviolet.work\\\/_optionb\\\/project\\\/bruxelles-highlights\\\/\",\"url\":\"https:\\\/\\\/ultraviolet.work\\\/_optionb\\\/project\\\/bruxelles-highlights\\\/\",\"name\":\"Bruxelles Highlights - Option-B\",\"isPartOf\":{\"@id\":\"https:\\\/\\\/ultraviolet.work\\\/_optionb\\\/#website\"},\"primaryImageOfPage\":{\"@id\":\"https:\\\/\\\/ultraviolet.work\\\/_optionb\\\/project\\\/bruxelles-highlights\\\/#primaryimage\"},\"image\":{\"@id\":\"https:\\\/\\\/ultraviolet.work\\\/_optionb\\\/project\\\/bruxelles-highlights\\\/#primaryimage\"},\"thumbnailUrl\":\"https:\\\/\\\/ultraviolet.work\\\/_optionb\\\/wp-content\\\/uploads\\\/2022\\\/07\\\/bruxelles-highlights-600.jpg\",\"datePublished\":\"2022-07-18T11:39:22+00:00\",\"breadcrumb\":{\"@id\":\"https:\\\/\\\/ultraviolet.work\\\/_optionb\\\/project\\\/bruxelles-highlights\\\/#breadcrumb\"},\"inLanguage\":\"fr-FR\",\"potentialAction\":[{\"@type\":\"ReadAction\",\"target\":[\"https:\\\/\\\/ultraviolet.work\\\/_optionb\\\/project\\\/bruxelles-highlights\\\/\"]}]},{\"@type\":\"ImageObject\",\"inLanguage\":\"fr-FR\",\"@id\":\"https:\\\/\\\/ultraviolet.work\\\/_optionb\\\/project\\\/bruxelles-highlights\\\/#primaryimage\",\"url\":\"https:\\\/\\\/ultraviolet.work\\\/_optionb\\\/wp-content\\\/uploads\\\/2022\\\/07\\\/bruxelles-highlights-600.jpg\",\"contentUrl\":\"https:\\\/\\\/ultraviolet.work\\\/_optionb\\\/wp-content\\\/uploads\\\/2022\\\/07\\\/bruxelles-highlights-600.jpg\",\"width\":600,\"height\":622},{\"@type\":\"BreadcrumbList\",\"@id\":\"https:\\\/\\\/ultraviolet.work\\\/_optionb\\\/project\\\/bruxelles-highlights\\\/#breadcrumb\",\"itemListElement\":[{\"@type\":\"ListItem\",\"position\":1,\"name\":\"Accueil\",\"item\":\"https:\\\/\\\/ultraviolet.work\\\/_optionb\\\/\"},{\"@type\":\"ListItem\",\"position\":2,\"name\":\"Projets\",\"item\":\"https:\\\/\\\/ultraviolet.work\\\/_optionb\\\/project\\\/\"},{\"@type\":\"ListItem\",\"position\":3,\"name\":\"Bruxelles Highlights\"}]},{\"@type\":\"WebSite\",\"@id\":\"https:\\\/\\\/ultraviolet.work\\\/_optionb\\\/#website\",\"url\":\"https:\\\/\\\/ultraviolet.work\\\/_optionb\\\/\",\"name\":\"Option-B\",\"description\":\"\",\"publisher\":{\"@id\":\"https:\\\/\\\/ultraviolet.work\\\/_optionb\\\/#organization\"},\"potentialAction\":[{\"@type\":\"SearchAction\",\"target\":{\"@type\":\"EntryPoint\",\"urlTemplate\":\"https:\\\/\\\/ultraviolet.work\\\/_optionb\\\/?s={search_term_string}\"},\"query-input\":{\"@type\":\"PropertyValueSpecification\",\"valueRequired\":true,\"valueName\":\"search_term_string\"}}],\"inLanguage\":\"fr-FR\"},{\"@type\":\"Organization\",\"@id\":\"https:\\\/\\\/ultraviolet.work\\\/_optionb\\\/#organization\",\"name\":\"Option-B\",\"url\":\"https:\\\/\\\/ultraviolet.work\\\/_optionb\\\/\",\"logo\":{\"@type\":\"ImageObject\",\"inLanguage\":\"fr-FR\",\"@id\":\"https:\\\/\\\/ultraviolet.work\\\/_optionb\\\/#\\\/schema\\\/logo\\\/image\\\/\",\"url\":\"https:\\\/\\\/ultraviolet.work\\\/_optionb\\\/wp-content\\\/uploads\\\/2022\\\/02\\\/OptionB-B-gen-gris.png\",\"contentUrl\":\"https:\\\/\\\/ultraviolet.work\\\/_optionb\\\/wp-content\\\/uploads\\\/2022\\\/02\\\/OptionB-B-gen-gris.png\",\"width\":512,\"height\":512,\"caption\":\"Option-B\"},\"image\":{\"@id\":\"https:\\\/\\\/ultraviolet.work\\\/_optionb\\\/#\\\/schema\\\/logo\\\/image\\\/\"}}]}<\/script>\n<!-- \/ Yoast SEO plugin. -->","yoast_head_json":{"title":"Bruxelles Highlights - Option-B","robots":{"index":"noindex","follow":"follow"},"og_locale":"fr_FR","og_type":"article","og_title":"Bruxelles Highlights - Option-B","og_description":"Bruxelles Highlights https:\/\/visit.brussels\/fr\/article\/balades-a-velo-parcours-thematiques Cette balade est une belle introduction pour ceux qui ne connaissent pas encore la capitale belge. Elle vous guidera \u00e0 travers les petites rues bruxelloises pour vous faire d\u00e9couvrir les lieux les plus connus de la ville. Le circuit se compose d\u2019une premi\u00e8re partie plus facile qui vous emm\u00e8nera dans les quartiers [&hellip;]","og_url":"https:\/\/ultraviolet.work\/_optionb\/project\/bruxelles-highlights\/","og_site_name":"Option-B","og_image":[{"width":600,"height":622,"url":"https:\/\/ultraviolet.work\/_optionb\/wp-content\/uploads\/2022\/07\/bruxelles-highlights-600.jpg","type":"image\/jpeg"}],"twitter_card":"summary_large_image","schema":{"@context":"https:\/\/schema.org","@graph":[{"@type":"WebPage","@id":"https:\/\/ultraviolet.work\/_optionb\/project\/bruxelles-highlights\/","url":"https:\/\/ultraviolet.work\/_optionb\/project\/bruxelles-highlights\/","name":"Bruxelles Highlights - Option-B","isPartOf":{"@id":"https:\/\/ultraviolet.work\/_optionb\/#website"},"primaryImageOfPage":{"@id":"https:\/\/ultraviolet.work\/_optionb\/project\/bruxelles-highlights\/#primaryimage"},"image":{"@id":"https:\/\/ultraviolet.work\/_optionb\/project\/bruxelles-highlights\/#primaryimage"},"thumbnailUrl":"https:\/\/ultraviolet.work\/_optionb\/wp-content\/uploads\/2022\/07\/bruxelles-highlights-600.jpg","datePublished":"2022-07-18T11:39:22+00:00","breadcrumb":{"@id":"https:\/\/ultraviolet.work\/_optionb\/project\/bruxelles-highlights\/#breadcrumb"},"inLanguage":"fr-FR","potentialAction":[{"@type":"ReadAction","target":["https:\/\/ultraviolet.work\/_optionb\/project\/bruxelles-highlights\/"]}]},{"@type":"ImageObject","inLanguage":"fr-FR","@id":"https:\/\/ultraviolet.work\/_optionb\/project\/bruxelles-highlights\/#primaryimage","url":"https:\/\/ultraviolet.work\/_optionb\/wp-content\/uploads\/2022\/07\/bruxelles-highlights-600.jpg","contentUrl":"https:\/\/ultraviolet.work\/_optionb\/wp-content\/uploads\/2022\/07\/bruxelles-highlights-600.jpg","width":600,"height":622},{"@type":"BreadcrumbList","@id":"https:\/\/ultraviolet.work\/_optionb\/project\/bruxelles-highlights\/#breadcrumb","itemListElement":[{"@type":"ListItem","position":1,"name":"Accueil","item":"https:\/\/ultraviolet.work\/_optionb\/"},{"@type":"ListItem","position":2,"name":"Projets","item":"https:\/\/ultraviolet.work\/_optionb\/project\/"},{"@type":"ListItem","position":3,"name":"Bruxelles Highlights"}]},{"@type":"WebSite","@id":"https:\/\/ultraviolet.work\/_optionb\/#website","url":"https:\/\/ultraviolet.work\/_optionb\/","name":"Option-B","description":"","publisher":{"@id":"https:\/\/ultraviolet.work\/_optionb\/#organization"},"potentialAction":[{"@type":"SearchAction","target":{"@type":"EntryPoint","urlTemplate":"https:\/\/ultraviolet.work\/_optionb\/?s={search_term_string}"},"query-input":{"@type":"PropertyValueSpecification","valueRequired":true,"valueName":"search_term_string"}}],"inLanguage":"fr-FR"},{"@type":"Organization","@id":"https:\/\/ultraviolet.work\/_optionb\/#organization","name":"Option-B","url":"https:\/\/ultraviolet.work\/_optionb\/","logo":{"@type":"ImageObject","inLanguage":"fr-FR","@id":"https:\/\/ultraviolet.work\/_optionb\/#\/schema\/logo\/image\/","url":"https:\/\/ultraviolet.work\/_optionb\/wp-content\/uploads\/2022\/02\/OptionB-B-gen-gris.png","contentUrl":"https:\/\/ultraviolet.work\/_optionb\/wp-content\/uploads\/2022\/02\/OptionB-B-gen-gris.png","width":512,"height":512,"caption":"Option-B"},"image":{"@id":"https:\/\/ultraviolet.work\/_optionb\/#\/schema\/logo\/image\/"}}]}},"_links":{"self":[{"href":"https:\/\/ultraviolet.work\/_optionb\/wp-json\/wp\/v2\/project\/20456","targetHints":{"allow":["GET"]}}],"collection":[{"href":"https:\/\/ultraviolet.work\/_optionb\/wp-json\/wp\/v2\/project"}],"about":[{"href":"https:\/\/ultraviolet.work\/_optionb\/wp-json\/wp\/v2\/types\/project"}],"author":[{"embeddable":true,"href":"https:\/\/ultraviolet.work\/_optionb\/wp-json\/wp\/v2\/users\/1"}],"replies":[{"embeddable":true,"href":"https:\/\/ultraviolet.work\/_optionb\/wp-json\/wp\/v2\/comments?post=20456"}],"version-history":[{"count":0,"href":"https:\/\/ultraviolet.work\/_optionb\/wp-json\/wp\/v2\/project\/20456\/revisions"}],"wp:featuredmedia":[{"embeddable":true,"href":"https:\/\/ultraviolet.work\/_optionb\/wp-json\/wp\/v2\/media\/19889"}],"wp:attachment":[{"href":"https:\/\/ultraviolet.work\/_optionb\/wp-json\/wp\/v2\/media?parent=20456"}],"wp:term":[{"taxonomy":"project_category","embeddable":true,"href":"https:\/\/ultraviolet.work\/_optionb\/wp-json\/wp\/v2\/project_category?post=20456"},{"taxonomy":"project_tag","embeddable":true,"href":"https:\/\/ultraviolet.work\/_optionb\/wp-json\/wp\/v2\/project_tag?post=20456"},{"taxonomy":"wf_project_folders","embeddable":true,"href":"https:\/\/ultraviolet.work\/_optionb\/wp-json\/wp\/v2\/wf_project_folders?post=20456"}],"curies":[{"name":"wp","href":"https:\/\/api.w.org\/{rel}","templated":true}]}}

<h2>Bruxelles Highlights</h2>
<h5></h5>
<h4></h4>
<h6><a href="https://visit.brussels/fr/article/balades-a-velo-parcours-thematiques" target="_blank" rel="noopener">https://visit.brussels/fr/article/balades-a-velo-parcours-thematiques</a></h6>
<p>Cette balade est une belle introduction pour ceux qui ne connaissent pas encore la capitale belge. Elle vous guidera à travers les petites rues bruxelloises pour vous faire découvrir les lieux les plus connus de la ville. Le circuit se compose d’une première partie plus facile qui vous emmènera dans les quartiers historiques du centre-ville (8km). Pour ceux qui voudraient quitter le centre et en découvrir un peu plus, il est possible d&rsquo;allonger le parcours en pédalant jusqu’au plateau du Heysel (15km).</p>

<p>Bruxelles Highlights https://visit.brussels/fr/article/balades-a-velo-parcours-thematiques Cette balade est une belle introduction pour ceux qui ne connaissent pas encore la capitale belge. Elle vous guidera à travers les petites rues bruxelloises pour vous faire découvrir les lieux les plus connus de la ville. Le circuit se compose d’une première partie plus facile qui vous emmènera dans les quartiers [&hellip;]</p>

<!-- This site is optimized with the Yoast SEO plugin v27.5 - https://yoast.com/product/yoast-seo-wordpress/ -->
<title>Bruxelles Highlights - Option-B</title>
<meta name="robots" content="noindex, follow" />
<meta property="og:locale" content="fr_FR" />
<meta property="og:type" content="article" />
<meta property="og:title" content="Bruxelles Highlights - Option-B" />
<meta property="og:description" content="Bruxelles Highlights https://visit.brussels/fr/article/balades-a-velo-parcours-thematiques Cette balade est une belle introduction pour ceux qui ne connaissent pas encore la capitale belge. Elle vous guidera à travers les petites rues bruxelloises pour vous faire découvrir les lieux les plus connus de la ville. Le circuit se compose d’une première partie plus facile qui vous emmènera dans les quartiers [&hellip;]" />
<meta property="og:url" content="https://ultraviolet.work/_optionb/project/bruxelles-highlights/" />
<meta property="og:site_name" content="Option-B" />
<meta property="og:image" content="https://ultraviolet.work/_optionb/wp-content/uploads/2022/07/bruxelles-highlights-600.jpg" />
	<meta property="og:image:width" content="600" />
	<meta property="og:image:height" content="622" />
	<meta property="og:image:type" content="image/jpeg" />
<meta name="twitter:card" content="summary_large_image" />
<script type="application/ld+json" class="yoast-schema-graph">{"@context":"https:\/\/schema.org","@graph":[{"@type":"WebPage","@id":"https:\/\/ultraviolet.work\/_optionb\/project\/bruxelles-highlights\/","url":"https:\/\/ultraviolet.work\/_optionb\/project\/bruxelles-highlights\/","name":"Bruxelles Highlights - Option-B","isPartOf":{"@id":"https:\/\/ultraviolet.work\/_optionb\/#website"},"primaryImageOfPage":{"@id":"https:\/\/ultraviolet.work\/_optionb\/project\/bruxelles-highlights\/#primaryimage"},"image":{"@id":"https:\/\/ultraviolet.work\/_optionb\/project\/bruxelles-highlights\/#primaryimage"},"thumbnailUrl":"https:\/\/ultraviolet.work\/_optionb\/wp-content\/uploads\/2022\/07\/bruxelles-highlights-600.jpg","datePublished":"2022-07-18T11:39:22+00:00","breadcrumb":{"@id":"https:\/\/ultraviolet.work\/_optionb\/project\/bruxelles-highlights\/#breadcrumb"},"inLanguage":"fr-FR","potentialAction":[{"@type":"ReadAction","target":["https:\/\/ultraviolet.work\/_optionb\/project\/bruxelles-highlights\/"]}]},{"@type":"ImageObject","inLanguage":"fr-FR","@id":"https:\/\/ultraviolet.work\/_optionb\/project\/bruxelles-highlights\/#primaryimage","url":"https:\/\/ultraviolet.work\/_optionb\/wp-content\/uploads\/2022\/07\/bruxelles-highlights-600.jpg","contentUrl":"https:\/\/ultraviolet.work\/_optionb\/wp-content\/uploads\/2022\/07\/bruxelles-highlights-600.jpg","width":600,"height":622},{"@type":"BreadcrumbList","@id":"https:\/\/ultraviolet.work\/_optionb\/project\/bruxelles-highlights\/#breadcrumb","itemListElement":[{"@type":"ListItem","position":1,"name":"Accueil","item":"https:\/\/ultraviolet.work\/_optionb\/"},{"@type":"ListItem","position":2,"name":"Projets","item":"https:\/\/ultraviolet.work\/_optionb\/project\/"},{"@type":"ListItem","position":3,"name":"Bruxelles Highlights"}]},{"@type":"WebSite","@id":"https:\/\/ultraviolet.work\/_optionb\/#website","url":"https:\/\/ultraviolet.work\/_optionb\/","name":"Option-B","description":"","publisher":{"@id":"https:\/\/ultraviolet.work\/_optionb\/#organization"},"potentialAction":[{"@type":"SearchAction","target":{"@type":"EntryPoint","urlTemplate":"https:\/\/ultraviolet.work\/_optionb\/?s={search_term_string}"},"query-input":{"@type":"PropertyValueSpecification","valueRequired":true,"valueName":"search_term_string"}}],"inLanguage":"fr-FR"},{"@type":"Organization","@id":"https:\/\/ultraviolet.work\/_optionb\/#organization","name":"Option-B","url":"https:\/\/ultraviolet.work\/_optionb\/","logo":{"@type":"ImageObject","inLanguage":"fr-FR","@id":"https:\/\/ultraviolet.work\/_optionb\/#\/schema\/logo\/image\/","url":"https:\/\/ultraviolet.work\/_optionb\/wp-content\/uploads\/2022\/02\/OptionB-B-gen-gris.png","contentUrl":"https:\/\/ultraviolet.work\/_optionb\/wp-content\/uploads\/2022\/02\/OptionB-B-gen-gris.png","width":512,"height":512,"caption":"Option-B"},"image":{"@id":"https:\/\/ultraviolet.work\/_optionb\/#\/schema\/logo\/image\/"}}]}</script>
<!-- / Yoast SEO plugin. -->

Bruxelles Highlights https://visit.brussels/fr/article/balades-a-velo-parcours-thematiques Cette balade est une belle introduction pour ceux qui ne connaissent pas encore la capitale belge. Elle vous guidera à travers les petites rues bruxelloises pour vous faire découvrir les lieux les plus connus de la ville. Le circuit se compose d’une première partie plus facile qui vous emmènera dans les quartiers [&hellip;]
