{"id":20460,"date":"2022-07-18T13:39:28","date_gmt":"2022-07-18T11:39:28","guid":{"rendered":"https:\/\/ultraviolet.work\/_optionb\/project\/bike-for-brussels\/"},"modified":"2022-07-18T13:39:28","modified_gmt":"2022-07-18T11:39:28","slug":"bike-for-brussels","status":"publish","type":"project","link":"https:\/\/ultraviolet.work\/_optionb\/project\/bike-for-brussels\/","title":{"rendered":"Bike for Brussels"},"content":{"rendered":"<h2>Bike for Brussels<\/h2>\n<h5><\/h5>\n<h4><\/h4>\n<h6><a href=\"https:\/\/www.bike.brussels\/\" target=\"_blank\" rel=\"noopener\">https:\/\/www.bike.brussels\/<\/a><\/h6>\n<p>Une Bruxelles plus belle ? On en r\u00eave tous ! La bonne nouvelle, c\u2019est que chacun d\u2019entre nous peut y contribuer. Comment ? En prenant plus souvent le v\u00e9lo, tout simplement ! Gr\u00e2ce \u00e0 cela, Bruxelles deviendra plus verte, plus s\u00fbre et bien plus agr\u00e9able. Bike for Brussels veut donc mettre en selles tous les Bruxellois.es! Le Tour des frites propose notamment une balade pour d\u00e9couvrir le Bruxelles essentiel. Au programme ? Le Mont des Arts, la place du Jeu de Balle et son quartier des Marolles, la gare de Bruxelles-Midi ou encore le March\u00e9 aux Poissons et son ambiance typique. Bref, vous d\u00e9couvrirez la vie anim\u00e9e de Bruxelles en un seul itin\u00e9raire ! <\/p>\n","protected":false},"excerpt":{"rendered":"<p>Bike for Brussels https:\/\/www.bike.brussels\/ Une Bruxelles plus belle ? On en r\u00eave tous ! La bonne nouvelle, c\u2019est que chacun d\u2019entre nous peut y contribuer. Comment ? En prenant plus souvent le v\u00e9lo, tout simplement ! Gr\u00e2ce \u00e0 cela, Bruxelles deviendra plus verte, plus s\u00fbre et bien plus agr\u00e9able. Bike for Brussels veut donc mettre [&hellip;]<\/p>\n","protected":false},"author":1,"featured_media":19877,"comment_status":"closed","ping_status":"closed","template":"","meta":{"_et_pb_use_builder":"","_et_pb_old_content":"","_et_gb_content_width":"","inline_featured_image":false,"footnotes":""},"project_category":[1288],"project_tag":[],"wf_project_folders":[1284],"class_list":["post-20460","project","type-project","status-publish","has-post-thumbnail","hentry","project_category-balades-a-velo"],"yoast_head":"<!-- This site is optimized with the Yoast SEO plugin v27.5 - https:\/\/yoast.com\/product\/yoast-seo-wordpress\/ -->\n<title>Bike for Brussels - Option-B<\/title>\n<meta name=\"robots\" content=\"noindex, follow\" \/>\n<meta property=\"og:locale\" content=\"fr_FR\" \/>\n<meta property=\"og:type\" content=\"article\" \/>\n<meta property=\"og:title\" content=\"Bike for Brussels - Option-B\" \/>\n<meta property=\"og:description\" content=\"Bike for Brussels https:\/\/www.bike.brussels\/ Une Bruxelles plus belle ? On en r\u00eave tous ! La bonne nouvelle, c\u2019est que chacun d\u2019entre nous peut y contribuer. Comment ? En prenant plus souvent le v\u00e9lo, tout simplement ! Gr\u00e2ce \u00e0 cela, Bruxelles deviendra plus verte, plus s\u00fbre et bien plus agr\u00e9able. Bike for Brussels veut donc mettre [&hellip;]\" \/>\n<meta property=\"og:url\" content=\"https:\/\/ultraviolet.work\/_optionb\/project\/bike-for-brussels\/\" \/>\n<meta property=\"og:site_name\" content=\"Option-B\" \/>\n<meta property=\"og:image\" content=\"https:\/\/ultraviolet.work\/_optionb\/wp-content\/uploads\/2022\/07\/bike-for-brussels-600.jpg\" \/>\n\t<meta property=\"og:image:width\" content=\"600\" \/>\n\t<meta property=\"og:image:height\" content=\"672\" \/>\n\t<meta property=\"og:image:type\" content=\"image\/jpeg\" \/>\n<meta name=\"twitter:card\" content=\"summary_large_image\" \/>\n<meta name=\"twitter:label1\" content=\"Dur\u00e9e de lecture estim\u00e9e\" \/>\n\t<meta name=\"twitter:data1\" content=\"1 minute\" \/>\n<script type=\"application\/ld+json\" class=\"yoast-schema-graph\">{\"@context\":\"https:\\\/\\\/schema.org\",\"@graph\":[{\"@type\":\"WebPage\",\"@id\":\"https:\\\/\\\/ultraviolet.work\\\/_optionb\\\/project\\\/bike-for-brussels\\\/\",\"url\":\"https:\\\/\\\/ultraviolet.work\\\/_optionb\\\/project\\\/bike-for-brussels\\\/\",\"name\":\"Bike for Brussels - Option-B\",\"isPartOf\":{\"@id\":\"https:\\\/\\\/ultraviolet.work\\\/_optionb\\\/#website\"},\"primaryImageOfPage\":{\"@id\":\"https:\\\/\\\/ultraviolet.work\\\/_optionb\\\/project\\\/bike-for-brussels\\\/#primaryimage\"},\"image\":{\"@id\":\"https:\\\/\\\/ultraviolet.work\\\/_optionb\\\/project\\\/bike-for-brussels\\\/#primaryimage\"},\"thumbnailUrl\":\"https:\\\/\\\/ultraviolet.work\\\/_optionb\\\/wp-content\\\/uploads\\\/2022\\\/07\\\/bike-for-brussels-600.jpg\",\"datePublished\":\"2022-07-18T11:39:28+00:00\",\"breadcrumb\":{\"@id\":\"https:\\\/\\\/ultraviolet.work\\\/_optionb\\\/project\\\/bike-for-brussels\\\/#breadcrumb\"},\"inLanguage\":\"fr-FR\",\"potentialAction\":[{\"@type\":\"ReadAction\",\"target\":[\"https:\\\/\\\/ultraviolet.work\\\/_optionb\\\/project\\\/bike-for-brussels\\\/\"]}]},{\"@type\":\"ImageObject\",\"inLanguage\":\"fr-FR\",\"@id\":\"https:\\\/\\\/ultraviolet.work\\\/_optionb\\\/project\\\/bike-for-brussels\\\/#primaryimage\",\"url\":\"https:\\\/\\\/ultraviolet.work\\\/_optionb\\\/wp-content\\\/uploads\\\/2022\\\/07\\\/bike-for-brussels-600.jpg\",\"contentUrl\":\"https:\\\/\\\/ultraviolet.work\\\/_optionb\\\/wp-content\\\/uploads\\\/2022\\\/07\\\/bike-for-brussels-600.jpg\",\"width\":600,\"height\":672},{\"@type\":\"BreadcrumbList\",\"@id\":\"https:\\\/\\\/ultraviolet.work\\\/_optionb\\\/project\\\/bike-for-brussels\\\/#breadcrumb\",\"itemListElement\":[{\"@type\":\"ListItem\",\"position\":1,\"name\":\"Accueil\",\"item\":\"https:\\\/\\\/ultraviolet.work\\\/_optionb\\\/\"},{\"@type\":\"ListItem\",\"position\":2,\"name\":\"Projets\",\"item\":\"https:\\\/\\\/ultraviolet.work\\\/_optionb\\\/project\\\/\"},{\"@type\":\"ListItem\",\"position\":3,\"name\":\"Bike for Brussels\"}]},{\"@type\":\"WebSite\",\"@id\":\"https:\\\/\\\/ultraviolet.work\\\/_optionb\\\/#website\",\"url\":\"https:\\\/\\\/ultraviolet.work\\\/_optionb\\\/\",\"name\":\"Option-B\",\"description\":\"\",\"publisher\":{\"@id\":\"https:\\\/\\\/ultraviolet.work\\\/_optionb\\\/#organization\"},\"potentialAction\":[{\"@type\":\"SearchAction\",\"target\":{\"@type\":\"EntryPoint\",\"urlTemplate\":\"https:\\\/\\\/ultraviolet.work\\\/_optionb\\\/?s={search_term_string}\"},\"query-input\":{\"@type\":\"PropertyValueSpecification\",\"valueRequired\":true,\"valueName\":\"search_term_string\"}}],\"inLanguage\":\"fr-FR\"},{\"@type\":\"Organization\",\"@id\":\"https:\\\/\\\/ultraviolet.work\\\/_optionb\\\/#organization\",\"name\":\"Option-B\",\"url\":\"https:\\\/\\\/ultraviolet.work\\\/_optionb\\\/\",\"logo\":{\"@type\":\"ImageObject\",\"inLanguage\":\"fr-FR\",\"@id\":\"https:\\\/\\\/ultraviolet.work\\\/_optionb\\\/#\\\/schema\\\/logo\\\/image\\\/\",\"url\":\"https:\\\/\\\/ultraviolet.work\\\/_optionb\\\/wp-content\\\/uploads\\\/2022\\\/02\\\/OptionB-B-gen-gris.png\",\"contentUrl\":\"https:\\\/\\\/ultraviolet.work\\\/_optionb\\\/wp-content\\\/uploads\\\/2022\\\/02\\\/OptionB-B-gen-gris.png\",\"width\":512,\"height\":512,\"caption\":\"Option-B\"},\"image\":{\"@id\":\"https:\\\/\\\/ultraviolet.work\\\/_optionb\\\/#\\\/schema\\\/logo\\\/image\\\/\"}}]}<\/script>\n<!-- \/ Yoast SEO plugin. -->","yoast_head_json":{"title":"Bike for Brussels - Option-B","robots":{"index":"noindex","follow":"follow"},"og_locale":"fr_FR","og_type":"article","og_title":"Bike for Brussels - Option-B","og_description":"Bike for Brussels https:\/\/www.bike.brussels\/ Une Bruxelles plus belle ? On en r\u00eave tous ! La bonne nouvelle, c\u2019est que chacun d\u2019entre nous peut y contribuer. Comment ? En prenant plus souvent le v\u00e9lo, tout simplement ! Gr\u00e2ce \u00e0 cela, Bruxelles deviendra plus verte, plus s\u00fbre et bien plus agr\u00e9able. Bike for Brussels veut donc mettre [&hellip;]","og_url":"https:\/\/ultraviolet.work\/_optionb\/project\/bike-for-brussels\/","og_site_name":"Option-B","og_image":[{"width":600,"height":672,"url":"https:\/\/ultraviolet.work\/_optionb\/wp-content\/uploads\/2022\/07\/bike-for-brussels-600.jpg","type":"image\/jpeg"}],"twitter_card":"summary_large_image","twitter_misc":{"Dur\u00e9e de lecture estim\u00e9e":"1 minute"},"schema":{"@context":"https:\/\/schema.org","@graph":[{"@type":"WebPage","@id":"https:\/\/ultraviolet.work\/_optionb\/project\/bike-for-brussels\/","url":"https:\/\/ultraviolet.work\/_optionb\/project\/bike-for-brussels\/","name":"Bike for Brussels - Option-B","isPartOf":{"@id":"https:\/\/ultraviolet.work\/_optionb\/#website"},"primaryImageOfPage":{"@id":"https:\/\/ultraviolet.work\/_optionb\/project\/bike-for-brussels\/#primaryimage"},"image":{"@id":"https:\/\/ultraviolet.work\/_optionb\/project\/bike-for-brussels\/#primaryimage"},"thumbnailUrl":"https:\/\/ultraviolet.work\/_optionb\/wp-content\/uploads\/2022\/07\/bike-for-brussels-600.jpg","datePublished":"2022-07-18T11:39:28+00:00","breadcrumb":{"@id":"https:\/\/ultraviolet.work\/_optionb\/project\/bike-for-brussels\/#breadcrumb"},"inLanguage":"fr-FR","potentialAction":[{"@type":"ReadAction","target":["https:\/\/ultraviolet.work\/_optionb\/project\/bike-for-brussels\/"]}]},{"@type":"ImageObject","inLanguage":"fr-FR","@id":"https:\/\/ultraviolet.work\/_optionb\/project\/bike-for-brussels\/#primaryimage","url":"https:\/\/ultraviolet.work\/_optionb\/wp-content\/uploads\/2022\/07\/bike-for-brussels-600.jpg","contentUrl":"https:\/\/ultraviolet.work\/_optionb\/wp-content\/uploads\/2022\/07\/bike-for-brussels-600.jpg","width":600,"height":672},{"@type":"BreadcrumbList","@id":"https:\/\/ultraviolet.work\/_optionb\/project\/bike-for-brussels\/#breadcrumb","itemListElement":[{"@type":"ListItem","position":1,"name":"Accueil","item":"https:\/\/ultraviolet.work\/_optionb\/"},{"@type":"ListItem","position":2,"name":"Projets","item":"https:\/\/ultraviolet.work\/_optionb\/project\/"},{"@type":"ListItem","position":3,"name":"Bike for Brussels"}]},{"@type":"WebSite","@id":"https:\/\/ultraviolet.work\/_optionb\/#website","url":"https:\/\/ultraviolet.work\/_optionb\/","name":"Option-B","description":"","publisher":{"@id":"https:\/\/ultraviolet.work\/_optionb\/#organization"},"potentialAction":[{"@type":"SearchAction","target":{"@type":"EntryPoint","urlTemplate":"https:\/\/ultraviolet.work\/_optionb\/?s={search_term_string}"},"query-input":{"@type":"PropertyValueSpecification","valueRequired":true,"valueName":"search_term_string"}}],"inLanguage":"fr-FR"},{"@type":"Organization","@id":"https:\/\/ultraviolet.work\/_optionb\/#organization","name":"Option-B","url":"https:\/\/ultraviolet.work\/_optionb\/","logo":{"@type":"ImageObject","inLanguage":"fr-FR","@id":"https:\/\/ultraviolet.work\/_optionb\/#\/schema\/logo\/image\/","url":"https:\/\/ultraviolet.work\/_optionb\/wp-content\/uploads\/2022\/02\/OptionB-B-gen-gris.png","contentUrl":"https:\/\/ultraviolet.work\/_optionb\/wp-content\/uploads\/2022\/02\/OptionB-B-gen-gris.png","width":512,"height":512,"caption":"Option-B"},"image":{"@id":"https:\/\/ultraviolet.work\/_optionb\/#\/schema\/logo\/image\/"}}]}},"_links":{"self":[{"href":"https:\/\/ultraviolet.work\/_optionb\/wp-json\/wp\/v2\/project\/20460","targetHints":{"allow":["GET"]}}],"collection":[{"href":"https:\/\/ultraviolet.work\/_optionb\/wp-json\/wp\/v2\/project"}],"about":[{"href":"https:\/\/ultraviolet.work\/_optionb\/wp-json\/wp\/v2\/types\/project"}],"author":[{"embeddable":true,"href":"https:\/\/ultraviolet.work\/_optionb\/wp-json\/wp\/v2\/users\/1"}],"replies":[{"embeddable":true,"href":"https:\/\/ultraviolet.work\/_optionb\/wp-json\/wp\/v2\/comments?post=20460"}],"version-history":[{"count":0,"href":"https:\/\/ultraviolet.work\/_optionb\/wp-json\/wp\/v2\/project\/20460\/revisions"}],"wp:featuredmedia":[{"embeddable":true,"href":"https:\/\/ultraviolet.work\/_optionb\/wp-json\/wp\/v2\/media\/19877"}],"wp:attachment":[{"href":"https:\/\/ultraviolet.work\/_optionb\/wp-json\/wp\/v2\/media?parent=20460"}],"wp:term":[{"taxonomy":"project_category","embeddable":true,"href":"https:\/\/ultraviolet.work\/_optionb\/wp-json\/wp\/v2\/project_category?post=20460"},{"taxonomy":"project_tag","embeddable":true,"href":"https:\/\/ultraviolet.work\/_optionb\/wp-json\/wp\/v2\/project_tag?post=20460"},{"taxonomy":"wf_project_folders","embeddable":true,"href":"https:\/\/ultraviolet.work\/_optionb\/wp-json\/wp\/v2\/wf_project_folders?post=20460"}],"curies":[{"name":"wp","href":"https:\/\/api.w.org\/{rel}","templated":true}]}}

<h2>Bike for Brussels</h2>
<h5></h5>
<h4></h4>
<h6><a href="https://www.bike.brussels/" target="_blank" rel="noopener">https://www.bike.brussels/</a></h6>
<p>Une Bruxelles plus belle ? On en rêve tous ! La bonne nouvelle, c’est que chacun d’entre nous peut y contribuer. Comment ? En prenant plus souvent le vélo, tout simplement ! Grâce à cela, Bruxelles deviendra plus verte, plus sûre et bien plus agréable. Bike for Brussels veut donc mettre en selles tous les Bruxellois.es! Le Tour des frites propose notamment une balade pour découvrir le Bruxelles essentiel. Au programme ? Le Mont des Arts, la place du Jeu de Balle et son quartier des Marolles, la gare de Bruxelles-Midi ou encore le Marché aux Poissons et son ambiance typique. Bref, vous découvrirez la vie animée de Bruxelles en un seul itinéraire ! </p>

<p>Bike for Brussels https://www.bike.brussels/ Une Bruxelles plus belle ? On en rêve tous ! La bonne nouvelle, c’est que chacun d’entre nous peut y contribuer. Comment ? En prenant plus souvent le vélo, tout simplement ! Grâce à cela, Bruxelles deviendra plus verte, plus sûre et bien plus agréable. Bike for Brussels veut donc mettre [&hellip;]</p>

<!-- This site is optimized with the Yoast SEO plugin v27.5 - https://yoast.com/product/yoast-seo-wordpress/ -->
<title>Bike for Brussels - Option-B</title>
<meta name="robots" content="noindex, follow" />
<meta property="og:locale" content="fr_FR" />
<meta property="og:type" content="article" />
<meta property="og:title" content="Bike for Brussels - Option-B" />
<meta property="og:description" content="Bike for Brussels https://www.bike.brussels/ Une Bruxelles plus belle ? On en rêve tous ! La bonne nouvelle, c’est que chacun d’entre nous peut y contribuer. Comment ? En prenant plus souvent le vélo, tout simplement ! Grâce à cela, Bruxelles deviendra plus verte, plus sûre et bien plus agréable. Bike for Brussels veut donc mettre [&hellip;]" />
<meta property="og:url" content="https://ultraviolet.work/_optionb/project/bike-for-brussels/" />
<meta property="og:site_name" content="Option-B" />
<meta property="og:image" content="https://ultraviolet.work/_optionb/wp-content/uploads/2022/07/bike-for-brussels-600.jpg" />
	<meta property="og:image:width" content="600" />
	<meta property="og:image:height" content="672" />
	<meta property="og:image:type" content="image/jpeg" />
<meta name="twitter:card" content="summary_large_image" />
<meta name="twitter:label1" content="Durée de lecture estimée" />
	<meta name="twitter:data1" content="1 minute" />
<script type="application/ld+json" class="yoast-schema-graph">{"@context":"https:\/\/schema.org","@graph":[{"@type":"WebPage","@id":"https:\/\/ultraviolet.work\/_optionb\/project\/bike-for-brussels\/","url":"https:\/\/ultraviolet.work\/_optionb\/project\/bike-for-brussels\/","name":"Bike for Brussels - Option-B","isPartOf":{"@id":"https:\/\/ultraviolet.work\/_optionb\/#website"},"primaryImageOfPage":{"@id":"https:\/\/ultraviolet.work\/_optionb\/project\/bike-for-brussels\/#primaryimage"},"image":{"@id":"https:\/\/ultraviolet.work\/_optionb\/project\/bike-for-brussels\/#primaryimage"},"thumbnailUrl":"https:\/\/ultraviolet.work\/_optionb\/wp-content\/uploads\/2022\/07\/bike-for-brussels-600.jpg","datePublished":"2022-07-18T11:39:28+00:00","breadcrumb":{"@id":"https:\/\/ultraviolet.work\/_optionb\/project\/bike-for-brussels\/#breadcrumb"},"inLanguage":"fr-FR","potentialAction":[{"@type":"ReadAction","target":["https:\/\/ultraviolet.work\/_optionb\/project\/bike-for-brussels\/"]}]},{"@type":"ImageObject","inLanguage":"fr-FR","@id":"https:\/\/ultraviolet.work\/_optionb\/project\/bike-for-brussels\/#primaryimage","url":"https:\/\/ultraviolet.work\/_optionb\/wp-content\/uploads\/2022\/07\/bike-for-brussels-600.jpg","contentUrl":"https:\/\/ultraviolet.work\/_optionb\/wp-content\/uploads\/2022\/07\/bike-for-brussels-600.jpg","width":600,"height":672},{"@type":"BreadcrumbList","@id":"https:\/\/ultraviolet.work\/_optionb\/project\/bike-for-brussels\/#breadcrumb","itemListElement":[{"@type":"ListItem","position":1,"name":"Accueil","item":"https:\/\/ultraviolet.work\/_optionb\/"},{"@type":"ListItem","position":2,"name":"Projets","item":"https:\/\/ultraviolet.work\/_optionb\/project\/"},{"@type":"ListItem","position":3,"name":"Bike for Brussels"}]},{"@type":"WebSite","@id":"https:\/\/ultraviolet.work\/_optionb\/#website","url":"https:\/\/ultraviolet.work\/_optionb\/","name":"Option-B","description":"","publisher":{"@id":"https:\/\/ultraviolet.work\/_optionb\/#organization"},"potentialAction":[{"@type":"SearchAction","target":{"@type":"EntryPoint","urlTemplate":"https:\/\/ultraviolet.work\/_optionb\/?s={search_term_string}"},"query-input":{"@type":"PropertyValueSpecification","valueRequired":true,"valueName":"search_term_string"}}],"inLanguage":"fr-FR"},{"@type":"Organization","@id":"https:\/\/ultraviolet.work\/_optionb\/#organization","name":"Option-B","url":"https:\/\/ultraviolet.work\/_optionb\/","logo":{"@type":"ImageObject","inLanguage":"fr-FR","@id":"https:\/\/ultraviolet.work\/_optionb\/#\/schema\/logo\/image\/","url":"https:\/\/ultraviolet.work\/_optionb\/wp-content\/uploads\/2022\/02\/OptionB-B-gen-gris.png","contentUrl":"https:\/\/ultraviolet.work\/_optionb\/wp-content\/uploads\/2022\/02\/OptionB-B-gen-gris.png","width":512,"height":512,"caption":"Option-B"},"image":{"@id":"https:\/\/ultraviolet.work\/_optionb\/#\/schema\/logo\/image\/"}}]}</script>
<!-- / Yoast SEO plugin. -->

Bike for Brussels https://www.bike.brussels/ Une Bruxelles plus belle ? On en rêve tous ! La bonne nouvelle, c’est que chacun d’entre nous peut y contribuer. Comment ? En prenant plus souvent le vélo, tout simplement ! Grâce à cela, Bruxelles deviendra plus verte, plus sûre et bien plus agréable. Bike for Brussels veut donc mettre [&hellip;]
