{"id":21368,"date":"2022-09-14T09:47:49","date_gmt":"2022-09-14T07:47:49","guid":{"rendered":"https:\/\/ultraviolet.work\/_optionb\/project\/passage-du-nord\/"},"modified":"2022-09-14T09:47:49","modified_gmt":"2022-09-14T07:47:49","slug":"passage-du-nord","status":"publish","type":"project","link":"https:\/\/ultraviolet.work\/_optionb\/project\/passage-du-nord\/","title":{"rendered":"Passage du Nord"},"content":{"rendered":"<h2>Passage du Nord<\/h2>\n<h5><\/h5>\n<h4>Rue Neuve 40, 1000 Bruxelles<\/h4>\n<h6><a href=\"http:\/\/www.passagedunord.be\/\" target=\"_blank\" rel=\"noopener\">http:\/\/www.passagedunord.be\/<\/a><\/h6>\n<p>H. Rieck, 1182 |\u00a0Lorsqu\u2019elle est cr\u00e9\u00e9e en 1881-1882, la galerie commer\u00e7ante du Passage du Nord a pour but de relier le boulevard Adolphe Max \u00e0 la rue Neuve, alors que s\u2019entament les grands travaux du voutement de la Senne. Le Passage du Nord, de par ses lumi\u00e8res, ses statues et sa complexit\u00e9 architecturale, est un must \u00e0 visiter \u00e0 Bruxelles<\/p>\n","protected":false},"excerpt":{"rendered":"<p>Passage du Nord Rue Neuve 40, 1000 Bruxelles http:\/\/www.passagedunord.be\/ H. Rieck, 1182 |\u00a0Lorsqu\u2019elle est cr\u00e9\u00e9e en 1881-1882, la galerie commer\u00e7ante du Passage du Nord a pour but de relier le boulevard Adolphe Max \u00e0 la rue Neuve, alors que s\u2019entament les grands travaux du voutement de la Senne. Le Passage du Nord, de par ses [&hellip;]<\/p>\n","protected":false},"author":1,"featured_media":21278,"comment_status":"closed","ping_status":"closed","template":"","meta":{"_et_pb_use_builder":"","_et_pb_old_content":"","_et_gb_content_width":"","inline_featured_image":false,"footnotes":""},"project_category":[1410],"project_tag":[],"wf_project_folders":[1420],"class_list":["post-21368","project","type-project","status-publish","has-post-thumbnail","hentry","project_category-urban-design-architecture"],"yoast_head":"<!-- This site is optimized with the Yoast SEO plugin v27.5 - https:\/\/yoast.com\/product\/yoast-seo-wordpress\/ -->\n<title>Passage du Nord - Option-B<\/title>\n<meta name=\"robots\" content=\"noindex, follow\" \/>\n<meta property=\"og:locale\" content=\"fr_FR\" \/>\n<meta property=\"og:type\" content=\"article\" \/>\n<meta property=\"og:title\" content=\"Passage du Nord - Option-B\" \/>\n<meta property=\"og:description\" content=\"Passage du Nord Rue Neuve 40, 1000 Bruxelles http:\/\/www.passagedunord.be\/ H. Rieck, 1182 |\u00a0Lorsqu\u2019elle est cr\u00e9\u00e9e en 1881-1882, la galerie commer\u00e7ante du Passage du Nord a pour but de relier le boulevard Adolphe Max \u00e0 la rue Neuve, alors que s\u2019entament les grands travaux du voutement de la Senne. Le Passage du Nord, de par ses [&hellip;]\" \/>\n<meta property=\"og:url\" content=\"https:\/\/ultraviolet.work\/_optionb\/project\/passage-du-nord\/\" \/>\n<meta property=\"og:site_name\" content=\"Option-B\" \/>\n<meta property=\"og:image\" content=\"https:\/\/ultraviolet.work\/_optionb\/wp-content\/uploads\/2022\/09\/passage-du-nord-600.jpg\" \/>\n\t<meta property=\"og:image:width\" content=\"600\" \/>\n\t<meta property=\"og:image:height\" content=\"745\" \/>\n\t<meta property=\"og:image:type\" content=\"image\/jpeg\" \/>\n<meta name=\"twitter:card\" content=\"summary_large_image\" \/>\n<script type=\"application\/ld+json\" class=\"yoast-schema-graph\">{\"@context\":\"https:\\\/\\\/schema.org\",\"@graph\":[{\"@type\":\"WebPage\",\"@id\":\"https:\\\/\\\/ultraviolet.work\\\/_optionb\\\/project\\\/passage-du-nord\\\/\",\"url\":\"https:\\\/\\\/ultraviolet.work\\\/_optionb\\\/project\\\/passage-du-nord\\\/\",\"name\":\"Passage du Nord - Option-B\",\"isPartOf\":{\"@id\":\"https:\\\/\\\/ultraviolet.work\\\/_optionb\\\/#website\"},\"primaryImageOfPage\":{\"@id\":\"https:\\\/\\\/ultraviolet.work\\\/_optionb\\\/project\\\/passage-du-nord\\\/#primaryimage\"},\"image\":{\"@id\":\"https:\\\/\\\/ultraviolet.work\\\/_optionb\\\/project\\\/passage-du-nord\\\/#primaryimage\"},\"thumbnailUrl\":\"https:\\\/\\\/ultraviolet.work\\\/_optionb\\\/wp-content\\\/uploads\\\/2022\\\/09\\\/passage-du-nord-600.jpg\",\"datePublished\":\"2022-09-14T07:47:49+00:00\",\"breadcrumb\":{\"@id\":\"https:\\\/\\\/ultraviolet.work\\\/_optionb\\\/project\\\/passage-du-nord\\\/#breadcrumb\"},\"inLanguage\":\"fr-FR\",\"potentialAction\":[{\"@type\":\"ReadAction\",\"target\":[\"https:\\\/\\\/ultraviolet.work\\\/_optionb\\\/project\\\/passage-du-nord\\\/\"]}]},{\"@type\":\"ImageObject\",\"inLanguage\":\"fr-FR\",\"@id\":\"https:\\\/\\\/ultraviolet.work\\\/_optionb\\\/project\\\/passage-du-nord\\\/#primaryimage\",\"url\":\"https:\\\/\\\/ultraviolet.work\\\/_optionb\\\/wp-content\\\/uploads\\\/2022\\\/09\\\/passage-du-nord-600.jpg\",\"contentUrl\":\"https:\\\/\\\/ultraviolet.work\\\/_optionb\\\/wp-content\\\/uploads\\\/2022\\\/09\\\/passage-du-nord-600.jpg\",\"width\":600,\"height\":745},{\"@type\":\"BreadcrumbList\",\"@id\":\"https:\\\/\\\/ultraviolet.work\\\/_optionb\\\/project\\\/passage-du-nord\\\/#breadcrumb\",\"itemListElement\":[{\"@type\":\"ListItem\",\"position\":1,\"name\":\"Accueil\",\"item\":\"https:\\\/\\\/ultraviolet.work\\\/_optionb\\\/\"},{\"@type\":\"ListItem\",\"position\":2,\"name\":\"Projets\",\"item\":\"https:\\\/\\\/ultraviolet.work\\\/_optionb\\\/project\\\/\"},{\"@type\":\"ListItem\",\"position\":3,\"name\":\"Passage du Nord\"}]},{\"@type\":\"WebSite\",\"@id\":\"https:\\\/\\\/ultraviolet.work\\\/_optionb\\\/#website\",\"url\":\"https:\\\/\\\/ultraviolet.work\\\/_optionb\\\/\",\"name\":\"Option-B\",\"description\":\"\",\"publisher\":{\"@id\":\"https:\\\/\\\/ultraviolet.work\\\/_optionb\\\/#organization\"},\"potentialAction\":[{\"@type\":\"SearchAction\",\"target\":{\"@type\":\"EntryPoint\",\"urlTemplate\":\"https:\\\/\\\/ultraviolet.work\\\/_optionb\\\/?s={search_term_string}\"},\"query-input\":{\"@type\":\"PropertyValueSpecification\",\"valueRequired\":true,\"valueName\":\"search_term_string\"}}],\"inLanguage\":\"fr-FR\"},{\"@type\":\"Organization\",\"@id\":\"https:\\\/\\\/ultraviolet.work\\\/_optionb\\\/#organization\",\"name\":\"Option-B\",\"url\":\"https:\\\/\\\/ultraviolet.work\\\/_optionb\\\/\",\"logo\":{\"@type\":\"ImageObject\",\"inLanguage\":\"fr-FR\",\"@id\":\"https:\\\/\\\/ultraviolet.work\\\/_optionb\\\/#\\\/schema\\\/logo\\\/image\\\/\",\"url\":\"https:\\\/\\\/ultraviolet.work\\\/_optionb\\\/wp-content\\\/uploads\\\/2022\\\/02\\\/OptionB-B-gen-gris.png\",\"contentUrl\":\"https:\\\/\\\/ultraviolet.work\\\/_optionb\\\/wp-content\\\/uploads\\\/2022\\\/02\\\/OptionB-B-gen-gris.png\",\"width\":512,\"height\":512,\"caption\":\"Option-B\"},\"image\":{\"@id\":\"https:\\\/\\\/ultraviolet.work\\\/_optionb\\\/#\\\/schema\\\/logo\\\/image\\\/\"}}]}<\/script>\n<!-- \/ Yoast SEO plugin. -->","yoast_head_json":{"title":"Passage du Nord - Option-B","robots":{"index":"noindex","follow":"follow"},"og_locale":"fr_FR","og_type":"article","og_title":"Passage du Nord - Option-B","og_description":"Passage du Nord Rue Neuve 40, 1000 Bruxelles http:\/\/www.passagedunord.be\/ H. Rieck, 1182 |\u00a0Lorsqu\u2019elle est cr\u00e9\u00e9e en 1881-1882, la galerie commer\u00e7ante du Passage du Nord a pour but de relier le boulevard Adolphe Max \u00e0 la rue Neuve, alors que s\u2019entament les grands travaux du voutement de la Senne. Le Passage du Nord, de par ses [&hellip;]","og_url":"https:\/\/ultraviolet.work\/_optionb\/project\/passage-du-nord\/","og_site_name":"Option-B","og_image":[{"width":600,"height":745,"url":"https:\/\/ultraviolet.work\/_optionb\/wp-content\/uploads\/2022\/09\/passage-du-nord-600.jpg","type":"image\/jpeg"}],"twitter_card":"summary_large_image","schema":{"@context":"https:\/\/schema.org","@graph":[{"@type":"WebPage","@id":"https:\/\/ultraviolet.work\/_optionb\/project\/passage-du-nord\/","url":"https:\/\/ultraviolet.work\/_optionb\/project\/passage-du-nord\/","name":"Passage du Nord - Option-B","isPartOf":{"@id":"https:\/\/ultraviolet.work\/_optionb\/#website"},"primaryImageOfPage":{"@id":"https:\/\/ultraviolet.work\/_optionb\/project\/passage-du-nord\/#primaryimage"},"image":{"@id":"https:\/\/ultraviolet.work\/_optionb\/project\/passage-du-nord\/#primaryimage"},"thumbnailUrl":"https:\/\/ultraviolet.work\/_optionb\/wp-content\/uploads\/2022\/09\/passage-du-nord-600.jpg","datePublished":"2022-09-14T07:47:49+00:00","breadcrumb":{"@id":"https:\/\/ultraviolet.work\/_optionb\/project\/passage-du-nord\/#breadcrumb"},"inLanguage":"fr-FR","potentialAction":[{"@type":"ReadAction","target":["https:\/\/ultraviolet.work\/_optionb\/project\/passage-du-nord\/"]}]},{"@type":"ImageObject","inLanguage":"fr-FR","@id":"https:\/\/ultraviolet.work\/_optionb\/project\/passage-du-nord\/#primaryimage","url":"https:\/\/ultraviolet.work\/_optionb\/wp-content\/uploads\/2022\/09\/passage-du-nord-600.jpg","contentUrl":"https:\/\/ultraviolet.work\/_optionb\/wp-content\/uploads\/2022\/09\/passage-du-nord-600.jpg","width":600,"height":745},{"@type":"BreadcrumbList","@id":"https:\/\/ultraviolet.work\/_optionb\/project\/passage-du-nord\/#breadcrumb","itemListElement":[{"@type":"ListItem","position":1,"name":"Accueil","item":"https:\/\/ultraviolet.work\/_optionb\/"},{"@type":"ListItem","position":2,"name":"Projets","item":"https:\/\/ultraviolet.work\/_optionb\/project\/"},{"@type":"ListItem","position":3,"name":"Passage du Nord"}]},{"@type":"WebSite","@id":"https:\/\/ultraviolet.work\/_optionb\/#website","url":"https:\/\/ultraviolet.work\/_optionb\/","name":"Option-B","description":"","publisher":{"@id":"https:\/\/ultraviolet.work\/_optionb\/#organization"},"potentialAction":[{"@type":"SearchAction","target":{"@type":"EntryPoint","urlTemplate":"https:\/\/ultraviolet.work\/_optionb\/?s={search_term_string}"},"query-input":{"@type":"PropertyValueSpecification","valueRequired":true,"valueName":"search_term_string"}}],"inLanguage":"fr-FR"},{"@type":"Organization","@id":"https:\/\/ultraviolet.work\/_optionb\/#organization","name":"Option-B","url":"https:\/\/ultraviolet.work\/_optionb\/","logo":{"@type":"ImageObject","inLanguage":"fr-FR","@id":"https:\/\/ultraviolet.work\/_optionb\/#\/schema\/logo\/image\/","url":"https:\/\/ultraviolet.work\/_optionb\/wp-content\/uploads\/2022\/02\/OptionB-B-gen-gris.png","contentUrl":"https:\/\/ultraviolet.work\/_optionb\/wp-content\/uploads\/2022\/02\/OptionB-B-gen-gris.png","width":512,"height":512,"caption":"Option-B"},"image":{"@id":"https:\/\/ultraviolet.work\/_optionb\/#\/schema\/logo\/image\/"}}]}},"_links":{"self":[{"href":"https:\/\/ultraviolet.work\/_optionb\/wp-json\/wp\/v2\/project\/21368","targetHints":{"allow":["GET"]}}],"collection":[{"href":"https:\/\/ultraviolet.work\/_optionb\/wp-json\/wp\/v2\/project"}],"about":[{"href":"https:\/\/ultraviolet.work\/_optionb\/wp-json\/wp\/v2\/types\/project"}],"author":[{"embeddable":true,"href":"https:\/\/ultraviolet.work\/_optionb\/wp-json\/wp\/v2\/users\/1"}],"replies":[{"embeddable":true,"href":"https:\/\/ultraviolet.work\/_optionb\/wp-json\/wp\/v2\/comments?post=21368"}],"version-history":[{"count":0,"href":"https:\/\/ultraviolet.work\/_optionb\/wp-json\/wp\/v2\/project\/21368\/revisions"}],"wp:featuredmedia":[{"embeddable":true,"href":"https:\/\/ultraviolet.work\/_optionb\/wp-json\/wp\/v2\/media\/21278"}],"wp:attachment":[{"href":"https:\/\/ultraviolet.work\/_optionb\/wp-json\/wp\/v2\/media?parent=21368"}],"wp:term":[{"taxonomy":"project_category","embeddable":true,"href":"https:\/\/ultraviolet.work\/_optionb\/wp-json\/wp\/v2\/project_category?post=21368"},{"taxonomy":"project_tag","embeddable":true,"href":"https:\/\/ultraviolet.work\/_optionb\/wp-json\/wp\/v2\/project_tag?post=21368"},{"taxonomy":"wf_project_folders","embeddable":true,"href":"https:\/\/ultraviolet.work\/_optionb\/wp-json\/wp\/v2\/wf_project_folders?post=21368"}],"curies":[{"name":"wp","href":"https:\/\/api.w.org\/{rel}","templated":true}]}}

<h2>Passage du Nord</h2>
<h5></h5>
<h4>Rue Neuve 40, 1000 Bruxelles</h4>
<h6><a href="http://www.passagedunord.be/" target="_blank" rel="noopener">http://www.passagedunord.be/</a></h6>
<p>H. Rieck, 1182 | Lorsqu’elle est créée en 1881-1882, la galerie commerçante du Passage du Nord a pour but de relier le boulevard Adolphe Max à la rue Neuve, alors que s’entament les grands travaux du voutement de la Senne. Le Passage du Nord, de par ses lumières, ses statues et sa complexité architecturale, est un must à visiter à Bruxelles</p>

<p>Passage du Nord Rue Neuve 40, 1000 Bruxelles http://www.passagedunord.be/ H. Rieck, 1182 | Lorsqu’elle est créée en 1881-1882, la galerie commerçante du Passage du Nord a pour but de relier le boulevard Adolphe Max à la rue Neuve, alors que s’entament les grands travaux du voutement de la Senne. Le Passage du Nord, de par ses [&hellip;]</p>

<!-- This site is optimized with the Yoast SEO plugin v27.5 - https://yoast.com/product/yoast-seo-wordpress/ -->
<title>Passage du Nord - Option-B</title>
<meta name="robots" content="noindex, follow" />
<meta property="og:locale" content="fr_FR" />
<meta property="og:type" content="article" />
<meta property="og:title" content="Passage du Nord - Option-B" />
<meta property="og:description" content="Passage du Nord Rue Neuve 40, 1000 Bruxelles http://www.passagedunord.be/ H. Rieck, 1182 | Lorsqu’elle est créée en 1881-1882, la galerie commerçante du Passage du Nord a pour but de relier le boulevard Adolphe Max à la rue Neuve, alors que s’entament les grands travaux du voutement de la Senne. Le Passage du Nord, de par ses [&hellip;]" />
<meta property="og:url" content="https://ultraviolet.work/_optionb/project/passage-du-nord/" />
<meta property="og:site_name" content="Option-B" />
<meta property="og:image" content="https://ultraviolet.work/_optionb/wp-content/uploads/2022/09/passage-du-nord-600.jpg" />
	<meta property="og:image:width" content="600" />
	<meta property="og:image:height" content="745" />
	<meta property="og:image:type" content="image/jpeg" />
<meta name="twitter:card" content="summary_large_image" />
<script type="application/ld+json" class="yoast-schema-graph">{"@context":"https:\/\/schema.org","@graph":[{"@type":"WebPage","@id":"https:\/\/ultraviolet.work\/_optionb\/project\/passage-du-nord\/","url":"https:\/\/ultraviolet.work\/_optionb\/project\/passage-du-nord\/","name":"Passage du Nord - Option-B","isPartOf":{"@id":"https:\/\/ultraviolet.work\/_optionb\/#website"},"primaryImageOfPage":{"@id":"https:\/\/ultraviolet.work\/_optionb\/project\/passage-du-nord\/#primaryimage"},"image":{"@id":"https:\/\/ultraviolet.work\/_optionb\/project\/passage-du-nord\/#primaryimage"},"thumbnailUrl":"https:\/\/ultraviolet.work\/_optionb\/wp-content\/uploads\/2022\/09\/passage-du-nord-600.jpg","datePublished":"2022-09-14T07:47:49+00:00","breadcrumb":{"@id":"https:\/\/ultraviolet.work\/_optionb\/project\/passage-du-nord\/#breadcrumb"},"inLanguage":"fr-FR","potentialAction":[{"@type":"ReadAction","target":["https:\/\/ultraviolet.work\/_optionb\/project\/passage-du-nord\/"]}]},{"@type":"ImageObject","inLanguage":"fr-FR","@id":"https:\/\/ultraviolet.work\/_optionb\/project\/passage-du-nord\/#primaryimage","url":"https:\/\/ultraviolet.work\/_optionb\/wp-content\/uploads\/2022\/09\/passage-du-nord-600.jpg","contentUrl":"https:\/\/ultraviolet.work\/_optionb\/wp-content\/uploads\/2022\/09\/passage-du-nord-600.jpg","width":600,"height":745},{"@type":"BreadcrumbList","@id":"https:\/\/ultraviolet.work\/_optionb\/project\/passage-du-nord\/#breadcrumb","itemListElement":[{"@type":"ListItem","position":1,"name":"Accueil","item":"https:\/\/ultraviolet.work\/_optionb\/"},{"@type":"ListItem","position":2,"name":"Projets","item":"https:\/\/ultraviolet.work\/_optionb\/project\/"},{"@type":"ListItem","position":3,"name":"Passage du Nord"}]},{"@type":"WebSite","@id":"https:\/\/ultraviolet.work\/_optionb\/#website","url":"https:\/\/ultraviolet.work\/_optionb\/","name":"Option-B","description":"","publisher":{"@id":"https:\/\/ultraviolet.work\/_optionb\/#organization"},"potentialAction":[{"@type":"SearchAction","target":{"@type":"EntryPoint","urlTemplate":"https:\/\/ultraviolet.work\/_optionb\/?s={search_term_string}"},"query-input":{"@type":"PropertyValueSpecification","valueRequired":true,"valueName":"search_term_string"}}],"inLanguage":"fr-FR"},{"@type":"Organization","@id":"https:\/\/ultraviolet.work\/_optionb\/#organization","name":"Option-B","url":"https:\/\/ultraviolet.work\/_optionb\/","logo":{"@type":"ImageObject","inLanguage":"fr-FR","@id":"https:\/\/ultraviolet.work\/_optionb\/#\/schema\/logo\/image\/","url":"https:\/\/ultraviolet.work\/_optionb\/wp-content\/uploads\/2022\/02\/OptionB-B-gen-gris.png","contentUrl":"https:\/\/ultraviolet.work\/_optionb\/wp-content\/uploads\/2022\/02\/OptionB-B-gen-gris.png","width":512,"height":512,"caption":"Option-B"},"image":{"@id":"https:\/\/ultraviolet.work\/_optionb\/#\/schema\/logo\/image\/"}}]}</script>
<!-- / Yoast SEO plugin. -->

Passage du Nord Rue Neuve 40, 1000 Bruxelles http://www.passagedunord.be/ H. Rieck, 1182 | Lorsqu’elle est créée en 1881-1882, la galerie commerçante du Passage du Nord a pour but de relier le boulevard Adolphe Max à la rue Neuve, alors que s’entament les grands travaux du voutement de la Senne. Le Passage du Nord, de par ses [&hellip;]
