{"id":21370,"date":"2022-09-14T09:47:54","date_gmt":"2022-09-14T07:47:54","guid":{"rendered":"https:\/\/ultraviolet.work\/_optionb\/project\/parlement-bruxellois\/"},"modified":"2022-09-14T09:47:54","modified_gmt":"2022-09-14T07:47:54","slug":"parlement-bruxellois","status":"publish","type":"project","link":"https:\/\/ultraviolet.work\/_optionb\/project\/parlement-bruxellois\/","title":{"rendered":"Parlement bruxellois"},"content":{"rendered":"<h2>Parlement bruxellois<\/h2>\n<h5><\/h5>\n<h4>Rue du Lombard 77, 1000 Bruxelles<\/h4>\n<h6><a href=\"\" target=\"_blank\" rel=\"noopener\"><\/a><\/h6>\n<p>Marcos Alvarez, 2013 | Le b\u00e2timent du Parlement bruxellois est en fait un projet mixte qui combine construction neuve et r\u00e9habilitation en espace polyvalent d\u2019un b\u00e2timent Renaissance \u00e0 valeur patrimoniale. Plut\u00f4t que de fondre de mani\u00e8re anonyme la construction neuve dans le contexte existant, ses concepteurs ont opt\u00e9 pour une confrontation harmonieuse bien qu\u2019os\u00e9e, exprim\u00e9e par des fa\u00e7ades \u2019\u2019double peau\u2019\u2019. La membrane ext\u00e9rieure qui enveloppe l\u2019immeuble de bureaux se compose en effet d\u2019une \u00e9tonnante r\u00e9sille en m\u00e9tal noir \u2013 combinaison de formes polygonales \u00e9tablie par formule math\u00e9matique (\u2018\u2018vorono\u00efdes\u2019\u2019) \u2013 et de panneaux en verre d\u2019un blanc laiteux \u00e0 la fois doux et lumineux.<\/p>\n","protected":false},"excerpt":{"rendered":"<p>Parlement bruxellois Rue du Lombard 77, 1000 Bruxelles Marcos Alvarez, 2013 | Le b\u00e2timent du Parlement bruxellois est en fait un projet mixte qui combine construction neuve et r\u00e9habilitation en espace polyvalent d\u2019un b\u00e2timent Renaissance \u00e0 valeur patrimoniale. Plut\u00f4t que de fondre de mani\u00e8re anonyme la construction neuve dans le contexte existant, ses concepteurs ont [&hellip;]<\/p>\n","protected":false},"author":1,"featured_media":21276,"comment_status":"closed","ping_status":"closed","template":"","meta":{"_et_pb_use_builder":"","_et_pb_old_content":"","_et_gb_content_width":"","inline_featured_image":false,"footnotes":""},"project_category":[1410],"project_tag":[],"wf_project_folders":[1420],"class_list":["post-21370","project","type-project","status-publish","has-post-thumbnail","hentry","project_category-urban-design-architecture"],"yoast_head":"<!-- This site is optimized with the Yoast SEO plugin v27.5 - https:\/\/yoast.com\/product\/yoast-seo-wordpress\/ -->\n<title>Parlement bruxellois - Option-B<\/title>\n<meta name=\"robots\" content=\"noindex, follow\" \/>\n<meta property=\"og:locale\" content=\"fr_FR\" \/>\n<meta property=\"og:type\" content=\"article\" \/>\n<meta property=\"og:title\" content=\"Parlement bruxellois - Option-B\" \/>\n<meta property=\"og:description\" content=\"Parlement bruxellois Rue du Lombard 77, 1000 Bruxelles Marcos Alvarez, 2013 | Le b\u00e2timent du Parlement bruxellois est en fait un projet mixte qui combine construction neuve et r\u00e9habilitation en espace polyvalent d\u2019un b\u00e2timent Renaissance \u00e0 valeur patrimoniale. Plut\u00f4t que de fondre de mani\u00e8re anonyme la construction neuve dans le contexte existant, ses concepteurs ont [&hellip;]\" \/>\n<meta property=\"og:url\" content=\"https:\/\/ultraviolet.work\/_optionb\/project\/parlement-bruxellois\/\" \/>\n<meta property=\"og:site_name\" content=\"Option-B\" \/>\n<meta property=\"og:image\" content=\"https:\/\/ultraviolet.work\/_optionb\/wp-content\/uploads\/2022\/09\/parlement-bruxellois-600.jpg\" \/>\n\t<meta property=\"og:image:width\" content=\"600\" \/>\n\t<meta property=\"og:image:height\" content=\"639\" \/>\n\t<meta property=\"og:image:type\" content=\"image\/jpeg\" \/>\n<meta name=\"twitter:card\" content=\"summary_large_image\" \/>\n<meta name=\"twitter:label1\" content=\"Dur\u00e9e de lecture estim\u00e9e\" \/>\n\t<meta name=\"twitter:data1\" content=\"1 minute\" \/>\n<script type=\"application\/ld+json\" class=\"yoast-schema-graph\">{\"@context\":\"https:\\\/\\\/schema.org\",\"@graph\":[{\"@type\":\"WebPage\",\"@id\":\"https:\\\/\\\/ultraviolet.work\\\/_optionb\\\/project\\\/parlement-bruxellois\\\/\",\"url\":\"https:\\\/\\\/ultraviolet.work\\\/_optionb\\\/project\\\/parlement-bruxellois\\\/\",\"name\":\"Parlement bruxellois - Option-B\",\"isPartOf\":{\"@id\":\"https:\\\/\\\/ultraviolet.work\\\/_optionb\\\/#website\"},\"primaryImageOfPage\":{\"@id\":\"https:\\\/\\\/ultraviolet.work\\\/_optionb\\\/project\\\/parlement-bruxellois\\\/#primaryimage\"},\"image\":{\"@id\":\"https:\\\/\\\/ultraviolet.work\\\/_optionb\\\/project\\\/parlement-bruxellois\\\/#primaryimage\"},\"thumbnailUrl\":\"https:\\\/\\\/ultraviolet.work\\\/_optionb\\\/wp-content\\\/uploads\\\/2022\\\/09\\\/parlement-bruxellois-600.jpg\",\"datePublished\":\"2022-09-14T07:47:54+00:00\",\"breadcrumb\":{\"@id\":\"https:\\\/\\\/ultraviolet.work\\\/_optionb\\\/project\\\/parlement-bruxellois\\\/#breadcrumb\"},\"inLanguage\":\"fr-FR\",\"potentialAction\":[{\"@type\":\"ReadAction\",\"target\":[\"https:\\\/\\\/ultraviolet.work\\\/_optionb\\\/project\\\/parlement-bruxellois\\\/\"]}]},{\"@type\":\"ImageObject\",\"inLanguage\":\"fr-FR\",\"@id\":\"https:\\\/\\\/ultraviolet.work\\\/_optionb\\\/project\\\/parlement-bruxellois\\\/#primaryimage\",\"url\":\"https:\\\/\\\/ultraviolet.work\\\/_optionb\\\/wp-content\\\/uploads\\\/2022\\\/09\\\/parlement-bruxellois-600.jpg\",\"contentUrl\":\"https:\\\/\\\/ultraviolet.work\\\/_optionb\\\/wp-content\\\/uploads\\\/2022\\\/09\\\/parlement-bruxellois-600.jpg\",\"width\":600,\"height\":639},{\"@type\":\"BreadcrumbList\",\"@id\":\"https:\\\/\\\/ultraviolet.work\\\/_optionb\\\/project\\\/parlement-bruxellois\\\/#breadcrumb\",\"itemListElement\":[{\"@type\":\"ListItem\",\"position\":1,\"name\":\"Accueil\",\"item\":\"https:\\\/\\\/ultraviolet.work\\\/_optionb\\\/\"},{\"@type\":\"ListItem\",\"position\":2,\"name\":\"Projets\",\"item\":\"https:\\\/\\\/ultraviolet.work\\\/_optionb\\\/project\\\/\"},{\"@type\":\"ListItem\",\"position\":3,\"name\":\"Parlement bruxellois\"}]},{\"@type\":\"WebSite\",\"@id\":\"https:\\\/\\\/ultraviolet.work\\\/_optionb\\\/#website\",\"url\":\"https:\\\/\\\/ultraviolet.work\\\/_optionb\\\/\",\"name\":\"Option-B\",\"description\":\"\",\"publisher\":{\"@id\":\"https:\\\/\\\/ultraviolet.work\\\/_optionb\\\/#organization\"},\"potentialAction\":[{\"@type\":\"SearchAction\",\"target\":{\"@type\":\"EntryPoint\",\"urlTemplate\":\"https:\\\/\\\/ultraviolet.work\\\/_optionb\\\/?s={search_term_string}\"},\"query-input\":{\"@type\":\"PropertyValueSpecification\",\"valueRequired\":true,\"valueName\":\"search_term_string\"}}],\"inLanguage\":\"fr-FR\"},{\"@type\":\"Organization\",\"@id\":\"https:\\\/\\\/ultraviolet.work\\\/_optionb\\\/#organization\",\"name\":\"Option-B\",\"url\":\"https:\\\/\\\/ultraviolet.work\\\/_optionb\\\/\",\"logo\":{\"@type\":\"ImageObject\",\"inLanguage\":\"fr-FR\",\"@id\":\"https:\\\/\\\/ultraviolet.work\\\/_optionb\\\/#\\\/schema\\\/logo\\\/image\\\/\",\"url\":\"https:\\\/\\\/ultraviolet.work\\\/_optionb\\\/wp-content\\\/uploads\\\/2022\\\/02\\\/OptionB-B-gen-gris.png\",\"contentUrl\":\"https:\\\/\\\/ultraviolet.work\\\/_optionb\\\/wp-content\\\/uploads\\\/2022\\\/02\\\/OptionB-B-gen-gris.png\",\"width\":512,\"height\":512,\"caption\":\"Option-B\"},\"image\":{\"@id\":\"https:\\\/\\\/ultraviolet.work\\\/_optionb\\\/#\\\/schema\\\/logo\\\/image\\\/\"}}]}<\/script>\n<!-- \/ Yoast SEO plugin. -->","yoast_head_json":{"title":"Parlement bruxellois - Option-B","robots":{"index":"noindex","follow":"follow"},"og_locale":"fr_FR","og_type":"article","og_title":"Parlement bruxellois - Option-B","og_description":"Parlement bruxellois Rue du Lombard 77, 1000 Bruxelles Marcos Alvarez, 2013 | Le b\u00e2timent du Parlement bruxellois est en fait un projet mixte qui combine construction neuve et r\u00e9habilitation en espace polyvalent d\u2019un b\u00e2timent Renaissance \u00e0 valeur patrimoniale. Plut\u00f4t que de fondre de mani\u00e8re anonyme la construction neuve dans le contexte existant, ses concepteurs ont [&hellip;]","og_url":"https:\/\/ultraviolet.work\/_optionb\/project\/parlement-bruxellois\/","og_site_name":"Option-B","og_image":[{"width":600,"height":639,"url":"https:\/\/ultraviolet.work\/_optionb\/wp-content\/uploads\/2022\/09\/parlement-bruxellois-600.jpg","type":"image\/jpeg"}],"twitter_card":"summary_large_image","twitter_misc":{"Dur\u00e9e de lecture estim\u00e9e":"1 minute"},"schema":{"@context":"https:\/\/schema.org","@graph":[{"@type":"WebPage","@id":"https:\/\/ultraviolet.work\/_optionb\/project\/parlement-bruxellois\/","url":"https:\/\/ultraviolet.work\/_optionb\/project\/parlement-bruxellois\/","name":"Parlement bruxellois - Option-B","isPartOf":{"@id":"https:\/\/ultraviolet.work\/_optionb\/#website"},"primaryImageOfPage":{"@id":"https:\/\/ultraviolet.work\/_optionb\/project\/parlement-bruxellois\/#primaryimage"},"image":{"@id":"https:\/\/ultraviolet.work\/_optionb\/project\/parlement-bruxellois\/#primaryimage"},"thumbnailUrl":"https:\/\/ultraviolet.work\/_optionb\/wp-content\/uploads\/2022\/09\/parlement-bruxellois-600.jpg","datePublished":"2022-09-14T07:47:54+00:00","breadcrumb":{"@id":"https:\/\/ultraviolet.work\/_optionb\/project\/parlement-bruxellois\/#breadcrumb"},"inLanguage":"fr-FR","potentialAction":[{"@type":"ReadAction","target":["https:\/\/ultraviolet.work\/_optionb\/project\/parlement-bruxellois\/"]}]},{"@type":"ImageObject","inLanguage":"fr-FR","@id":"https:\/\/ultraviolet.work\/_optionb\/project\/parlement-bruxellois\/#primaryimage","url":"https:\/\/ultraviolet.work\/_optionb\/wp-content\/uploads\/2022\/09\/parlement-bruxellois-600.jpg","contentUrl":"https:\/\/ultraviolet.work\/_optionb\/wp-content\/uploads\/2022\/09\/parlement-bruxellois-600.jpg","width":600,"height":639},{"@type":"BreadcrumbList","@id":"https:\/\/ultraviolet.work\/_optionb\/project\/parlement-bruxellois\/#breadcrumb","itemListElement":[{"@type":"ListItem","position":1,"name":"Accueil","item":"https:\/\/ultraviolet.work\/_optionb\/"},{"@type":"ListItem","position":2,"name":"Projets","item":"https:\/\/ultraviolet.work\/_optionb\/project\/"},{"@type":"ListItem","position":3,"name":"Parlement bruxellois"}]},{"@type":"WebSite","@id":"https:\/\/ultraviolet.work\/_optionb\/#website","url":"https:\/\/ultraviolet.work\/_optionb\/","name":"Option-B","description":"","publisher":{"@id":"https:\/\/ultraviolet.work\/_optionb\/#organization"},"potentialAction":[{"@type":"SearchAction","target":{"@type":"EntryPoint","urlTemplate":"https:\/\/ultraviolet.work\/_optionb\/?s={search_term_string}"},"query-input":{"@type":"PropertyValueSpecification","valueRequired":true,"valueName":"search_term_string"}}],"inLanguage":"fr-FR"},{"@type":"Organization","@id":"https:\/\/ultraviolet.work\/_optionb\/#organization","name":"Option-B","url":"https:\/\/ultraviolet.work\/_optionb\/","logo":{"@type":"ImageObject","inLanguage":"fr-FR","@id":"https:\/\/ultraviolet.work\/_optionb\/#\/schema\/logo\/image\/","url":"https:\/\/ultraviolet.work\/_optionb\/wp-content\/uploads\/2022\/02\/OptionB-B-gen-gris.png","contentUrl":"https:\/\/ultraviolet.work\/_optionb\/wp-content\/uploads\/2022\/02\/OptionB-B-gen-gris.png","width":512,"height":512,"caption":"Option-B"},"image":{"@id":"https:\/\/ultraviolet.work\/_optionb\/#\/schema\/logo\/image\/"}}]}},"_links":{"self":[{"href":"https:\/\/ultraviolet.work\/_optionb\/wp-json\/wp\/v2\/project\/21370","targetHints":{"allow":["GET"]}}],"collection":[{"href":"https:\/\/ultraviolet.work\/_optionb\/wp-json\/wp\/v2\/project"}],"about":[{"href":"https:\/\/ultraviolet.work\/_optionb\/wp-json\/wp\/v2\/types\/project"}],"author":[{"embeddable":true,"href":"https:\/\/ultraviolet.work\/_optionb\/wp-json\/wp\/v2\/users\/1"}],"replies":[{"embeddable":true,"href":"https:\/\/ultraviolet.work\/_optionb\/wp-json\/wp\/v2\/comments?post=21370"}],"version-history":[{"count":0,"href":"https:\/\/ultraviolet.work\/_optionb\/wp-json\/wp\/v2\/project\/21370\/revisions"}],"wp:featuredmedia":[{"embeddable":true,"href":"https:\/\/ultraviolet.work\/_optionb\/wp-json\/wp\/v2\/media\/21276"}],"wp:attachment":[{"href":"https:\/\/ultraviolet.work\/_optionb\/wp-json\/wp\/v2\/media?parent=21370"}],"wp:term":[{"taxonomy":"project_category","embeddable":true,"href":"https:\/\/ultraviolet.work\/_optionb\/wp-json\/wp\/v2\/project_category?post=21370"},{"taxonomy":"project_tag","embeddable":true,"href":"https:\/\/ultraviolet.work\/_optionb\/wp-json\/wp\/v2\/project_tag?post=21370"},{"taxonomy":"wf_project_folders","embeddable":true,"href":"https:\/\/ultraviolet.work\/_optionb\/wp-json\/wp\/v2\/wf_project_folders?post=21370"}],"curies":[{"name":"wp","href":"https:\/\/api.w.org\/{rel}","templated":true}]}}

<h2>Parlement bruxellois</h2>
<h5></h5>
<h4>Rue du Lombard 77, 1000 Bruxelles</h4>
<h6><a href="" target="_blank" rel="noopener"></a></h6>
<p>Marcos Alvarez, 2013 | Le bâtiment du Parlement bruxellois est en fait un projet mixte qui combine construction neuve et réhabilitation en espace polyvalent d’un bâtiment Renaissance à valeur patrimoniale. Plutôt que de fondre de manière anonyme la construction neuve dans le contexte existant, ses concepteurs ont opté pour une confrontation harmonieuse bien qu’osée, exprimée par des façades ’’double peau’’. La membrane extérieure qui enveloppe l’immeuble de bureaux se compose en effet d’une étonnante résille en métal noir – combinaison de formes polygonales établie par formule mathématique (‘‘voronoïdes’’) – et de panneaux en verre d’un blanc laiteux à la fois doux et lumineux.</p>

<p>Parlement bruxellois Rue du Lombard 77, 1000 Bruxelles Marcos Alvarez, 2013 | Le bâtiment du Parlement bruxellois est en fait un projet mixte qui combine construction neuve et réhabilitation en espace polyvalent d’un bâtiment Renaissance à valeur patrimoniale. Plutôt que de fondre de manière anonyme la construction neuve dans le contexte existant, ses concepteurs ont [&hellip;]</p>

<!-- This site is optimized with the Yoast SEO plugin v27.5 - https://yoast.com/product/yoast-seo-wordpress/ -->
<title>Parlement bruxellois - Option-B</title>
<meta name="robots" content="noindex, follow" />
<meta property="og:locale" content="fr_FR" />
<meta property="og:type" content="article" />
<meta property="og:title" content="Parlement bruxellois - Option-B" />
<meta property="og:description" content="Parlement bruxellois Rue du Lombard 77, 1000 Bruxelles Marcos Alvarez, 2013 | Le bâtiment du Parlement bruxellois est en fait un projet mixte qui combine construction neuve et réhabilitation en espace polyvalent d’un bâtiment Renaissance à valeur patrimoniale. Plutôt que de fondre de manière anonyme la construction neuve dans le contexte existant, ses concepteurs ont [&hellip;]" />
<meta property="og:url" content="https://ultraviolet.work/_optionb/project/parlement-bruxellois/" />
<meta property="og:site_name" content="Option-B" />
<meta property="og:image" content="https://ultraviolet.work/_optionb/wp-content/uploads/2022/09/parlement-bruxellois-600.jpg" />
	<meta property="og:image:width" content="600" />
	<meta property="og:image:height" content="639" />
	<meta property="og:image:type" content="image/jpeg" />
<meta name="twitter:card" content="summary_large_image" />
<meta name="twitter:label1" content="Durée de lecture estimée" />
	<meta name="twitter:data1" content="1 minute" />
<script type="application/ld+json" class="yoast-schema-graph">{"@context":"https:\/\/schema.org","@graph":[{"@type":"WebPage","@id":"https:\/\/ultraviolet.work\/_optionb\/project\/parlement-bruxellois\/","url":"https:\/\/ultraviolet.work\/_optionb\/project\/parlement-bruxellois\/","name":"Parlement bruxellois - Option-B","isPartOf":{"@id":"https:\/\/ultraviolet.work\/_optionb\/#website"},"primaryImageOfPage":{"@id":"https:\/\/ultraviolet.work\/_optionb\/project\/parlement-bruxellois\/#primaryimage"},"image":{"@id":"https:\/\/ultraviolet.work\/_optionb\/project\/parlement-bruxellois\/#primaryimage"},"thumbnailUrl":"https:\/\/ultraviolet.work\/_optionb\/wp-content\/uploads\/2022\/09\/parlement-bruxellois-600.jpg","datePublished":"2022-09-14T07:47:54+00:00","breadcrumb":{"@id":"https:\/\/ultraviolet.work\/_optionb\/project\/parlement-bruxellois\/#breadcrumb"},"inLanguage":"fr-FR","potentialAction":[{"@type":"ReadAction","target":["https:\/\/ultraviolet.work\/_optionb\/project\/parlement-bruxellois\/"]}]},{"@type":"ImageObject","inLanguage":"fr-FR","@id":"https:\/\/ultraviolet.work\/_optionb\/project\/parlement-bruxellois\/#primaryimage","url":"https:\/\/ultraviolet.work\/_optionb\/wp-content\/uploads\/2022\/09\/parlement-bruxellois-600.jpg","contentUrl":"https:\/\/ultraviolet.work\/_optionb\/wp-content\/uploads\/2022\/09\/parlement-bruxellois-600.jpg","width":600,"height":639},{"@type":"BreadcrumbList","@id":"https:\/\/ultraviolet.work\/_optionb\/project\/parlement-bruxellois\/#breadcrumb","itemListElement":[{"@type":"ListItem","position":1,"name":"Accueil","item":"https:\/\/ultraviolet.work\/_optionb\/"},{"@type":"ListItem","position":2,"name":"Projets","item":"https:\/\/ultraviolet.work\/_optionb\/project\/"},{"@type":"ListItem","position":3,"name":"Parlement bruxellois"}]},{"@type":"WebSite","@id":"https:\/\/ultraviolet.work\/_optionb\/#website","url":"https:\/\/ultraviolet.work\/_optionb\/","name":"Option-B","description":"","publisher":{"@id":"https:\/\/ultraviolet.work\/_optionb\/#organization"},"potentialAction":[{"@type":"SearchAction","target":{"@type":"EntryPoint","urlTemplate":"https:\/\/ultraviolet.work\/_optionb\/?s={search_term_string}"},"query-input":{"@type":"PropertyValueSpecification","valueRequired":true,"valueName":"search_term_string"}}],"inLanguage":"fr-FR"},{"@type":"Organization","@id":"https:\/\/ultraviolet.work\/_optionb\/#organization","name":"Option-B","url":"https:\/\/ultraviolet.work\/_optionb\/","logo":{"@type":"ImageObject","inLanguage":"fr-FR","@id":"https:\/\/ultraviolet.work\/_optionb\/#\/schema\/logo\/image\/","url":"https:\/\/ultraviolet.work\/_optionb\/wp-content\/uploads\/2022\/02\/OptionB-B-gen-gris.png","contentUrl":"https:\/\/ultraviolet.work\/_optionb\/wp-content\/uploads\/2022\/02\/OptionB-B-gen-gris.png","width":512,"height":512,"caption":"Option-B"},"image":{"@id":"https:\/\/ultraviolet.work\/_optionb\/#\/schema\/logo\/image\/"}}]}</script>
<!-- / Yoast SEO plugin. -->

Parlement bruxellois Rue du Lombard 77, 1000 Bruxelles Marcos Alvarez, 2013 | Le bâtiment du Parlement bruxellois est en fait un projet mixte qui combine construction neuve et réhabilitation en espace polyvalent d’un bâtiment Renaissance à valeur patrimoniale. Plutôt que de fondre de manière anonyme la construction neuve dans le contexte existant, ses concepteurs ont [&hellip;]
