{"id":21391,"date":"2022-09-14T09:48:38","date_gmt":"2022-09-14T07:48:38","guid":{"rendered":"https:\/\/ultraviolet.work\/_optionb\/project\/mad-brussels\/"},"modified":"2022-09-14T09:48:38","modified_gmt":"2022-09-14T07:48:38","slug":"mad-brussels","status":"publish","type":"project","link":"https:\/\/ultraviolet.work\/_optionb\/project\/mad-brussels\/","title":{"rendered":"MAD Brussels"},"content":{"rendered":"<h2>MAD Brussels<\/h2>\n<h5><\/h5>\n<h4>Pl. du Nouveau March\u00e9 aux Grains 10, 1000 Bruxelles<\/h4>\n<h6><a href=\"https:\/\/mad.brussels\/fr\" target=\"_blank\" rel=\"noopener\">https:\/\/mad.brussels\/fr<\/a><\/h6>\n<p>MAD Brussels est la plateforme bruxelloise d\u2019expertise dans les secteurs de la Mode et du Design. Elle s\u2019emploie \u00e0 renforcer la promotion, \u00e0 accompagner le d\u00e9veloppement des stylistes et designers bruxellois et \u00e0 accro\u00eetre leur rayonnement (inter )national.<br \/>\nL\u2019ouverture en avril 2017 du nouveau b\u00e2timent enti\u00e8rement blanc a marqu\u00e9 une renaissance pour l\u2019asbl, qui dans ce lieu unique multiplie et combine ses actions. Il h\u00e9berge le centre de ressources pour les professionnels des industries cr\u00e9atives aux fili\u00e8res de m\u00e9tiers d\u00e9riv\u00e9es, des espaces de travail polyvalents, lieux de rencontres, d\u2019accueil de cr\u00e9ateurs, d\u2019ateliers, de s\u00e9minaires, ainsi qu\u2019un grand espace d\u00e9di\u00e9 aux activit\u00e9s publiques o\u00f9 sont organis\u00e9es chaque ann\u00e9e de multiples \u00e9v\u00e8nements: expositions, d\u00e9fil\u00e9s, performances artistiques,\u2026<\/p>\n","protected":false},"excerpt":{"rendered":"<p>MAD Brussels Pl. du Nouveau March\u00e9 aux Grains 10, 1000 Bruxelles https:\/\/mad.brussels\/fr MAD Brussels est la plateforme bruxelloise d\u2019expertise dans les secteurs de la Mode et du Design. Elle s\u2019emploie \u00e0 renforcer la promotion, \u00e0 accompagner le d\u00e9veloppement des stylistes et designers bruxellois et \u00e0 accro\u00eetre leur rayonnement (inter )national. L\u2019ouverture en avril 2017 du [&hellip;]<\/p>\n","protected":false},"author":1,"featured_media":21253,"comment_status":"closed","ping_status":"closed","template":"","meta":{"_et_pb_use_builder":"","_et_pb_old_content":"","_et_gb_content_width":"","inline_featured_image":false,"footnotes":""},"project_category":[1416],"project_tag":[],"wf_project_folders":[1420],"class_list":["post-21391","project","type-project","status-publish","has-post-thumbnail","hentry","project_category-agenda"],"yoast_head":"<!-- This site is optimized with the Yoast SEO plugin v27.5 - https:\/\/yoast.com\/product\/yoast-seo-wordpress\/ -->\n<title>MAD Brussels - Option-B<\/title>\n<meta name=\"robots\" content=\"noindex, follow\" \/>\n<meta property=\"og:locale\" content=\"fr_FR\" \/>\n<meta property=\"og:type\" content=\"article\" \/>\n<meta property=\"og:title\" content=\"MAD Brussels - Option-B\" \/>\n<meta property=\"og:description\" content=\"MAD Brussels Pl. du Nouveau March\u00e9 aux Grains 10, 1000 Bruxelles https:\/\/mad.brussels\/fr MAD Brussels est la plateforme bruxelloise d\u2019expertise dans les secteurs de la Mode et du Design. Elle s\u2019emploie \u00e0 renforcer la promotion, \u00e0 accompagner le d\u00e9veloppement des stylistes et designers bruxellois et \u00e0 accro\u00eetre leur rayonnement (inter )national. L\u2019ouverture en avril 2017 du [&hellip;]\" \/>\n<meta property=\"og:url\" content=\"https:\/\/ultraviolet.work\/_optionb\/project\/mad-brussels\/\" \/>\n<meta property=\"og:site_name\" content=\"Option-B\" \/>\n<meta property=\"og:image\" content=\"https:\/\/ultraviolet.work\/_optionb\/wp-content\/uploads\/2022\/09\/mad-brussels-600.jpg\" \/>\n\t<meta property=\"og:image:width\" content=\"600\" \/>\n\t<meta property=\"og:image:height\" content=\"422\" \/>\n\t<meta property=\"og:image:type\" content=\"image\/jpeg\" \/>\n<meta name=\"twitter:card\" content=\"summary_large_image\" \/>\n<meta name=\"twitter:label1\" content=\"Dur\u00e9e de lecture estim\u00e9e\" \/>\n\t<meta name=\"twitter:data1\" content=\"1 minute\" \/>\n<script type=\"application\/ld+json\" class=\"yoast-schema-graph\">{\"@context\":\"https:\\\/\\\/schema.org\",\"@graph\":[{\"@type\":\"WebPage\",\"@id\":\"https:\\\/\\\/ultraviolet.work\\\/_optionb\\\/project\\\/mad-brussels\\\/\",\"url\":\"https:\\\/\\\/ultraviolet.work\\\/_optionb\\\/project\\\/mad-brussels\\\/\",\"name\":\"MAD Brussels - Option-B\",\"isPartOf\":{\"@id\":\"https:\\\/\\\/ultraviolet.work\\\/_optionb\\\/#website\"},\"primaryImageOfPage\":{\"@id\":\"https:\\\/\\\/ultraviolet.work\\\/_optionb\\\/project\\\/mad-brussels\\\/#primaryimage\"},\"image\":{\"@id\":\"https:\\\/\\\/ultraviolet.work\\\/_optionb\\\/project\\\/mad-brussels\\\/#primaryimage\"},\"thumbnailUrl\":\"https:\\\/\\\/ultraviolet.work\\\/_optionb\\\/wp-content\\\/uploads\\\/2022\\\/09\\\/mad-brussels-600.jpg\",\"datePublished\":\"2022-09-14T07:48:38+00:00\",\"breadcrumb\":{\"@id\":\"https:\\\/\\\/ultraviolet.work\\\/_optionb\\\/project\\\/mad-brussels\\\/#breadcrumb\"},\"inLanguage\":\"fr-FR\",\"potentialAction\":[{\"@type\":\"ReadAction\",\"target\":[\"https:\\\/\\\/ultraviolet.work\\\/_optionb\\\/project\\\/mad-brussels\\\/\"]}]},{\"@type\":\"ImageObject\",\"inLanguage\":\"fr-FR\",\"@id\":\"https:\\\/\\\/ultraviolet.work\\\/_optionb\\\/project\\\/mad-brussels\\\/#primaryimage\",\"url\":\"https:\\\/\\\/ultraviolet.work\\\/_optionb\\\/wp-content\\\/uploads\\\/2022\\\/09\\\/mad-brussels-600.jpg\",\"contentUrl\":\"https:\\\/\\\/ultraviolet.work\\\/_optionb\\\/wp-content\\\/uploads\\\/2022\\\/09\\\/mad-brussels-600.jpg\",\"width\":600,\"height\":422},{\"@type\":\"BreadcrumbList\",\"@id\":\"https:\\\/\\\/ultraviolet.work\\\/_optionb\\\/project\\\/mad-brussels\\\/#breadcrumb\",\"itemListElement\":[{\"@type\":\"ListItem\",\"position\":1,\"name\":\"Accueil\",\"item\":\"https:\\\/\\\/ultraviolet.work\\\/_optionb\\\/\"},{\"@type\":\"ListItem\",\"position\":2,\"name\":\"Projets\",\"item\":\"https:\\\/\\\/ultraviolet.work\\\/_optionb\\\/project\\\/\"},{\"@type\":\"ListItem\",\"position\":3,\"name\":\"MAD Brussels\"}]},{\"@type\":\"WebSite\",\"@id\":\"https:\\\/\\\/ultraviolet.work\\\/_optionb\\\/#website\",\"url\":\"https:\\\/\\\/ultraviolet.work\\\/_optionb\\\/\",\"name\":\"Option-B\",\"description\":\"\",\"publisher\":{\"@id\":\"https:\\\/\\\/ultraviolet.work\\\/_optionb\\\/#organization\"},\"potentialAction\":[{\"@type\":\"SearchAction\",\"target\":{\"@type\":\"EntryPoint\",\"urlTemplate\":\"https:\\\/\\\/ultraviolet.work\\\/_optionb\\\/?s={search_term_string}\"},\"query-input\":{\"@type\":\"PropertyValueSpecification\",\"valueRequired\":true,\"valueName\":\"search_term_string\"}}],\"inLanguage\":\"fr-FR\"},{\"@type\":\"Organization\",\"@id\":\"https:\\\/\\\/ultraviolet.work\\\/_optionb\\\/#organization\",\"name\":\"Option-B\",\"url\":\"https:\\\/\\\/ultraviolet.work\\\/_optionb\\\/\",\"logo\":{\"@type\":\"ImageObject\",\"inLanguage\":\"fr-FR\",\"@id\":\"https:\\\/\\\/ultraviolet.work\\\/_optionb\\\/#\\\/schema\\\/logo\\\/image\\\/\",\"url\":\"https:\\\/\\\/ultraviolet.work\\\/_optionb\\\/wp-content\\\/uploads\\\/2022\\\/02\\\/OptionB-B-gen-gris.png\",\"contentUrl\":\"https:\\\/\\\/ultraviolet.work\\\/_optionb\\\/wp-content\\\/uploads\\\/2022\\\/02\\\/OptionB-B-gen-gris.png\",\"width\":512,\"height\":512,\"caption\":\"Option-B\"},\"image\":{\"@id\":\"https:\\\/\\\/ultraviolet.work\\\/_optionb\\\/#\\\/schema\\\/logo\\\/image\\\/\"}}]}<\/script>\n<!-- \/ Yoast SEO plugin. -->","yoast_head_json":{"title":"MAD Brussels - Option-B","robots":{"index":"noindex","follow":"follow"},"og_locale":"fr_FR","og_type":"article","og_title":"MAD Brussels - Option-B","og_description":"MAD Brussels Pl. du Nouveau March\u00e9 aux Grains 10, 1000 Bruxelles https:\/\/mad.brussels\/fr MAD Brussels est la plateforme bruxelloise d\u2019expertise dans les secteurs de la Mode et du Design. Elle s\u2019emploie \u00e0 renforcer la promotion, \u00e0 accompagner le d\u00e9veloppement des stylistes et designers bruxellois et \u00e0 accro\u00eetre leur rayonnement (inter )national. L\u2019ouverture en avril 2017 du [&hellip;]","og_url":"https:\/\/ultraviolet.work\/_optionb\/project\/mad-brussels\/","og_site_name":"Option-B","og_image":[{"width":600,"height":422,"url":"https:\/\/ultraviolet.work\/_optionb\/wp-content\/uploads\/2022\/09\/mad-brussels-600.jpg","type":"image\/jpeg"}],"twitter_card":"summary_large_image","twitter_misc":{"Dur\u00e9e de lecture estim\u00e9e":"1 minute"},"schema":{"@context":"https:\/\/schema.org","@graph":[{"@type":"WebPage","@id":"https:\/\/ultraviolet.work\/_optionb\/project\/mad-brussels\/","url":"https:\/\/ultraviolet.work\/_optionb\/project\/mad-brussels\/","name":"MAD Brussels - Option-B","isPartOf":{"@id":"https:\/\/ultraviolet.work\/_optionb\/#website"},"primaryImageOfPage":{"@id":"https:\/\/ultraviolet.work\/_optionb\/project\/mad-brussels\/#primaryimage"},"image":{"@id":"https:\/\/ultraviolet.work\/_optionb\/project\/mad-brussels\/#primaryimage"},"thumbnailUrl":"https:\/\/ultraviolet.work\/_optionb\/wp-content\/uploads\/2022\/09\/mad-brussels-600.jpg","datePublished":"2022-09-14T07:48:38+00:00","breadcrumb":{"@id":"https:\/\/ultraviolet.work\/_optionb\/project\/mad-brussels\/#breadcrumb"},"inLanguage":"fr-FR","potentialAction":[{"@type":"ReadAction","target":["https:\/\/ultraviolet.work\/_optionb\/project\/mad-brussels\/"]}]},{"@type":"ImageObject","inLanguage":"fr-FR","@id":"https:\/\/ultraviolet.work\/_optionb\/project\/mad-brussels\/#primaryimage","url":"https:\/\/ultraviolet.work\/_optionb\/wp-content\/uploads\/2022\/09\/mad-brussels-600.jpg","contentUrl":"https:\/\/ultraviolet.work\/_optionb\/wp-content\/uploads\/2022\/09\/mad-brussels-600.jpg","width":600,"height":422},{"@type":"BreadcrumbList","@id":"https:\/\/ultraviolet.work\/_optionb\/project\/mad-brussels\/#breadcrumb","itemListElement":[{"@type":"ListItem","position":1,"name":"Accueil","item":"https:\/\/ultraviolet.work\/_optionb\/"},{"@type":"ListItem","position":2,"name":"Projets","item":"https:\/\/ultraviolet.work\/_optionb\/project\/"},{"@type":"ListItem","position":3,"name":"MAD Brussels"}]},{"@type":"WebSite","@id":"https:\/\/ultraviolet.work\/_optionb\/#website","url":"https:\/\/ultraviolet.work\/_optionb\/","name":"Option-B","description":"","publisher":{"@id":"https:\/\/ultraviolet.work\/_optionb\/#organization"},"potentialAction":[{"@type":"SearchAction","target":{"@type":"EntryPoint","urlTemplate":"https:\/\/ultraviolet.work\/_optionb\/?s={search_term_string}"},"query-input":{"@type":"PropertyValueSpecification","valueRequired":true,"valueName":"search_term_string"}}],"inLanguage":"fr-FR"},{"@type":"Organization","@id":"https:\/\/ultraviolet.work\/_optionb\/#organization","name":"Option-B","url":"https:\/\/ultraviolet.work\/_optionb\/","logo":{"@type":"ImageObject","inLanguage":"fr-FR","@id":"https:\/\/ultraviolet.work\/_optionb\/#\/schema\/logo\/image\/","url":"https:\/\/ultraviolet.work\/_optionb\/wp-content\/uploads\/2022\/02\/OptionB-B-gen-gris.png","contentUrl":"https:\/\/ultraviolet.work\/_optionb\/wp-content\/uploads\/2022\/02\/OptionB-B-gen-gris.png","width":512,"height":512,"caption":"Option-B"},"image":{"@id":"https:\/\/ultraviolet.work\/_optionb\/#\/schema\/logo\/image\/"}}]}},"_links":{"self":[{"href":"https:\/\/ultraviolet.work\/_optionb\/wp-json\/wp\/v2\/project\/21391","targetHints":{"allow":["GET"]}}],"collection":[{"href":"https:\/\/ultraviolet.work\/_optionb\/wp-json\/wp\/v2\/project"}],"about":[{"href":"https:\/\/ultraviolet.work\/_optionb\/wp-json\/wp\/v2\/types\/project"}],"author":[{"embeddable":true,"href":"https:\/\/ultraviolet.work\/_optionb\/wp-json\/wp\/v2\/users\/1"}],"replies":[{"embeddable":true,"href":"https:\/\/ultraviolet.work\/_optionb\/wp-json\/wp\/v2\/comments?post=21391"}],"version-history":[{"count":0,"href":"https:\/\/ultraviolet.work\/_optionb\/wp-json\/wp\/v2\/project\/21391\/revisions"}],"wp:featuredmedia":[{"embeddable":true,"href":"https:\/\/ultraviolet.work\/_optionb\/wp-json\/wp\/v2\/media\/21253"}],"wp:attachment":[{"href":"https:\/\/ultraviolet.work\/_optionb\/wp-json\/wp\/v2\/media?parent=21391"}],"wp:term":[{"taxonomy":"project_category","embeddable":true,"href":"https:\/\/ultraviolet.work\/_optionb\/wp-json\/wp\/v2\/project_category?post=21391"},{"taxonomy":"project_tag","embeddable":true,"href":"https:\/\/ultraviolet.work\/_optionb\/wp-json\/wp\/v2\/project_tag?post=21391"},{"taxonomy":"wf_project_folders","embeddable":true,"href":"https:\/\/ultraviolet.work\/_optionb\/wp-json\/wp\/v2\/wf_project_folders?post=21391"}],"curies":[{"name":"wp","href":"https:\/\/api.w.org\/{rel}","templated":true}]}}

<h2>MAD Brussels</h2>
<h5></h5>
<h4>Pl. du Nouveau Marché aux Grains 10, 1000 Bruxelles</h4>
<h6><a href="https://mad.brussels/fr" target="_blank" rel="noopener">https://mad.brussels/fr</a></h6>
<p>MAD Brussels est la plateforme bruxelloise d’expertise dans les secteurs de la Mode et du Design. Elle s’emploie à renforcer la promotion, à accompagner le développement des stylistes et designers bruxellois et à accroître leur rayonnement (inter )national.<br />
L’ouverture en avril 2017 du nouveau bâtiment entièrement blanc a marqué une renaissance pour l’asbl, qui dans ce lieu unique multiplie et combine ses actions. Il héberge le centre de ressources pour les professionnels des industries créatives aux filières de métiers dérivées, des espaces de travail polyvalents, lieux de rencontres, d’accueil de créateurs, d’ateliers, de séminaires, ainsi qu’un grand espace dédié aux activités publiques où sont organisées chaque année de multiples évènements: expositions, défilés, performances artistiques,…</p>

<p>MAD Brussels Pl. du Nouveau Marché aux Grains 10, 1000 Bruxelles https://mad.brussels/fr MAD Brussels est la plateforme bruxelloise d’expertise dans les secteurs de la Mode et du Design. Elle s’emploie à renforcer la promotion, à accompagner le développement des stylistes et designers bruxellois et à accroître leur rayonnement (inter )national. L’ouverture en avril 2017 du [&hellip;]</p>

<!-- This site is optimized with the Yoast SEO plugin v27.5 - https://yoast.com/product/yoast-seo-wordpress/ -->
<title>MAD Brussels - Option-B</title>
<meta name="robots" content="noindex, follow" />
<meta property="og:locale" content="fr_FR" />
<meta property="og:type" content="article" />
<meta property="og:title" content="MAD Brussels - Option-B" />
<meta property="og:description" content="MAD Brussels Pl. du Nouveau Marché aux Grains 10, 1000 Bruxelles https://mad.brussels/fr MAD Brussels est la plateforme bruxelloise d’expertise dans les secteurs de la Mode et du Design. Elle s’emploie à renforcer la promotion, à accompagner le développement des stylistes et designers bruxellois et à accroître leur rayonnement (inter )national. L’ouverture en avril 2017 du [&hellip;]" />
<meta property="og:url" content="https://ultraviolet.work/_optionb/project/mad-brussels/" />
<meta property="og:site_name" content="Option-B" />
<meta property="og:image" content="https://ultraviolet.work/_optionb/wp-content/uploads/2022/09/mad-brussels-600.jpg" />
	<meta property="og:image:width" content="600" />
	<meta property="og:image:height" content="422" />
	<meta property="og:image:type" content="image/jpeg" />
<meta name="twitter:card" content="summary_large_image" />
<meta name="twitter:label1" content="Durée de lecture estimée" />
	<meta name="twitter:data1" content="1 minute" />
<script type="application/ld+json" class="yoast-schema-graph">{"@context":"https:\/\/schema.org","@graph":[{"@type":"WebPage","@id":"https:\/\/ultraviolet.work\/_optionb\/project\/mad-brussels\/","url":"https:\/\/ultraviolet.work\/_optionb\/project\/mad-brussels\/","name":"MAD Brussels - Option-B","isPartOf":{"@id":"https:\/\/ultraviolet.work\/_optionb\/#website"},"primaryImageOfPage":{"@id":"https:\/\/ultraviolet.work\/_optionb\/project\/mad-brussels\/#primaryimage"},"image":{"@id":"https:\/\/ultraviolet.work\/_optionb\/project\/mad-brussels\/#primaryimage"},"thumbnailUrl":"https:\/\/ultraviolet.work\/_optionb\/wp-content\/uploads\/2022\/09\/mad-brussels-600.jpg","datePublished":"2022-09-14T07:48:38+00:00","breadcrumb":{"@id":"https:\/\/ultraviolet.work\/_optionb\/project\/mad-brussels\/#breadcrumb"},"inLanguage":"fr-FR","potentialAction":[{"@type":"ReadAction","target":["https:\/\/ultraviolet.work\/_optionb\/project\/mad-brussels\/"]}]},{"@type":"ImageObject","inLanguage":"fr-FR","@id":"https:\/\/ultraviolet.work\/_optionb\/project\/mad-brussels\/#primaryimage","url":"https:\/\/ultraviolet.work\/_optionb\/wp-content\/uploads\/2022\/09\/mad-brussels-600.jpg","contentUrl":"https:\/\/ultraviolet.work\/_optionb\/wp-content\/uploads\/2022\/09\/mad-brussels-600.jpg","width":600,"height":422},{"@type":"BreadcrumbList","@id":"https:\/\/ultraviolet.work\/_optionb\/project\/mad-brussels\/#breadcrumb","itemListElement":[{"@type":"ListItem","position":1,"name":"Accueil","item":"https:\/\/ultraviolet.work\/_optionb\/"},{"@type":"ListItem","position":2,"name":"Projets","item":"https:\/\/ultraviolet.work\/_optionb\/project\/"},{"@type":"ListItem","position":3,"name":"MAD Brussels"}]},{"@type":"WebSite","@id":"https:\/\/ultraviolet.work\/_optionb\/#website","url":"https:\/\/ultraviolet.work\/_optionb\/","name":"Option-B","description":"","publisher":{"@id":"https:\/\/ultraviolet.work\/_optionb\/#organization"},"potentialAction":[{"@type":"SearchAction","target":{"@type":"EntryPoint","urlTemplate":"https:\/\/ultraviolet.work\/_optionb\/?s={search_term_string}"},"query-input":{"@type":"PropertyValueSpecification","valueRequired":true,"valueName":"search_term_string"}}],"inLanguage":"fr-FR"},{"@type":"Organization","@id":"https:\/\/ultraviolet.work\/_optionb\/#organization","name":"Option-B","url":"https:\/\/ultraviolet.work\/_optionb\/","logo":{"@type":"ImageObject","inLanguage":"fr-FR","@id":"https:\/\/ultraviolet.work\/_optionb\/#\/schema\/logo\/image\/","url":"https:\/\/ultraviolet.work\/_optionb\/wp-content\/uploads\/2022\/02\/OptionB-B-gen-gris.png","contentUrl":"https:\/\/ultraviolet.work\/_optionb\/wp-content\/uploads\/2022\/02\/OptionB-B-gen-gris.png","width":512,"height":512,"caption":"Option-B"},"image":{"@id":"https:\/\/ultraviolet.work\/_optionb\/#\/schema\/logo\/image\/"}}]}</script>
<!-- / Yoast SEO plugin. -->

MAD Brussels Pl. du Nouveau Marché aux Grains 10, 1000 Bruxelles https://mad.brussels/fr MAD Brussels est la plateforme bruxelloise d’expertise dans les secteurs de la Mode et du Design. Elle s’emploie à renforcer la promotion, à accompagner le développement des stylistes et designers bruxellois et à accroître leur rayonnement (inter )national. L’ouverture en avril 2017 du [&hellip;]
