{"id":21427,"date":"2022-09-14T09:49:57","date_gmt":"2022-09-14T07:49:57","guid":{"rendered":"https:\/\/ultraviolet.work\/_optionb\/project\/fragments-du-mur-de-berlin\/"},"modified":"2022-09-14T09:49:57","modified_gmt":"2022-09-14T07:49:57","slug":"fragments-du-mur-de-berlin","status":"publish","type":"project","link":"https:\/\/ultraviolet.work\/_optionb\/project\/fragments-du-mur-de-berlin\/","title":{"rendered":"Fragments du Mur de Berlin"},"content":{"rendered":"<h2>Fragments du Mur de Berlin<\/h2>\n<h5><\/h5>\n<h4>Rue Wiertz 60, 1047 Bruxelles<\/h4>\n<h6><a href=\"\" target=\"_blank\" rel=\"noopener\"><\/a><\/h6>\n<p>Quatre pans originaux du mur de Berlin se trouvent sur le territoire bruxellois. Deux d&rsquo;entre eux interpellent le passant pr\u00e8s de l\u2019entr\u00e9e du Parlement europ\u00e9en, du c\u00f4t\u00e9 du parc L\u00e9opold. Ils s\u2019y dressent depuis 2021, chacun dans une structure de verre, cons\u00e9quence d\u2019un projet de conservation coorganis\u00e9 par l&rsquo;\u00c9tat belge, la R\u00e9gion de Bruxelles-Capitale et le Parlement europ\u00e9en.<\/p>\n","protected":false},"excerpt":{"rendered":"<p>Fragments du Mur de Berlin Rue Wiertz 60, 1047 Bruxelles Quatre pans originaux du mur de Berlin se trouvent sur le territoire bruxellois. Deux d&rsquo;entre eux interpellent le passant pr\u00e8s de l\u2019entr\u00e9e du Parlement europ\u00e9en, du c\u00f4t\u00e9 du parc L\u00e9opold. Ils s\u2019y dressent depuis 2021, chacun dans une structure de verre, cons\u00e9quence d\u2019un projet de [&hellip;]<\/p>\n","protected":false},"author":1,"featured_media":21265,"comment_status":"closed","ping_status":"closed","template":"","meta":{"_et_pb_use_builder":"","_et_pb_old_content":"","_et_gb_content_width":"","inline_featured_image":false,"footnotes":""},"project_category":[1410],"project_tag":[],"wf_project_folders":[1420],"class_list":["post-21427","project","type-project","status-publish","has-post-thumbnail","hentry","project_category-urban-design-architecture"],"yoast_head":"<!-- This site is optimized with the Yoast SEO plugin v27.5 - https:\/\/yoast.com\/product\/yoast-seo-wordpress\/ -->\n<title>Fragments du Mur de Berlin - Option-B<\/title>\n<meta name=\"robots\" content=\"noindex, follow\" \/>\n<meta property=\"og:locale\" content=\"fr_FR\" \/>\n<meta property=\"og:type\" content=\"article\" \/>\n<meta property=\"og:title\" content=\"Fragments du Mur de Berlin - Option-B\" \/>\n<meta property=\"og:description\" content=\"Fragments du Mur de Berlin Rue Wiertz 60, 1047 Bruxelles Quatre pans originaux du mur de Berlin se trouvent sur le territoire bruxellois. Deux d&rsquo;entre eux interpellent le passant pr\u00e8s de l\u2019entr\u00e9e du Parlement europ\u00e9en, du c\u00f4t\u00e9 du parc L\u00e9opold. Ils s\u2019y dressent depuis 2021, chacun dans une structure de verre, cons\u00e9quence d\u2019un projet de [&hellip;]\" \/>\n<meta property=\"og:url\" content=\"https:\/\/ultraviolet.work\/_optionb\/project\/fragments-du-mur-de-berlin\/\" \/>\n<meta property=\"og:site_name\" content=\"Option-B\" \/>\n<meta property=\"og:image\" content=\"https:\/\/ultraviolet.work\/_optionb\/wp-content\/uploads\/2022\/09\/mur-de-berlin-600.jpg\" \/>\n\t<meta property=\"og:image:width\" content=\"600\" \/>\n\t<meta property=\"og:image:height\" content=\"464\" \/>\n\t<meta property=\"og:image:type\" content=\"image\/jpeg\" \/>\n<meta name=\"twitter:card\" content=\"summary_large_image\" \/>\n<script type=\"application\/ld+json\" class=\"yoast-schema-graph\">{\"@context\":\"https:\\\/\\\/schema.org\",\"@graph\":[{\"@type\":\"WebPage\",\"@id\":\"https:\\\/\\\/ultraviolet.work\\\/_optionb\\\/project\\\/fragments-du-mur-de-berlin\\\/\",\"url\":\"https:\\\/\\\/ultraviolet.work\\\/_optionb\\\/project\\\/fragments-du-mur-de-berlin\\\/\",\"name\":\"Fragments du Mur de Berlin - Option-B\",\"isPartOf\":{\"@id\":\"https:\\\/\\\/ultraviolet.work\\\/_optionb\\\/#website\"},\"primaryImageOfPage\":{\"@id\":\"https:\\\/\\\/ultraviolet.work\\\/_optionb\\\/project\\\/fragments-du-mur-de-berlin\\\/#primaryimage\"},\"image\":{\"@id\":\"https:\\\/\\\/ultraviolet.work\\\/_optionb\\\/project\\\/fragments-du-mur-de-berlin\\\/#primaryimage\"},\"thumbnailUrl\":\"https:\\\/\\\/ultraviolet.work\\\/_optionb\\\/wp-content\\\/uploads\\\/2022\\\/09\\\/mur-de-berlin-600.jpg\",\"datePublished\":\"2022-09-14T07:49:57+00:00\",\"breadcrumb\":{\"@id\":\"https:\\\/\\\/ultraviolet.work\\\/_optionb\\\/project\\\/fragments-du-mur-de-berlin\\\/#breadcrumb\"},\"inLanguage\":\"fr-FR\",\"potentialAction\":[{\"@type\":\"ReadAction\",\"target\":[\"https:\\\/\\\/ultraviolet.work\\\/_optionb\\\/project\\\/fragments-du-mur-de-berlin\\\/\"]}]},{\"@type\":\"ImageObject\",\"inLanguage\":\"fr-FR\",\"@id\":\"https:\\\/\\\/ultraviolet.work\\\/_optionb\\\/project\\\/fragments-du-mur-de-berlin\\\/#primaryimage\",\"url\":\"https:\\\/\\\/ultraviolet.work\\\/_optionb\\\/wp-content\\\/uploads\\\/2022\\\/09\\\/mur-de-berlin-600.jpg\",\"contentUrl\":\"https:\\\/\\\/ultraviolet.work\\\/_optionb\\\/wp-content\\\/uploads\\\/2022\\\/09\\\/mur-de-berlin-600.jpg\",\"width\":600,\"height\":464},{\"@type\":\"BreadcrumbList\",\"@id\":\"https:\\\/\\\/ultraviolet.work\\\/_optionb\\\/project\\\/fragments-du-mur-de-berlin\\\/#breadcrumb\",\"itemListElement\":[{\"@type\":\"ListItem\",\"position\":1,\"name\":\"Accueil\",\"item\":\"https:\\\/\\\/ultraviolet.work\\\/_optionb\\\/\"},{\"@type\":\"ListItem\",\"position\":2,\"name\":\"Projets\",\"item\":\"https:\\\/\\\/ultraviolet.work\\\/_optionb\\\/project\\\/\"},{\"@type\":\"ListItem\",\"position\":3,\"name\":\"Fragments du Mur de Berlin\"}]},{\"@type\":\"WebSite\",\"@id\":\"https:\\\/\\\/ultraviolet.work\\\/_optionb\\\/#website\",\"url\":\"https:\\\/\\\/ultraviolet.work\\\/_optionb\\\/\",\"name\":\"Option-B\",\"description\":\"\",\"publisher\":{\"@id\":\"https:\\\/\\\/ultraviolet.work\\\/_optionb\\\/#organization\"},\"potentialAction\":[{\"@type\":\"SearchAction\",\"target\":{\"@type\":\"EntryPoint\",\"urlTemplate\":\"https:\\\/\\\/ultraviolet.work\\\/_optionb\\\/?s={search_term_string}\"},\"query-input\":{\"@type\":\"PropertyValueSpecification\",\"valueRequired\":true,\"valueName\":\"search_term_string\"}}],\"inLanguage\":\"fr-FR\"},{\"@type\":\"Organization\",\"@id\":\"https:\\\/\\\/ultraviolet.work\\\/_optionb\\\/#organization\",\"name\":\"Option-B\",\"url\":\"https:\\\/\\\/ultraviolet.work\\\/_optionb\\\/\",\"logo\":{\"@type\":\"ImageObject\",\"inLanguage\":\"fr-FR\",\"@id\":\"https:\\\/\\\/ultraviolet.work\\\/_optionb\\\/#\\\/schema\\\/logo\\\/image\\\/\",\"url\":\"https:\\\/\\\/ultraviolet.work\\\/_optionb\\\/wp-content\\\/uploads\\\/2022\\\/02\\\/OptionB-B-gen-gris.png\",\"contentUrl\":\"https:\\\/\\\/ultraviolet.work\\\/_optionb\\\/wp-content\\\/uploads\\\/2022\\\/02\\\/OptionB-B-gen-gris.png\",\"width\":512,\"height\":512,\"caption\":\"Option-B\"},\"image\":{\"@id\":\"https:\\\/\\\/ultraviolet.work\\\/_optionb\\\/#\\\/schema\\\/logo\\\/image\\\/\"}}]}<\/script>\n<!-- \/ Yoast SEO plugin. -->","yoast_head_json":{"title":"Fragments du Mur de Berlin - Option-B","robots":{"index":"noindex","follow":"follow"},"og_locale":"fr_FR","og_type":"article","og_title":"Fragments du Mur de Berlin - Option-B","og_description":"Fragments du Mur de Berlin Rue Wiertz 60, 1047 Bruxelles Quatre pans originaux du mur de Berlin se trouvent sur le territoire bruxellois. Deux d&rsquo;entre eux interpellent le passant pr\u00e8s de l\u2019entr\u00e9e du Parlement europ\u00e9en, du c\u00f4t\u00e9 du parc L\u00e9opold. Ils s\u2019y dressent depuis 2021, chacun dans une structure de verre, cons\u00e9quence d\u2019un projet de [&hellip;]","og_url":"https:\/\/ultraviolet.work\/_optionb\/project\/fragments-du-mur-de-berlin\/","og_site_name":"Option-B","og_image":[{"width":600,"height":464,"url":"https:\/\/ultraviolet.work\/_optionb\/wp-content\/uploads\/2022\/09\/mur-de-berlin-600.jpg","type":"image\/jpeg"}],"twitter_card":"summary_large_image","schema":{"@context":"https:\/\/schema.org","@graph":[{"@type":"WebPage","@id":"https:\/\/ultraviolet.work\/_optionb\/project\/fragments-du-mur-de-berlin\/","url":"https:\/\/ultraviolet.work\/_optionb\/project\/fragments-du-mur-de-berlin\/","name":"Fragments du Mur de Berlin - Option-B","isPartOf":{"@id":"https:\/\/ultraviolet.work\/_optionb\/#website"},"primaryImageOfPage":{"@id":"https:\/\/ultraviolet.work\/_optionb\/project\/fragments-du-mur-de-berlin\/#primaryimage"},"image":{"@id":"https:\/\/ultraviolet.work\/_optionb\/project\/fragments-du-mur-de-berlin\/#primaryimage"},"thumbnailUrl":"https:\/\/ultraviolet.work\/_optionb\/wp-content\/uploads\/2022\/09\/mur-de-berlin-600.jpg","datePublished":"2022-09-14T07:49:57+00:00","breadcrumb":{"@id":"https:\/\/ultraviolet.work\/_optionb\/project\/fragments-du-mur-de-berlin\/#breadcrumb"},"inLanguage":"fr-FR","potentialAction":[{"@type":"ReadAction","target":["https:\/\/ultraviolet.work\/_optionb\/project\/fragments-du-mur-de-berlin\/"]}]},{"@type":"ImageObject","inLanguage":"fr-FR","@id":"https:\/\/ultraviolet.work\/_optionb\/project\/fragments-du-mur-de-berlin\/#primaryimage","url":"https:\/\/ultraviolet.work\/_optionb\/wp-content\/uploads\/2022\/09\/mur-de-berlin-600.jpg","contentUrl":"https:\/\/ultraviolet.work\/_optionb\/wp-content\/uploads\/2022\/09\/mur-de-berlin-600.jpg","width":600,"height":464},{"@type":"BreadcrumbList","@id":"https:\/\/ultraviolet.work\/_optionb\/project\/fragments-du-mur-de-berlin\/#breadcrumb","itemListElement":[{"@type":"ListItem","position":1,"name":"Accueil","item":"https:\/\/ultraviolet.work\/_optionb\/"},{"@type":"ListItem","position":2,"name":"Projets","item":"https:\/\/ultraviolet.work\/_optionb\/project\/"},{"@type":"ListItem","position":3,"name":"Fragments du Mur de Berlin"}]},{"@type":"WebSite","@id":"https:\/\/ultraviolet.work\/_optionb\/#website","url":"https:\/\/ultraviolet.work\/_optionb\/","name":"Option-B","description":"","publisher":{"@id":"https:\/\/ultraviolet.work\/_optionb\/#organization"},"potentialAction":[{"@type":"SearchAction","target":{"@type":"EntryPoint","urlTemplate":"https:\/\/ultraviolet.work\/_optionb\/?s={search_term_string}"},"query-input":{"@type":"PropertyValueSpecification","valueRequired":true,"valueName":"search_term_string"}}],"inLanguage":"fr-FR"},{"@type":"Organization","@id":"https:\/\/ultraviolet.work\/_optionb\/#organization","name":"Option-B","url":"https:\/\/ultraviolet.work\/_optionb\/","logo":{"@type":"ImageObject","inLanguage":"fr-FR","@id":"https:\/\/ultraviolet.work\/_optionb\/#\/schema\/logo\/image\/","url":"https:\/\/ultraviolet.work\/_optionb\/wp-content\/uploads\/2022\/02\/OptionB-B-gen-gris.png","contentUrl":"https:\/\/ultraviolet.work\/_optionb\/wp-content\/uploads\/2022\/02\/OptionB-B-gen-gris.png","width":512,"height":512,"caption":"Option-B"},"image":{"@id":"https:\/\/ultraviolet.work\/_optionb\/#\/schema\/logo\/image\/"}}]}},"_links":{"self":[{"href":"https:\/\/ultraviolet.work\/_optionb\/wp-json\/wp\/v2\/project\/21427","targetHints":{"allow":["GET"]}}],"collection":[{"href":"https:\/\/ultraviolet.work\/_optionb\/wp-json\/wp\/v2\/project"}],"about":[{"href":"https:\/\/ultraviolet.work\/_optionb\/wp-json\/wp\/v2\/types\/project"}],"author":[{"embeddable":true,"href":"https:\/\/ultraviolet.work\/_optionb\/wp-json\/wp\/v2\/users\/1"}],"replies":[{"embeddable":true,"href":"https:\/\/ultraviolet.work\/_optionb\/wp-json\/wp\/v2\/comments?post=21427"}],"version-history":[{"count":0,"href":"https:\/\/ultraviolet.work\/_optionb\/wp-json\/wp\/v2\/project\/21427\/revisions"}],"wp:featuredmedia":[{"embeddable":true,"href":"https:\/\/ultraviolet.work\/_optionb\/wp-json\/wp\/v2\/media\/21265"}],"wp:attachment":[{"href":"https:\/\/ultraviolet.work\/_optionb\/wp-json\/wp\/v2\/media?parent=21427"}],"wp:term":[{"taxonomy":"project_category","embeddable":true,"href":"https:\/\/ultraviolet.work\/_optionb\/wp-json\/wp\/v2\/project_category?post=21427"},{"taxonomy":"project_tag","embeddable":true,"href":"https:\/\/ultraviolet.work\/_optionb\/wp-json\/wp\/v2\/project_tag?post=21427"},{"taxonomy":"wf_project_folders","embeddable":true,"href":"https:\/\/ultraviolet.work\/_optionb\/wp-json\/wp\/v2\/wf_project_folders?post=21427"}],"curies":[{"name":"wp","href":"https:\/\/api.w.org\/{rel}","templated":true}]}}

<h2>Fragments du Mur de Berlin</h2>
<h5></h5>
<h4>Rue Wiertz 60, 1047 Bruxelles</h4>
<h6><a href="" target="_blank" rel="noopener"></a></h6>
<p>Quatre pans originaux du mur de Berlin se trouvent sur le territoire bruxellois. Deux d&rsquo;entre eux interpellent le passant près de l’entrée du Parlement européen, du côté du parc Léopold. Ils s’y dressent depuis 2021, chacun dans une structure de verre, conséquence d’un projet de conservation coorganisé par l&rsquo;État belge, la Région de Bruxelles-Capitale et le Parlement européen.</p>

<p>Fragments du Mur de Berlin Rue Wiertz 60, 1047 Bruxelles Quatre pans originaux du mur de Berlin se trouvent sur le territoire bruxellois. Deux d&rsquo;entre eux interpellent le passant près de l’entrée du Parlement européen, du côté du parc Léopold. Ils s’y dressent depuis 2021, chacun dans une structure de verre, conséquence d’un projet de [&hellip;]</p>

<!-- This site is optimized with the Yoast SEO plugin v27.5 - https://yoast.com/product/yoast-seo-wordpress/ -->
<title>Fragments du Mur de Berlin - Option-B</title>
<meta name="robots" content="noindex, follow" />
<meta property="og:locale" content="fr_FR" />
<meta property="og:type" content="article" />
<meta property="og:title" content="Fragments du Mur de Berlin - Option-B" />
<meta property="og:description" content="Fragments du Mur de Berlin Rue Wiertz 60, 1047 Bruxelles Quatre pans originaux du mur de Berlin se trouvent sur le territoire bruxellois. Deux d&rsquo;entre eux interpellent le passant près de l’entrée du Parlement européen, du côté du parc Léopold. Ils s’y dressent depuis 2021, chacun dans une structure de verre, conséquence d’un projet de [&hellip;]" />
<meta property="og:url" content="https://ultraviolet.work/_optionb/project/fragments-du-mur-de-berlin/" />
<meta property="og:site_name" content="Option-B" />
<meta property="og:image" content="https://ultraviolet.work/_optionb/wp-content/uploads/2022/09/mur-de-berlin-600.jpg" />
	<meta property="og:image:width" content="600" />
	<meta property="og:image:height" content="464" />
	<meta property="og:image:type" content="image/jpeg" />
<meta name="twitter:card" content="summary_large_image" />
<script type="application/ld+json" class="yoast-schema-graph">{"@context":"https:\/\/schema.org","@graph":[{"@type":"WebPage","@id":"https:\/\/ultraviolet.work\/_optionb\/project\/fragments-du-mur-de-berlin\/","url":"https:\/\/ultraviolet.work\/_optionb\/project\/fragments-du-mur-de-berlin\/","name":"Fragments du Mur de Berlin - Option-B","isPartOf":{"@id":"https:\/\/ultraviolet.work\/_optionb\/#website"},"primaryImageOfPage":{"@id":"https:\/\/ultraviolet.work\/_optionb\/project\/fragments-du-mur-de-berlin\/#primaryimage"},"image":{"@id":"https:\/\/ultraviolet.work\/_optionb\/project\/fragments-du-mur-de-berlin\/#primaryimage"},"thumbnailUrl":"https:\/\/ultraviolet.work\/_optionb\/wp-content\/uploads\/2022\/09\/mur-de-berlin-600.jpg","datePublished":"2022-09-14T07:49:57+00:00","breadcrumb":{"@id":"https:\/\/ultraviolet.work\/_optionb\/project\/fragments-du-mur-de-berlin\/#breadcrumb"},"inLanguage":"fr-FR","potentialAction":[{"@type":"ReadAction","target":["https:\/\/ultraviolet.work\/_optionb\/project\/fragments-du-mur-de-berlin\/"]}]},{"@type":"ImageObject","inLanguage":"fr-FR","@id":"https:\/\/ultraviolet.work\/_optionb\/project\/fragments-du-mur-de-berlin\/#primaryimage","url":"https:\/\/ultraviolet.work\/_optionb\/wp-content\/uploads\/2022\/09\/mur-de-berlin-600.jpg","contentUrl":"https:\/\/ultraviolet.work\/_optionb\/wp-content\/uploads\/2022\/09\/mur-de-berlin-600.jpg","width":600,"height":464},{"@type":"BreadcrumbList","@id":"https:\/\/ultraviolet.work\/_optionb\/project\/fragments-du-mur-de-berlin\/#breadcrumb","itemListElement":[{"@type":"ListItem","position":1,"name":"Accueil","item":"https:\/\/ultraviolet.work\/_optionb\/"},{"@type":"ListItem","position":2,"name":"Projets","item":"https:\/\/ultraviolet.work\/_optionb\/project\/"},{"@type":"ListItem","position":3,"name":"Fragments du Mur de Berlin"}]},{"@type":"WebSite","@id":"https:\/\/ultraviolet.work\/_optionb\/#website","url":"https:\/\/ultraviolet.work\/_optionb\/","name":"Option-B","description":"","publisher":{"@id":"https:\/\/ultraviolet.work\/_optionb\/#organization"},"potentialAction":[{"@type":"SearchAction","target":{"@type":"EntryPoint","urlTemplate":"https:\/\/ultraviolet.work\/_optionb\/?s={search_term_string}"},"query-input":{"@type":"PropertyValueSpecification","valueRequired":true,"valueName":"search_term_string"}}],"inLanguage":"fr-FR"},{"@type":"Organization","@id":"https:\/\/ultraviolet.work\/_optionb\/#organization","name":"Option-B","url":"https:\/\/ultraviolet.work\/_optionb\/","logo":{"@type":"ImageObject","inLanguage":"fr-FR","@id":"https:\/\/ultraviolet.work\/_optionb\/#\/schema\/logo\/image\/","url":"https:\/\/ultraviolet.work\/_optionb\/wp-content\/uploads\/2022\/02\/OptionB-B-gen-gris.png","contentUrl":"https:\/\/ultraviolet.work\/_optionb\/wp-content\/uploads\/2022\/02\/OptionB-B-gen-gris.png","width":512,"height":512,"caption":"Option-B"},"image":{"@id":"https:\/\/ultraviolet.work\/_optionb\/#\/schema\/logo\/image\/"}}]}</script>
<!-- / Yoast SEO plugin. -->

Fragments du Mur de Berlin Rue Wiertz 60, 1047 Bruxelles Quatre pans originaux du mur de Berlin se trouvent sur le territoire bruxellois. Deux d&rsquo;entre eux interpellent le passant près de l’entrée du Parlement européen, du côté du parc Léopold. Ils s’y dressent depuis 2021, chacun dans une structure de verre, conséquence d’un projet de [&hellip;]
